251
CXUS55 KPUB 011915
CF6LHX
PRELIMINARY LOCAL CLIMATOLOGICAL DATA (WS FORM: F-6)
STATION: LA JUNTA CO
MONTH: JULY
YEAR: 2020
LATITUDE: 38 2 N
LONGITUDE: 103 31 W
TEMPERATURE IN F: :PCPN: SNOW: WIND :SUNSHINE: SKY :PK WND
================================================================================
1 2 3 4 5 6A 6B 7 8 9 10 11 12 13 14 15 16 17 18
12Z AVG MX 2MIN
DY MAX MIN AVG DEP HDD CDD WTR SNW DPTH SPD SPD DIR MIN PSBL S-S WX SPD DR
================================================================================
1 93 56 75 -2 0 10 0.00 M M 9.7 25 110 M M 0 32 110
2 100 65 83 6 0 18 0.00 M M 12.7 38 150 M M 1 18 47 150
3 98 58 78 0 0 13 0.00 M M 12.7 32 170 M M 1 45 160
4 94 63 79 1 0 14 1.08 M M 12.2 40 290 M M 3 1 56 240
5 85 63 74 -4 0 9 0.00 M M 8.2 16 120 M M 2 24 130
6 94 63 79 1 0 14 0.00 M M 8.1 18 130 M M 0 25 110
7 101 63 82 4 0 17 0.00 M M 12.3 43 160 M M 0 8 52 160
8 104 72 88 10 0 23 0.00 M M 10.8 20 80 M M 0 28 80
9 96 68 82 4 0 17 0.00 M M 13.5 29 110 M M 0 37 120
10 98 71 85 7 0 20 0.00 M M 9.3 21 80 M M 3 27 80
11 100 68 84 5 0 19 0.00 M M 12.6 28 20 M M 0 34 20
12 100 69 85 6 0 20 T M M 11.4 43 330 M M 1 8 61 340
13 102 64 83 4 0 18 0.00 M M 7.9 32 330 M M 0 45 340
14 93 65 79 0 0 14 0.38 M M 11.4 40 340 M M 2 18 52 330
15 87 62 75 -4 0 10 0.25 M M 12.8 54 270 M M 2 12 69 260
16 91 62 77 -2 0 12 T 0.0 0 7.2 30 170 M M 1 40 160
17 99 69 84 5 0 19 0.00 0.0 0 10.1 29 270 M M 1 40 280
18 99 68 84 5 0 19 0.00 0.0 0 10.0 20 230 M M 0 26 250
19 93 68 81 2 0 16 0.00 0.0 0 9.0 44 10 M M 0 58 20
20 95 63 79 0 0 14 0.00 M M 9.7 35 50 M M 0 48 50
21 94 63 79 0 0 14 0.00 M M 12.4 23 140 M M 1 8 33 70
22 99 61 80 1 0 15 0.00 M M 9.4 24 160 M M 0 31 160
23 97 68 83 4 0 18 T M M 9.7 28 190 M M 1 37 180
24 97 72 85 6 0 20 0.01 M M 10.7 33 240 M M 1 44 240
25 97 68 83 5 0 18 0.01 M M 8.4 25 290 M M 2 38 10
26 91 69 80 2 0 15 T M M 9.2 35 340 M M 3 45 350
27 78 66 72 -6 0 7 1.27 M M 7.2 21 20 M M 5 1 27 30
28 86 62 74 -4 0 9 0.14 M M 8.2 24 30 M M 4 128 30 30
29 97 64 81 3 0 16 0.00 M M 10.3 32 280 M M 1 48 260
30 89 62 76 -2 0 11 0.00 M M 11.1 28 40 M M 1 36 50
31 88 59 74 -4 0 9 T M M 6.2 12 130 M M 1 18 120
================================================================================
SM 2935 2014 0 468 3.14 0.0 314.4 M 37
================================================================================
AV 94.7 65.0 10.1 FASTST M M 1 MAX(MPH)
MISC ----> 54 270 69 260
================================================================================
NOTES:
COLUMN 7; USED BACKUP SITE 05-4724 FOR PRECIPITATION ON 07/26 AND 07/27 DUE TO
TIPPING BUCKET FAILURE.
COLUMN 17 PEAK WIND IN M.P.H.
PRELIMINARY LOCAL CLIMATOLOGICAL DATA (WS FORM: F-6) , PAGE 2
STATION: LA JUNTA CO
MONTH: JULY
YEAR: 2020
LATITUDE: 38 2 N
LONGITUDE: 103 31 W
[TEMPERATURE DATA] [PRECIPITATION DATA] SYMBOLS USED IN COLUMN 16
AVERAGE MONTHLY: 79.8 TOTAL FOR MONTH: 3.14 1 = FOG OR MIST
DPTR FM NORMAL: 1.4 DPTR FM NORMAL: 1.31 2 = FOG REDUCING VISIBILITY
HIGHEST: 104 ON 8 GRTST 24HR 1.27 ON 27-27 TO 1/4 MILE OR LESS
LOWEST: 56 ON 1 3 = THUNDER
SNOW, ICE PELLETS, HAIL 4 = ICE PELLETS
TOTAL MONTH: 0.0 INCH 5 = HAIL
GRTST 24HR 0.0 6 = FREEZING RAIN OR DRIZZLE
GRTST DEPTH: 0 7 = DUSTSTORM OR SANDSTORM:
VSBY 1/2 MILE OR LESS
8 = SMOKE OR HAZE
[NO. OF DAYS WITH] [WEATHER - DAYS WITH] 9 = BLOWING SNOW
X = TORNADO
MAX 32 OR BELOW: 0 0.01 INCH OR MORE: 7
MAX 90 OR ABOVE: 25 0.10 INCH OR MORE: 5
MIN 32 OR BELOW: 0 0.50 INCH OR MORE: 2
MIN 0 OR BELOW: 0 1.00 INCH OR MORE: 2
[HDD (BASE 65) ]
TOTAL THIS MO. 0 CLEAR (SCALE 0-3) 28
DPTR FM NORMAL -1 PTCLDY (SCALE 4-7) 3
TOTAL FM JUL 1 0 CLOUDY (SCALE 8-10) 0
DPTR FM NORMAL 0
[CDD (BASE 65) ]
TOTAL THIS MO. 468
DPTR FM NORMAL 54 [PRESSURE DATA]
TOTAL FM JAN 1 1020 HIGHEST SLP 30.16 ON 15
DPTR FM NORMAL 289 LOWEST SLP 29.54 ON 8
[REMARKS]
#FINAL-07-20#