000
CXHW51 PHFO 011250
CF6LIH
PRELIMINARY LOCAL CLIMATOLOGICAL DATA (WS FORM: F-6)
STATION: LIHUE HI
MONTH: APRIL
YEAR: 2022
LATITUDE: 21 58 N
LONGITUDE: 159 21 W
TEMPERATURE IN F: :PCPN: SNOW: WIND :SUNSHINE: SKY :PK WND
================================================================================
1 2 3 4 5 6A 6B 7 8 9 10 11 12 13 14 15 16 17 18
12Z AVG MX 2MIN
DY MAX MIN AVG DEP HDD CDD WTR SNW DPTH SPD SPD DIR MIN PSBL S-S WX SPD DR
================================================================================
1 79 69 74 0 0 9 0.04 M M 19.3 31 50 M M 7 18 37 50
2 78 68 73 -1 0 8 0.09 M M 21.4 32 90 M M 7 18 38 90
3 79 70 75 1 0 10 0.01 M M 19.9 28 70 M M 7 18 32 70
4 77 72 75 1 0 10 T M M 15.4 22 80 M M 5 28 80
5 77 69 73 -1 0 8 0.01 M M 13.2 20 60 M M 8 18 24 70
6 79 65 72 -2 0 7 T M M 14.1 23 70 M M 4 28 90
7 79 71 75 1 0 10 0.00 M M 18.1 25 80 M M 4 32 80
8 80 71 76 2 0 11 0.00 M M 17.1 22 90 M M 5 27 90
9 79 71 75 1 0 10 T M M 15.4 24 90 M M 7 1 28 90
10 80 71 76 2 0 11 0.02 M M 14.3 22 100 M M 8 18 27 100
11 80 72 76 2 0 11 T M M 11.2 16 90 M M 5 1 21 130
12 80 72 76 2 0 11 0.00 M M 12.6 17 80 M M 6 23 80
13 80 70 75 0 0 10 T M M 12.0 20 80 M M 7 24 80
14 80 72 76 1 0 11 T M M 14.8 22 60 M M 5 27 70
15 80 72 76 1 0 11 T M M 16.9 24 50 M M 5 30 50
16 79 70 75 0 0 10 0.68 M M 17.0 28 60 M M 7 1 34 60
17 77 68 73 -2 0 8 0.34 M M 18.5 26 40 M M 6 1 33 70
18 78 69 74 -1 0 9 T M M 19.4 24 40 M M 4 29 30
19 78 69 74 -1 0 9 0.02 M M 20.4 25 40 M M 8 18 31 50
20 78 68 73 -2 0 8 0.08 M M 17.1 23 60 M M 7 18 28 60
21 77 69 73 -2 0 8 0.10 M M 16.1 25 90 M M 9 18 31 90
22 79 71 75 0 0 10 T M M 15.2 22 70 M M 7 25 70
23 79 69 74 -1 0 9 0.02 M M 15.9 23 60 M M 9 1 28 60
24 79 72 76 1 0 11 0.00 M M 17.8 24 60 M M 8 30 60
25 79 71 75 0 0 10 0.04 M M 16.1 23 80 M M 7 18 27 40
26 78 70 74 -1 0 9 0.02 M M 13.8 23 90 M M 7 1 29 70
27 78 69 74 -1 0 9 0.06 M M 12.6 17 80 M M 7 1 22 80
28 79 72 76 1 0 11 T M M 12.2 17 80 M M 7 1 20 90
29 80 72 76 1 0 11 0.00 M M 15.5 22 70 M M 5 26 80
30 79 71 75 0 0 10 0.04 M M 17.9 24 50 M M 5 18 29 70
================================================================================
SM 2364 2105 0 290 1.57 M 481.2 M 193
================================================================================
AV 78.8 70.2 16.0 FASTST M M 6 MAX(MPH)
MISC ----> 32 90 38 90
================================================================================
NOTES:
# LAST OF SEVERAL OCCURRENCES
COLUMN 17 PEAK WIND IN M.P.H.
PRELIMINARY LOCAL CLIMATOLOGICAL DATA (WS FORM: F-6) , PAGE 2
STATION: LIHUE HI
MONTH: APRIL
YEAR: 2022
LATITUDE: 21 58 N
LONGITUDE: 159 21 W
[TEMPERATURE DATA] [PRECIPITATION DATA] SYMBOLS USED IN COLUMN 16
AVERAGE MONTHLY: 74.5 TOTAL FOR MONTH: 1.57 1 = FOG OR MIST
DPTR FM NORMAL: -0.1 DPTR FM NORMAL: -0.46 2 = FOG REDUCING VISIBILITY
HIGHEST: 80 ON 29,15 GRTST 24HR 1.00 ON 16-17 TO 1/4 MILE OR LESS
LOWEST: 65 ON 6 3 = THUNDER
SNOW, ICE PELLETS, HAIL 4 = ICE PELLETS
TOTAL MONTH: M 5 = HAIL
GRTST 24HR M ON M 6 = FREEZING RAIN OR DRIZZLE
GRTST DEPTH: M ON M 7 = DUSTSTORM OR SANDSTORM:
VSBY 1/2 MILE OR LESS
8 = SMOKE OR HAZE
[NO. OF DAYS WITH] [WEATHER - DAYS WITH] 9 = BLOWING SNOW
X = TORNADO
MAX 32 OR BELOW: 0 0.01 INCH OR MORE: 15
MAX 90 OR ABOVE: 0 0.10 INCH OR MORE: 3
MIN 32 OR BELOW: 0 0.50 INCH OR MORE: 1
MIN 0 OR BELOW: 0 1.00 INCH OR MORE: 0
[HDD (BASE 65) ]
TOTAL THIS MO. 0 CLEAR (SCALE 0-3) 0
DPTR FM NORMAL 0 PTCLDY (SCALE 4-7) 26
TOTAL FM JUL 1 0 CLOUDY (SCALE 8-10) 4
DPTR FM NORMAL 0
[CDD (BASE 65) ]
TOTAL THIS MO. 290
DPTR FM NORMAL 0 [PRESSURE DATA]
TOTAL FM JAN 1 1004 HIGHEST SLP 30.23 ON 19
DPTR FM NORMAL 43 LOWEST SLP 29.93 ON 28
[REMARKS]
#FINAL-04-22#