000
CXUS54 KLZK 011902
CF6LIT
PRELIMINARY LOCAL CLIMATOLOGICAL DATA (WS FORM: F-6)
STATION: LITTLE ROCK ADAMS FIELD
MONTH: OCTOBER
YEAR: 2022
LATITUDE: 34 43 N
LONGITUDE: 92 14 W
TEMPERATURE IN F: :PCPN: SNOW: WIND :SUNSHINE: SKY :PK WND
================================================================================
1 2 3 4 5 6A 6B 7 8 9 10 11 12 13 14 15 16 17 18
12Z AVG MX 2MIN
DY MAX MIN AVG DEP HDD CDD WTR SNW DPTH SPD SPD DIR MIN PSBL S-S WX SPD DR
================================================================================
1 84 52 68 0 0 3 0.00 0.0 0 5.2 9 20 M M 1 8 9 20
2 85 53 69 1 0 4 0.00 0.0 0 5.1 8 50 M M 0 8 50
3 85 57 71 3 0 6 0.00 0.0 0 5.0 10 90 M M 0 10 90
4 83 54 69 2 0 4 0.00 0.0 0 3.6 7 90 M M 1 7 90
5 84 51 68 1 0 3 0.00 0.0 0 2.8 9 120 M M 1 8 11 60
6 90 57 74 7 0 9 0.00 0.0 0 5.6 18 300 M M 2 22 300
7 86 58 72 6 0 7 0.00 0.0 0 6.4 15 60 M M 5 19 60
8 75 53 64 -2 1 0 0.00 0.0 0 6.1 14 80 M M 1 18 80
9 80 49 65 0 0 0 0.00 0.0 0 2.3 10 240 M M 3 15 270
10 87 55 71 6 0 6 0.00 0.0 0 2.7 7 250 M M 3 M M
11 85 56 71 6 0 6 T 0.0 0 6.6 20 190 M M 5 24 190
12 91 58 75 11 0 10 0.01 0.0 0 9.4 23 250 M M 4 38 31 260
13 79 52 66 2 0 1 0.00 0.0 0 6.4 18 320 M M 0 24 320
14 88 46 67 4 0 2 0.00 0.0 0 9.7 22 290 M M 0 29 280
15 92 58 75 12 0 10 0.50 0.0 0 8.3 18 280 M M 5 13 29 320
16 77 62 70 8 0 5 0.57 0.0 0 6.6 17 350 M M 10 13 25 360
17 67 47 57 -5 8 0 0.00 0.0 0 10.5 18 340 M M 1 24 360
18 56 38 47 -15 18 0 0.00 0.0 0 9.4 18 10 M M 0 23 20
19 61 33 47 -14 18 0 0.00 0.0 0 3.9 15 240 M M 1 19 240
20 75 36 56 -5 9 0 0.00 0.0 0 3.7 12 210 M M 1 13 270
21 82 45 64 4 1 0 0.00 0.0 0 5.1 12 180 M M 1 12 180
22 82 59 71 11 0 6 0.00 0.0 0 11.7 22 180 M M 5 29 180
23 84 67 76 16 0 11 0.00 0.0 0 11.5 21 200 M M 6 25 200
24 86 69 78 19 0 13 T 0.0 0 21.5 20 180 M M 9 M M
25 75 46 61 2 4 0 0.05 0.0 0 14.2 30 250 M M 7 37 250
26 72 42 57 -1 8 0 0.00 0.0 0 7.4 17 360 M M 0 8 17 360
27 69 43 56 -2 9 0 0.00 0.0 0 6.0 15 100 M M 4 8 16 90
28 72 48 60 2 5 0 0.00 0.0 0 8.6 17 70 M M 8 21 80
29 64 58 61 4 4 0 1.08 0.0 0 8.7 20 30 M M 10 13 24 30
30 66 59 63 6 2 0 0.01 0.0 0 5.8 12 210 M M 10 1 18 240
31 76 53 65 8 0 0 0.00 0.0 0 4.3 13 270 M M 5 1 16 250
================================================================================
SM 2438 1614 87 106 2.22 0.0 224.1 M 109
================================================================================
AV 78.6 52.1 7.2 FASTST M M 4 MAX(MPH)
MISC ----> 30 250 37 250
================================================================================
NOTES:
# LAST OF SEVERAL OCCURRENCES
COLUMN 17 PEAK WIND IN M.P.H.
PRELIMINARY LOCAL CLIMATOLOGICAL DATA (WS FORM: F-6) , PAGE 2
STATION: LITTLE ROCK ADAMS FIELD
MONTH: OCTOBER
YEAR: 2022
LATITUDE: 34 43 N
LONGITUDE: 92 14 W
[TEMPERATURE DATA] [PRECIPITATION DATA] SYMBOLS USED IN COLUMN 16
AVERAGE MONTHLY: 65.4 TOTAL FOR MONTH: 2.22 1 = FOG OR MIST
DPTR FM NORMAL: 2.8 DPTR FM NORMAL: -2.25 2 = FOG REDUCING VISIBILITY
HIGHEST: 92 ON 15 GRTST 24HR 1.09 ON 29-30 TO 1/4 MILE OR LESS
LOWEST: 33 ON 19 3 = THUNDER
SNOW, ICE PELLETS, HAIL 4 = ICE PELLETS
TOTAL MONTH: 0.0 INCH 5 = HAIL
GRTST 24HR 0.0 6 = FREEZING RAIN OR DRIZZLE
GRTST DEPTH: 0 7 = DUSTSTORM OR SANDSTORM:
VSBY 1/2 MILE OR LESS
8 = SMOKE OR HAZE
[NO. OF DAYS WITH] [WEATHER - DAYS WITH] 9 = BLOWING SNOW
X = TORNADO
MAX 32 OR BELOW: 0 0.01 INCH OR MORE: 6
MAX 90 OR ABOVE: 3 0.10 INCH OR MORE: 3
MIN 32 OR BELOW: 0 0.50 INCH OR MORE: 3
MIN 0 OR BELOW: 0 1.00 INCH OR MORE: 1
[HDD (BASE 65) ]
TOTAL THIS MO. 87 CLEAR (SCALE 0-3) 17
DPTR FM NORMAL -58 PTCLDY (SCALE 4-7) 10
TOTAL FM JUL 1 88 CLOUDY (SCALE 8-10) 4
DPTR FM NORMAL -68
[CDD (BASE 65) ]
TOTAL THIS MO. 106
DPTR FM NORMAL 37 [PRESSURE DATA]
TOTAL FM JAN 1 2550 HIGHEST SLP 30.46 ON 8
DPTR FM NORMAL 568 LOWEST SLP 29.58 ON 25
[REMARKS]
#FINAL-10-22#