000
CXUS54 KLZK 011230
CF6LLQ
PRELIMINARY LOCAL CLIMATOLOGICAL DATA (WS FORM: F-6)
STATION: MONTICELLO
MONTH: NOVEMBER
YEAR: 2021
LATITUDE: 33 37 N
LONGITUDE: 91 45 W
TEMPERATURE IN F: :PCPN: SNOW: WIND :SUNSHINE: SKY :PK WND
================================================================================
1 2 3 4 5 6A 6B 7 8 9 10 11 12 13 14 15 16 17 18
12Z AVG MX 2MIN
DY MAX MIN AVG DEP HDD CDD WTR SNW DPTH SPD SPD DIR MIN PSBL S-S WX SPD DR
================================================================================
1 69 46 58 -1 7 0 0.00 0.0 0 3.9 14 60 M M 0 18 60
2 56 47 52 -6 13 0 0.31 0.0 0 6.0 14 60 M M 9 1 19 50
3 49 43 46 -12 19 0 0.24 0.0 0 6.7 16 60 M M 10 1 22 60
4 57 36 47 -11 18 0 0.00 0.0 0 4.4 17 50 M M 2 22 50
5 60 32 46 -11 19 0 0.00 0.0 0 3.1 12 60 M M 0 18 60
6 63 34 49 -8 16 0 0.00 0.0 0 1.8 9 140 M M 0 13 50
7 69 36 53 -4 12 0 0.00 0.0 M 1.0 8 220 M M 0 10 180
8 72 38 55 -1 10 0 0.00 0.0 M 1.4 9 160 M M 0 13 220
9 72 43 58 2 7 0 0.00 0.0 M 2.5 12 200 M M 0 1 14 190
10 74 45 60 4 5 0 0.00 0.0 0 3.9 14 160 M M 3 1 21 150
11 70 45 58 3 7 0 0.39 0.0 0 5.9 15 170 M M 5 13 21 200
12 67 37 52 -3 13 0 0.00 0.0 0 5.8 16 320 M M 1 24 320
13 54 35 45 -10 20 0 0.00 0.0 0 3.2 10 290 M M 0 17 20
14 68 39 54 0 11 0 0.00 0.0 0 4.5 15 260 M M 0 21 310
15 74 38 56 2 9 0 0.00 0.0 0 4.2 13 240 M M 1 16 270
16 76 61 69 15 0 4 0.00 0.0 0 9.1 15 220 M M 5 21 200
17 80 59 70 17 0 5 0.00 0.0 M 8.7 21 190 M M 4 31 210
18 66 33 50 -3 15 0 0.27 M M 6.5 18 40 M M 4 13 28 20
19 57 30 44 -9 21 0 0.00 0.0 0 4.0 13 100 M M 0 18 100
20 67 31 49 -3 16 0 0.00 0.0 0 3.6 10 160 M M 0 14 160
21 68 51 60 8 5 0 0.47 0.0 0 4.8 12 350 M M 8 123 21 350
22 59 38 49 -3 16 0 0.00 0.0 M 3.7 17 40 M M 0 24 40
23 61 33 47 -5 18 0 0.00 0.0 0 4.4 13 140 M M 0 17 150
24 68 38 53 2 12 0 0.00 0.0 0 7.4 16 180 M M 1 23 160
25 61 41 51 0 14 0 0.80 0.0 0 5.7 13 340 M M 8 1 23 330
26 53 31 42 -9 23 0 0.00 0.0 0 2.9 12 50 M M 0 15 40
27 56 31 44 -6 21 0 0.00 0.0 0 6.0 14 230 M M 2 8 18 220
28 63 38 51 1 14 0 0.00 0.0 0 4.4 10 270 M M 3 18 16 220
29 63 34 49 -1 16 0 0.00 0.0 0 4.4 12 220 M M 0 15 210
30 72 42 57 7 8 0 0.00 0.0 0 5.9 12 210 M M 0 18 220
================================================================================
SM 1944 1185 385 9 2.48 0.0 139.8 M 66
================================================================================
AV 64.8 39.5 4.7 FASTST M M 2 MAX(MPH)
MISC ----> 21 190 31 210
================================================================================
NOTES:
# LAST OF SEVERAL OCCURRENCES
COLUMN 17 PEAK WIND IN M.P.H.
PRELIMINARY LOCAL CLIMATOLOGICAL DATA (WS FORM: F-6) , PAGE 2
STATION: MONTICELLO
MONTH: NOVEMBER
YEAR: 2021
LATITUDE: 33 37 N
LONGITUDE: 91 45 W
[TEMPERATURE DATA] [PRECIPITATION DATA] SYMBOLS USED IN COLUMN 16
AVERAGE MONTHLY: 52.2 TOTAL FOR MONTH: 2.48 1 = FOG OR MIST
DPTR FM NORMAL: -1.7 DPTR FM NORMAL: -1.77 2 = FOG REDUCING VISIBILITY
HIGHEST: 80 ON 17 GRTST 24HR 0.80 ON 25-25 TO 1/4 MILE OR LESS
LOWEST: 30 ON 19 3 = THUNDER
SNOW, ICE PELLETS, HAIL 4 = ICE PELLETS
TOTAL MONTH: 0.0 INCH 5 = HAIL
GRTST 24HR 0.0 6 = FREEZING RAIN OR DRIZZLE
GRTST DEPTH: 0 7 = DUSTSTORM OR SANDSTORM:
VSBY 1/2 MILE OR LESS
8 = SMOKE OR HAZE
[NO. OF DAYS WITH] [WEATHER - DAYS WITH] 9 = BLOWING SNOW
X = TORNADO
MAX 32 OR BELOW: 0 0.01 INCH OR MORE: 6
MAX 90 OR ABOVE: 0 0.10 INCH OR MORE: 6
MIN 32 OR BELOW: 5 0.50 INCH OR MORE: 1
MIN 0 OR BELOW: 0 1.00 INCH OR MORE: 0
[HDD (BASE 65) ]
TOTAL THIS MO. 385 CLEAR (SCALE 0-3) 20
DPTR FM NORMAL 37 PTCLDY (SCALE 4-7) 8
TOTAL FM JUL 1 443 CLOUDY (SCALE 8-10) 2
DPTR FM NORMAL -21
[CDD (BASE 65) ]
TOTAL THIS MO. 9
DPTR FM NORMAL -8 [PRESSURE DATA]
TOTAL FM JAN 1 2260 HIGHEST SLP 30.52 ON 19
DPTR FM NORMAL -58 LOWEST SLP 29.82 ON 11
[REMARKS]
#FINAL-11-21#