000
CXUS53 KOAX 010930
CF6LNK
PRELIMINARY LOCAL CLIMATOLOGICAL DATA (WS FORM: F-6)
STATION: LINCOLN NE
MONTH: SEPTEMBER
YEAR: 2023
LATITUDE: 40 50 N
LONGITUDE: 96 45 W
TEMPERATURE IN F: :PCPN: SNOW: WIND :SUNSHINE: SKY :PK WND
================================================================================
1 2 3 4 5 6A 6B 7 8 9 10 11 12 13 14 15 16 17 18
12Z AVG MX 2MIN
DY MAX MIN AVG DEP HDD CDD WTR SNW DPTH SPD SPD DIR MIN PSBL S-S WX SPD DR
================================================================================
1 92 61 77 5 0 12 0.00 0.0 0 11.7 22 180 M M 0 29 170
2 98 63 81 9 0 16 0.00 0.0 0 10.9 20 190 M M 0 27 160
3 98 67 83 11 0 18 0.00 0.0 0 12.5 24 180 M M 0 32 180
4 96 64 80 9 0 15 0.00 0.0 0 13.1 25 150 M M 0 3 36 170
5 89 65 77 6 0 12 0.01 0.0 0 15.2 25 320 M M 2 38 43 310
6 81 54 68 -3 0 3 0.00 0.0 0 9.2 23 340 M M 8 8 32 330
7 83 48 66 -4 0 1 0.01 0.0 0 5.8 13 100 M M 2 18 33 330
8 86 58 72 2 0 7 0.18 0.0 0 4.2 23 330 M M 2 138 29 330
9 88 54 71 1 0 6 0.00 0.0 0 5.3 13 130 M M 0 15 130
10 81 59 70 1 0 5 0.05 0.0 0 8.1 17 350 M M 4 1 22 340
11 78 49 64 -5 1 0 0.00 0.0 0 7.9 17 40 M M 4 1 25 40
12 80 46 63 -6 2 0 0.00 0.0 0 2.6 9 150 M M 0 14 150
13 82 45 64 -4 1 0 0.00 0.0 0 5.1 17 170 M M 4 25 180
14 83 57 70 2 0 5 0.00 0.0 0 6.2 18 180 M M 7 25 180
15 78 53 66 -2 0 1 T 0.0 0 3.2 15 340 M M 4 1 19 320
16 82 52 67 0 0 2 0.00 0.0 0 5.5 18 340 M M 2 1238 25 340
17 80 45 63 -4 2 0 0.00 0.0 0 3.1 12 360 M M 0 18 18 320
18 94 52 73 7 0 8 0.00 0.0 0 12.9 25 190 M M 0 8 34 180
19 91 68 80 14 0 15 0.13 0.0 0 11.3 22 180 M M 0 38 31 180
20 87 61 74 8 0 9 0.00 0.0 0 10.4 20 120 M M 3 26 130
21 83 63 73 8 0 8 0.01 0.0 0 12.0 24 50 M M 3 8 30 50
22 73 63 68 3 0 3 0.19 0.0 0 6.9 18 110 M M 9 13 29 120
23 82 53 68 4 0 3 0.02 0.0 0 5.9 15 200 M M 5 1 19 120
24 84 54 69 5 0 4 0.00 0.0 0 6.1 20 280 M M 1 26 280
25 84 51 68 4 0 3 0.00 0.0 0 5.3 18 310 M M 0 8 24 290
26 79 50 65 2 0 0 0.00 0.0 0 6.9 17 20 M M 0 22 30
27 80 47 64 1 1 0 0.00 0.0 0 4.1 12 80 M M 0 14 120
28 92 60 76 14 0 11 0.00 0.0 0 11.7 20 150 M M 0 25 130
29 96 65 81 19 0 16 0.00 0.0 0 14.5 29 200 M M 0 39 180
30 96 72 84 23 0 19 0.00 0.0 0 16.7 30 170 M M 1 39 180
================================================================================
SM 2576 1699 7 202 0.60 0.0 254.3 M 61
================================================================================
AV 85.9 56.6 8.5 FASTST M M 2 MAX(MPH)
MISC ----> 30 170 43 310
================================================================================
NOTES:
# LAST OF SEVERAL OCCURRENCES
COLUMN 17 PEAK WIND IN M.P.H.
PRELIMINARY LOCAL CLIMATOLOGICAL DATA (WS FORM: F-6) , PAGE 2
STATION: LINCOLN NE
MONTH: SEPTEMBER
YEAR: 2023
LATITUDE: 40 50 N
LONGITUDE: 96 45 W
[TEMPERATURE DATA] [PRECIPITATION DATA] SYMBOLS USED IN COLUMN 16
AVERAGE MONTHLY: 71.3 TOTAL FOR MONTH: 0.60 1 = FOG OR MIST
DPTR FM NORMAL: 4.1 DPTR FM NORMAL: -2.30 2 = FOG REDUCING VISIBILITY
HIGHEST: 98 ON 3, 2 GRTST 24HR 0.20 ON 21-22 TO 1/4 MILE OR LESS
LOWEST: 45 ON 17,13 3 = THUNDER
SNOW, ICE PELLETS, HAIL 4 = ICE PELLETS
TOTAL MONTH: 0.0 INCH 5 = HAIL
GRTST 24HR 0.0 6 = FREEZING RAIN OR DRIZZLE
GRTST DEPTH: 0 7 = DUSTSTORM OR SANDSTORM:
VSBY 1/2 MILE OR LESS
8 = SMOKE OR HAZE
[NO. OF DAYS WITH] [WEATHER - DAYS WITH] 9 = BLOWING SNOW
X = TORNADO
MAX 32 OR BELOW: 0 0.01 INCH OR MORE: 8
MAX 90 OR ABOVE: 9 0.10 INCH OR MORE: 3
MIN 32 OR BELOW: 0 0.50 INCH OR MORE: 0
MIN 0 OR BELOW: 0 1.00 INCH OR MORE: 0
[HDD (BASE 65) ]
TOTAL THIS MO. 7 CLEAR (SCALE 0-3) 22
DPTR FM NORMAL -70 PTCLDY (SCALE 4-7) 7
TOTAL FM JUL 1 7 CLOUDY (SCALE 8-10) 1
DPTR FM NORMAL -75
[CDD (BASE 65) ]
TOTAL THIS MO. 202
DPTR FM NORMAL 59 [PRESSURE DATA]
TOTAL FM JAN 1 1418 HIGHEST SLP 30.22 ON 12
DPTR FM NORMAL 169 LOWEST SLP 29.54 ON 5
[REMARKS]
#FINAL-09-23#