000
CXUS53 KLMK 101359
CF6LOU
PRELIMINARY LOCAL CLIMATOLOGICAL DATA (WS FORM: F-6)
STATION: LOUISVILLE BOWMAN KY
MONTH: APRIL
YEAR: 2020
LATITUDE: 38 13 N
LONGITUDE: 85 40 W
TEMPERATURE IN F: :PCPN: SNOW: WIND :SUNSHINE: SKY :PK WND
================================================================================
1 2 3 4 5 6A 6B 7 8 9 10 11 12 13 14 15 16 17 18
12Z AVG MX 2MIN
DY MAX MIN AVG DEP HDD CDD WTR SNW DPTH SPD SPD DIR MIN PSBL S-S WX SPD DR
================================================================================
1 55 42 49 -3 16 0 0.00 M M 5.7 12 330 M M 10 18 310
2 65 36 51 -2 14 0 0.00 M M 2.2 12 340 M M 0 16 360
3 72 43 58 5 7 0 0.00 M M 0.5 7 150 M M 0 8 11 150
4 75 48 62 9 3 0 0.00 M M 3.3 18 280 M M 5 25 290
5 69 48 59 5 6 0 0.01 M M 5.7 13 360 M M 5 1 19 20
6 75 49 62 8 3 0 0.00 M M 2.6 13 260 M M 5 1 18 270
7 80 55 68 14 0 3 0.00 M M 8.8 21 220 M M 5 29 200
8 84 60 72 17 0 7 0.37 M M 10.8 28 310 M M 6 13 54 320
9 62 40 51 -4 14 0 T M M 13.9 26 300 M M 5 39 300
10 54 35 45 -10 20 0 0.00 M M 8.3 17 300 M M 0 28 280
11 65 38 52 -4 13 0 T M M 6.3 20 190 M M 4 26 190
12 63 54 59 3 6 0 0.80 M M 7.5 23 80 M M 10 1 32 190
13 58 43 51 -5 14 0 0.97 M M 10.5 30 280 M M 7 138 44 290
14 50 33 42 -15 23 0 0.00 M M 6.2 16 260 M M 5 23 260
15 57 29 43 -14 22 0 T M M 8.2 26 270 M M 3 40 280
16 55 29 42 -15 23 0 0.00 M M 3.0 10 310 M M 2 15 270
17 59 44 52 -6 13 0 0.38 M M 8.3 24 220 M M 9 1 33 230
18 57 37 47 -11 18 0 0.00 M M 4.8 13 230 M M 3 20 340
19 61 40 51 -7 14 0 T M M 3.6 10 160 M M 4 14 270
20 69 41 55 -4 10 0 0.00 M M 4.8 21 230 M M 1 1 27 220
21 63 45 54 -5 11 0 0.00 M M 10.3 24 300 M M 2 35 300
22 72 37 55 -4 10 0 0.00 M M 5.2 20 170 M M 0 25 170
23 62 53 58 -2 7 0 0.81 M M 6.2 16 180 M M 10 18 23 160
24 69 52 61 1 4 0 0.00 M M 4.5 13 30 M M 6 18 19 330
25 66 47 57 -3 8 0 0.46 M M 6.4 16 170 M M 5 1 19 160
26 63 46 55 -5 10 0 0.29 M M 7.6 16 310 M M 8 1 26 310
27 69 38 54 -7 11 0 0.00 M M 3.9 14 180 M M 0 1 18 210
28 75 57 66 5 0 1 0.00 M M 10.1 23 230 M M 6 31 230
29 69 53 61 0 4 0 0.25 M M 13.2 31 170 M M 9 45 170
30 53 49 51 -11 14 0 0.02 M M 8.4 21 280 M M 10 18 29 270
================================================================================
SM 1946 1321 318 11 4.36 M 200.8 M 145
================================================================================
AV 64.9 44.0 6.7 FASTST M M 5 MAX(MPH)
MISC ----> # 31 170 # 54 320
================================================================================
NOTES:
# LAST OF SEVERAL OCCURRENCES
COLUMN 17 PEAK WIND IN M.P.H.
PRELIMINARY LOCAL CLIMATOLOGICAL DATA (WS FORM: F-6) , PAGE 2
STATION: LOUISVILLE BOWMAN KY
MONTH: APRIL
YEAR: 2020
LATITUDE: 38 13 N
LONGITUDE: 85 40 W
[TEMPERATURE DATA] [PRECIPITATION DATA] SYMBOLS USED IN COLUMN 16
AVERAGE MONTHLY: 54.5 TOTAL FOR MONTH: 4.36 1 = FOG OR MIST
DPTR FM NORMAL: -2.6 DPTR FM NORMAL: 0.28 2 = FOG REDUCING VISIBILITY
HIGHEST: 84 ON 8 GRTST 24HR 0.97 ON 13-13 TO 1/4 MILE OR LESS
LOWEST: 29 ON 16,15 3 = THUNDER
SNOW, ICE PELLETS, HAIL 4 = ICE PELLETS
TOTAL MONTH: M 5 = HAIL
GRTST 24HR M ON M 6 = FREEZING RAIN OR DRIZZLE
GRTST DEPTH: M ON M 7 = DUSTSTORM OR SANDSTORM:
VSBY 1/2 MILE OR LESS
8 = SMOKE OR HAZE
[NO. OF DAYS WITH] [WEATHER - DAYS WITH] 9 = BLOWING SNOW
X = TORNADO
MAX 32 OR BELOW: 0 0.01 INCH OR MORE: 10
MAX 90 OR ABOVE: 0 0.10 INCH OR MORE: 8
MIN 32 OR BELOW: 2 0.50 INCH OR MORE: 3
MIN 0 OR BELOW: 0 1.00 INCH OR MORE: 0
[HDD (BASE 65) ]
TOTAL THIS MO. 318 CLEAR (SCALE 0-3) 10
DPTR FM NORMAL 50 PTCLDY (SCALE 4-7) 14
TOTAL FM JUL 1 3731 CLOUDY (SCALE 8-10) 6
DPTR FM NORMAL -460
[CDD (BASE 65) ]
TOTAL THIS MO. 11
DPTR FM NORMAL -19 [PRESSURE DATA]
TOTAL FM JAN 1 25 HIGHEST SLP 30.39 ON 16
DPTR FM NORMAL -9 LOWEST SLP 29.33 ON 13
[REMARKS]
#FINAL-04-20#