132
CXUS55 KJKL 011459
CF6LOZ
PRELIMINARY LOCAL CLIMATOLOGICAL DATA (WS FORM: F-6)
STATION: LONDON KY
MONTH: MARCH
YEAR: 2020
LATITUDE: 37 4 N
LONGITUDE: 84 5 W
TEMPERATURE IN F: :PCPN: SNOW: WIND :SUNSHINE: SKY :PK WND
================================================================================
1 2 3 4 5 6A 6B 7 8 9 10 11 12 13 14 15 16 17 18
12Z AVG MX 2MIN
DY MAX MIN AVG DEP HDD CDD WTR SNW DPTH SPD SPD DIR MIN PSBL S-S WX SPD DR
================================================================================
1 63 21 42 -1 23 0 0.00 M M 5.7 16 220 M M 0 22 180
2 55 46 51 7 14 0 0.52 M M 7.3 21 240 M M 9 1 32 270
3 65 39 52 8 13 0 1.23 M M 10.1 25 270 M M 7 13 36 280
4 63 33 48 4 17 0 T M M 4.9 17 270 M M 0 1 23 200
5 63 38 51 7 14 0 0.00 M M 5.6 13 210 M M 0 19 190
6 49 35 42 -3 23 0 0.01 M M 12.1 25 290 M M 9 35 310
7 51 31 41 -4 24 0 0.00 M M 4.0 13 320 M M 5 19 310
8 66 27 47 2 18 0 0.00 M M 4.2 14 230 M M 0 8 21 220
9 67 33 50 5 15 0 T M M 7.3 22 200 M M 1 28 200
10 62 53 58 12 7 0 0.13 M M 8.6 21 200 M M 10 1 34 200
11 63 47 55 9 10 0 0.00 M M 4.3 16 250 M M 6 21 250
12 69 43 56 10 9 0 1.48 M M 5.3 20 190 M M 7 13 28 180
13 63 47 55 9 10 0 0.26 M M 8.7 18 320 M M 3 1 33 330
14 49 40 45 -2 20 0 1.01 M M 6.5 15 340 M M 10 1 21 340
15 42 36 39 -8 26 0 T M M 8.2 14 30 M M 10 1 21 20
16 50 37 44 -3 21 0 0.10 M M 2.5 10 200 M M 10 1 16 220
17 53 47 50 2 15 0 0.11 M M 4.6 12 360 M M 10 12 14 350
18 70 46 58 10 7 0 0.46 M M 6.6 20 190 M M 9 1 27 190
19 75 60 68 20 0 3 0.59 M M 6.5 20 210 M M 7 1 29 220
20 71 49 60 12 5 0 1.03 M M 10.1 18 210 M M 8 1 30 220
21 49 38 44 -5 21 0 0.00 M M 7.0 14 340 M M 10 20 340
22 59 37 48 -1 17 0 0.08 M M 4.7 10 80 M M 7 1 17 80
23 56 44 50 1 15 0 0.28 M M 5.2 15 180 M M 9 13 23 160
24 55 40 48 -2 17 0 0.64 M M 4.4 13 340 M M 5 13 18 330
25 62 44 53 3 12 0 0.01 M M 3.7 12 320 M M 6 1 18 310
26 79 39 59 9 6 0 0.00 M M 6.8 17 180 M M 1 8 26 180
27 83 64 74 23 0 9 0.00 M M 6.0 17 230 M M 4 28 230
28 83 65 74 23 0 9 0.00 M M 8.3 20 230 M M 3 32 190
29 74 57 66 15 0 1 0.63 M M 13.0 31 250 M M 2 13 45 260
30 64 45 55 3 10 0 0.00 M M 6.0 18 260 M M 0 26 260
31 53 41 47 -5 18 0 0.91 M M 6.4 14 340 M M 9 1 19 340
================================================================================
SM 1926 1322 407 22 9.48 M 204.6 M 177
================================================================================
AV 62.1 42.7 6.6 FASTST M M 6 MAX(MPH)
MISC ----> # 31 250 # 45 260
================================================================================
NOTES:
# LAST OF SEVERAL OCCURRENCES
COLUMN 17 PEAK WIND IN M.P.H.
PRELIMINARY LOCAL CLIMATOLOGICAL DATA (WS FORM: F-6) , PAGE 2
STATION: LONDON KY
MONTH: MARCH
YEAR: 2020
LATITUDE: 37 4 N
LONGITUDE: 84 5 W
[TEMPERATURE DATA] [PRECIPITATION DATA] SYMBOLS USED IN COLUMN 16
AVERAGE MONTHLY: 52.4 TOTAL FOR MONTH: 9.48 1 = FOG OR MIST
DPTR FM NORMAL: 5.0 DPTR FM NORMAL: 5.43 2 = FOG REDUCING VISIBILITY
HIGHEST: 83 ON 28,27 GRTST 24HR 1.48 ON 12-12 TO 1/4 MILE OR LESS
LOWEST: 21 ON 1 3 = THUNDER
SNOW, ICE PELLETS, HAIL 4 = ICE PELLETS
TOTAL MONTH: M 5 = HAIL
GRTST 24HR M ON M 6 = FREEZING RAIN OR DRIZZLE
GRTST DEPTH: M ON M 7 = DUSTSTORM OR SANDSTORM:
VSBY 1/2 MILE OR LESS
8 = SMOKE OR HAZE
[NO. OF DAYS WITH] [WEATHER - DAYS WITH] 9 = BLOWING SNOW
X = TORNADO
MAX 32 OR BELOW: 0 0.01 INCH OR MORE: 18
MAX 90 OR ABOVE: 0 0.10 INCH OR MORE: 15
MIN 32 OR BELOW: 3 0.50 INCH OR MORE: 9
MIN 0 OR BELOW: 0 1.00 INCH OR MORE: 4
[HDD (BASE 65) ]
TOTAL THIS MO. 407 CLEAR (SCALE 0-3) 9
DPTR FM NORMAL -142 PTCLDY (SCALE 4-7) 10
TOTAL FM JUL 1 3347 CLOUDY (SCALE 8-10) 12
DPTR FM NORMAL -478
[CDD (BASE 65) ]
TOTAL THIS MO. 22
DPTR FM NORMAL 19 [PRESSURE DATA]
TOTAL FM JAN 1 22 HIGHEST SLP 30.58 ON 7
DPTR FM NORMAL 19 LOWEST SLP 29.61 ON 3
[REMARKS]
#FINAL-03-20#