000
CXUS54 KFWD 072153
CF6LUD
PRELIMINARY LOCAL CLIMATOLOGICAL DATA (WS FORM: F-6)
STATION: DECATUR
MONTH: AUGUST
YEAR: 2022
LATITUDE: 33 15 N
LONGITUDE: 97 30 W
TEMPERATURE IN F: :PCPN: SNOW: WIND :SUNSHINE: SKY :PK WND
================================================================================
1 2 3 4 5 6A 6B 7 8 9 10 11 12 13 14 15 16 17 18
12Z AVG MX 2MIN
DY MAX MIN AVG DEP HDD CDD WTR SNW DPTH SPD SPD DIR MIN PSBL S-S WX SPD DR
================================================================================
1 101 82 92 9 0 27 0.00 M M 8.7 13 180 M M 0 20 180
2 103 82 93 10 0 28 0.00 M M 9.1 14 160 M M 0 23 190
3 103 82 93 10 0 28 0.00 M M 9.8 15 190 M M 0 21 180
4 103 81 92 9 0 27 0.00 M M 8.8 16 130 M M 0 8 20 130
5 103 82 93 10 0 28 0.00 M M 8.2 14 110 M M 0 22 120
6 99 78 89 6 0 24 0.00 M M 8.6 13 120 M M 0 20 120
7 99 79 89 6 0 24 0.00 M M 9.6 15 170 M M 0 20 200
8 102 81 92 9 0 27 0.00 M M 7.3 14 200 M M 0 8 18 160
9 94 76 85 2 0 20 0.00 M M 5.9 10 110 M M 0 8 17 110
10 100 72 86 3 0 21 0.55 M M 3.9 15 140 M M 1 1 29 140
11 96 73 85 2 0 20 0.00 M M 3.8 13 90 M M 0 1 17 90
12 96 73 85 2 0 20 0.00 M M 5.5 9 80 M M 1 8 16 60
13 97 76 87 4 0 22 0.00 M M 5.1 12 120 M M 1 17 90
14 98 74 86 3 0 21 0.00 M M 4.8 12 110 M M 1 8 16 160
15 98 79 89 6 0 24 0.00 M M 6.4 10 160 M M 0 17 180
16 99 80 90 7 0 25 0.00 M M 6.2 10 180 M M 0 8 M M
17 99 76 88 6 0 23 0.00 M M 5.8 13 40 M M 1 21 40
18 87 72 80 -2 0 15 0.16 M M 4.1 12 40 M M 5 1 M M
19 92 71 82 0 0 17 0.00 M M 4.6 13 70 M M 4 12 16 120
20 92 74 83 1 0 18 0.00 M M 7.1 14 170 M M 1 21 160
21 86 72 79 -3 0 14 0.08 M M 8.4 14 70 M M 4 1 21 50
22 78 72 75 -7 0 10 2.41 M M 6.8 12 50 M M 8 1 18 60
23 83 72 78 -4 0 13 0.35 M M 5.0 10 20 M M 7 1 M M
24 87 72 80 -2 0 15 0.01 M M 3.7 10 40 M M 3 10 40
25 91 72 82 1 0 17 0.00 M M 3.5 10 70 M M 1 M M
26 92 71 82 1 0 17 0.00 M M 2.9 8 80 M M 1 M M
27 95 72 84 3 0 19 0.00 M M 3.9 9 100 M M 0 M M
28 96 77 87 6 0 22 0.00 M M 10.4 14 150 M M 0 21 150
29 92 72 82 2 0 17 0.00 M M 9.3 20 10 M M 2 29 70
30 90 72 81 1 0 16 1.37 M M 3.9 10 80 M M 4 33 20
31 87 73 80 0 0 15 0.00 M M 4.3 10 230 M M 4 1 17 120
================================================================================
SM 2938 2340 0 634 4.93 M 195.4 M 49
================================================================================
AV 94.8 75.5 6.3 FASTST M M 2 MAX(MPH)
MISC ----> 20 10 33 20
================================================================================
NOTES:
# LAST OF SEVERAL OCCURRENCES
COLUMN 17 PEAK WIND IN M.P.H.
PRELIMINARY LOCAL CLIMATOLOGICAL DATA (WS FORM: F-6) , PAGE 2
STATION: DECATUR
MONTH: AUGUST
YEAR: 2022
LATITUDE: 33 15 N
LONGITUDE: 97 30 W
[TEMPERATURE DATA] [PRECIPITATION DATA] SYMBOLS USED IN COLUMN 16
AVERAGE MONTHLY: 85.1 TOTAL FOR MONTH: 4.93 1 = FOG OR MIST
DPTR FM NORMAL: 2.8 DPTR FM NORMAL: 2.78 2 = FOG REDUCING VISIBILITY
HIGHEST: 103 ON 5, 4 GRTST 24HR 2.41 ON 22-22 TO 1/4 MILE OR LESS
LOWEST: 71 ON 26,19 3 = THUNDER
SNOW, ICE PELLETS, HAIL 4 = ICE PELLETS
TOTAL MONTH: M 5 = HAIL
GRTST 24HR M ON M 6 = FREEZING RAIN OR DRIZZLE
GRTST DEPTH: M ON M 7 = DUSTSTORM OR SANDSTORM:
VSBY 1/2 MILE OR LESS
8 = SMOKE OR HAZE
[NO. OF DAYS WITH] [WEATHER - DAYS WITH] 9 = BLOWING SNOW
X = TORNADO
MAX 32 OR BELOW: 0 0.01 INCH OR MORE: 7
MAX 90 OR ABOVE: 25 0.10 INCH OR MORE: 5
MIN 32 OR BELOW: 0 0.50 INCH OR MORE: 3
MIN 0 OR BELOW: 0 1.00 INCH OR MORE: 2
[HDD (BASE 65) ]
TOTAL THIS MO. 0 CLEAR (SCALE 0-3) 24
DPTR FM NORMAL 0 PTCLDY (SCALE 4-7) 6
TOTAL FM JUL 1 0 CLOUDY (SCALE 8-10) 1
DPTR FM NORMAL 0
[CDD (BASE 65) ]
TOTAL THIS MO. 634
DPTR FM NORMAL 100 [PRESSURE DATA]
TOTAL FM JAN 1 2520 HIGHEST SLP M ON M
DPTR FM NORMAL 810 LOWEST SLP M ON M
[REMARKS]
#FINAL-08-22#