000
CXUS56 KMTR 011100
CF6LVK
PRELIMINARY LOCAL CLIMATOLOGICAL DATA (WS FORM: F-6)
STATION: LIVERMORE AIRPORT
MONTH: JANUARY
YEAR: 2022
LATITUDE: 37 42 N
LONGITUDE: 121 49 W
TEMPERATURE IN F: :PCPN: SNOW: WIND :SUNSHINE: SKY :PK WND
================================================================================
1 2 3 4 5 6A 6B 7 8 9 10 11 12 13 14 15 16 17 18
12Z AVG MX 2MIN
DY MAX MIN AVG DEP HDD CDD WTR SNW DPTH SPD SPD DIR MIN PSBL S-S WX SPD DR
================================================================================
1 50 30 40 -7 25 0 0.00 M M 4.6 16 70 M M 0 1 20 60
2 57 26 42 -5 23 0 0.00 M M 1.2 12 290 M M 0 14 300
3 56 36 46 -1 19 0 0.00 M M 3.3 14 200 M M 8 19 210
4 58 47 53 6 12 0 0.00 M M 4.1 13 270 M M 7 1 14 270
5 62 49 56 9 9 0 0.00 M M 3.2 10 310 M M 8 14 320
6 55 51 53 6 12 0 0.00 M M 3.0 10 280 M M 10 1 13 270
7 56 47 52 5 13 0 0.02 M M 3.4 17 280 M M 9 18 22 280
8 52 39 46 -1 19 0 0.00 M M 3.8 13 80 M M 7 12 16 80
9 51 34 43 -4 22 0 0.00 M M 5.1 17 80 M M 2 12 23 80
10 61 38 50 3 15 0 0.00 M M 3.2 13 80 M M 1 1 15 70
11 63 36 50 3 15 0 0.00 M M 3.0 13 80 M M 0 15 80
12 61 38 50 3 15 0 0.00 M M 4.4 15 70 M M 0 1 18 50
13 61 40 51 4 14 0 0.00 M M 1.5 9 270 M M 0 128 9 270
14 63 38 51 4 14 0 0.00 M M 4.8 15 80 M M 0 1 17 70
15 63 38 51 4 14 0 0.00 M M 3.5 14 80 M M 0 1 16 80
16 63 43 53 5 12 0 0.00 M M 3.6 13 70 M M 6 8 15 90
17 64 40 52 4 13 0 0.00 M M 2.3 8 70 M M 5 18 9 70
18 60 37 49 1 16 0 0.00 M M 2.6 10 280 M M 1 1 11 250
19 65 38 52 4 13 0 0.00 M M 0.9 6 100 M M 3 12 7 250
20 65 37 51 3 14 0 0.00 M M 3.1 12 80 M M 0 13 70
21 65 38 52 4 13 0 0.00 M M 7.0 29 30 M M 0 1 38 20
22 63 39 51 3 14 0 0.00 M M 6.8 18 40 M M 0 26 10
23 62 34 48 0 17 0 0.00 M M 3.2 12 50 M M 0 1 16 50
24 65 32 49 1 16 0 0.00 M M 1.7 10 290 M M 0 12 290
25 65 34 50 2 15 0 0.00 M M 2.2 13 40 M M 0 1 17 30
26 59 32 46 -2 19 0 0.00 M M 4.3 14 70 M M 0 18 18 60
27 64 34 49 1 16 0 0.00 M M 2.4 16 80 M M 0 1 19 80
28 61 33 47 -1 18 0 0.00 M M 4.5 14 60 M M 0 20 70
29 M 34 M M M M 0.00 M M 0.4 5 90 M M 0 1 M M
30 M M M M M M 0.00 M M M M M M M M M M
31 M M M M M M 0.00 M M M M M M M M M M
================================================================================
SM 1690 1092 437 0 0.02 M 97.1 M 67
================================================================================
AV 60.4 37.7 3.3 FASTST M M 2 MAX(MPH)
MISC ----> 29 30 38 20
================================================================================
NOTES:
# LAST OF SEVERAL OCCURRENCES
COLUMN 17 PEAK WIND IN M.P.H.
PRELIMINARY LOCAL CLIMATOLOGICAL DATA (WS FORM: F-6) , PAGE 2
STATION: LIVERMORE AIRPORT
MONTH: JANUARY
YEAR: 2022
LATITUDE: 37 42 N
LONGITUDE: 121 49 W
[TEMPERATURE DATA] [PRECIPITATION DATA] SYMBOLS USED IN COLUMN 16
AVERAGE MONTHLY: 49.0 TOTAL FOR MONTH: 0.02 1 = FOG OR MIST
DPTR FM NORMAL: 1.4 DPTR FM NORMAL: -2.81 2 = FOG REDUCING VISIBILITY
HIGHEST: 65 ON 25,24 GRTST 24HR 0.37 ON 3- 4 TO 1/4 MILE OR LESS
LOWEST: 26 ON 2 3 = THUNDER
SNOW, ICE PELLETS, HAIL 4 = ICE PELLETS
TOTAL MONTH: M 5 = HAIL
GRTST 24HR M ON M 6 = FREEZING RAIN OR DRIZZLE
GRTST DEPTH: M ON M 7 = DUSTSTORM OR SANDSTORM:
VSBY 1/2 MILE OR LESS
8 = SMOKE OR HAZE
[NO. OF DAYS WITH] [WEATHER - DAYS WITH] 9 = BLOWING SNOW
X = TORNADO
MAX 32 OR BELOW: 0 0.01 INCH OR MORE: 1
MAX 90 OR ABOVE: 0 0.10 INCH OR MORE: 0
MIN 32 OR BELOW: 4 0.50 INCH OR MORE: 0
MIN 0 OR BELOW: 0 1.00 INCH OR MORE: 0
[HDD (BASE 65) ]
TOTAL THIS MO. 437 CLEAR (SCALE 0-3) 20
DPTR FM NORMAL -102 PTCLDY (SCALE 4-7) 7
TOTAL FM JUL 1 1385 CLOUDY (SCALE 8-10) 4
DPTR FM NORMAL -152
[CDD (BASE 65) ]
TOTAL THIS MO. 0
DPTR FM NORMAL 0 [PRESSURE DATA]
TOTAL FM JAN 1 0 HIGHEST SLP M ON M
DPTR FM NORMAL 0 LOWEST SLP 29.91 ON 7
[REMARKS]
#FINAL-01-22#