000
CXUS56 KMTR 010900
CF6LVK
PRELIMINARY LOCAL CLIMATOLOGICAL DATA (WS FORM: F-6)
STATION: LIVERMORE AIRPORT
MONTH: JULY
YEAR: 2023
LATITUDE: 37 42 N
LONGITUDE: 121 49 W
TEMPERATURE IN F: :PCPN: SNOW: WIND :SUNSHINE: SKY :PK WND
================================================================================
1 2 3 4 5 6A 6B 7 8 9 10 11 12 13 14 15 16 17 18
12Z AVG MX 2MIN
DY MAX MIN AVG DEP HDD CDD WTR SNW DPTH SPD SPD DIR MIN PSBL S-S WX SPD DR
================================================================================
1 107 62 85 14 0 20 0.00 M M 4.5 15 260 M M 0 18 280
2 99 64 82 11 0 17 0.00 M M 7.0 18 260 M M 0 22 270
3 91 58 75 4 0 10 0.00 M M 8.7 16 300 M M 0 19 290
4 86 55 71 -1 0 6 0.00 M M 9.6 17 300 M M 2 18 21 290
5 80 56 68 -4 0 3 0.00 M M 10.2 20 290 M M 2 1 24 300
6 77 56 67 -5 0 2 0.00 M M 11.6 21 290 M M 4 25 290
7 70 53 62 -10 3 0 0.00 M M 12.4 22 290 M M 4 26 290
8 71 52 62 -10 3 0 0.00 M M 11.5 20 270 M M 3 24 270
9 68 53 61 -11 4 0 0.00 M M 11.2 18 280 M M 7 24 270
10 86 55 71 -1 0 6 0.00 M M 6.4 15 290 M M 4 19 300
11 96 54 75 3 0 10 0.00 M M 5.0 17 280 M M 0 21 280
12 89 55 72 0 0 7 0.00 M M 7.2 15 280 M M 0 19 290
13 94 56 75 3 0 10 0.00 M M 6.8 16 280 M M 0 20 290
14 99 55 77 5 0 12 0.00 M M 5.8 15 300 M M 0 18 300
15 104 58 81 9 0 16 0.00 M M 5.6 13 280 M M 0 15 290
16 104 64 84 12 0 19 0.00 M M 5.5 17 290 M M 0 21 290
17 100 66 83 11 0 18 T M M 7.6 17 240 M M 0 22 250
18 89 58 74 2 0 9 0.00 M M 8.6 18 310 M M 0 22 300
19 90 56 73 1 0 8 0.00 M M 8.1 16 290 M M 2 8 20 290
20 98 56 77 5 0 12 0.00 M M 4.7 15 290 M M 0 18 18 280
21 104 59 82 10 0 17 0.00 M M 3.9 15 300 M M 0 19 300
22 105 58 82 10 0 17 0.00 M M 4.6 16 290 M M 0 21 300
23 96 62 79 7 0 14 0.00 M M 6.7 16 200 M M 0 22 200
24 90 57 74 2 0 9 0.00 M M 8.9 16 310 M M 0 8 20 300
25 96 56 76 4 0 11 0.00 M M 6.1 16 290 M M 0 20 290
26 90 58 74 2 0 9 0.00 M M 10.1 20 290 M M 0 24 290
27 85 57 71 -1 0 6 0.00 M M 9.7 22 300 M M 0 26 300
28 90 55 73 1 0 8 0.00 M M 7.5 16 280 M M 0 20 270
29 88 54 71 -1 0 6 0.00 M M 8.4 18 290 M M 0 24 290
30 92 54 73 1 0 8 0.00 M M 7.4 18 290 M M 0 23 300
31 92 56 74 2 0 9 0.00 M M 6.8 16 280 M M 0 20 300
================================================================================
SM 2826 1768 10 299 T M 238.1 M 28
================================================================================
AV 91.2 57.0 7.7 FASTST M M 1 MAX(MPH)
MISC ----> # 22 290 # 26 290
================================================================================
NOTES:
# LAST OF SEVERAL OCCURRENCES
COLUMN 17 PEAK WIND IN M.P.H.
PRELIMINARY LOCAL CLIMATOLOGICAL DATA (WS FORM: F-6) , PAGE 2
STATION: LIVERMORE AIRPORT
MONTH: JULY
YEAR: 2023
LATITUDE: 37 42 N
LONGITUDE: 121 49 W
[TEMPERATURE DATA] [PRECIPITATION DATA] SYMBOLS USED IN COLUMN 16
AVERAGE MONTHLY: 74.1 TOTAL FOR MONTH: T 1 = FOG OR MIST
DPTR FM NORMAL: 1.9 DPTR FM NORMAL: -0.00 2 = FOG REDUCING VISIBILITY
HIGHEST: 107 ON 1 GRTST 24HR T ON 17-17 TO 1/4 MILE OR LESS
LOWEST: 52 ON 8 3 = THUNDER
SNOW, ICE PELLETS, HAIL 4 = ICE PELLETS
TOTAL MONTH: M 5 = HAIL
GRTST 24HR M ON M 6 = FREEZING RAIN OR DRIZZLE
GRTST DEPTH: M ON M 7 = DUSTSTORM OR SANDSTORM:
VSBY 1/2 MILE OR LESS
8 = SMOKE OR HAZE
[NO. OF DAYS WITH] [WEATHER - DAYS WITH] 9 = BLOWING SNOW
X = TORNADO
MAX 32 OR BELOW: 0 0.01 INCH OR MORE: 0
MAX 90 OR ABOVE: 20 0.10 INCH OR MORE: 0
MIN 32 OR BELOW: 0 0.50 INCH OR MORE: 0
MIN 0 OR BELOW: 0 1.00 INCH OR MORE: 0
[HDD (BASE 65) ]
TOTAL THIS MO. 10 CLEAR (SCALE 0-3) 26
DPTR FM NORMAL 6 PTCLDY (SCALE 4-7) 5
TOTAL FM JUL 1 10 CLOUDY (SCALE 8-10) 0
DPTR FM NORMAL 10
[CDD (BASE 65) ]
TOTAL THIS MO. 299
DPTR FM NORMAL 73 [PRESSURE DATA]
TOTAL FM JAN 1 400 HIGHEST SLP M ON M
DPTR FM NORMAL -3 LOWEST SLP 29.74 ON 22
[REMARKS]
#FINAL-07-23#