224
CXUS56 KTFX 011110
CF6LWT
PRELIMINARY LOCAL CLIMATOLOGICAL DATA (WS FORM: F-6)
STATION: LEWISTOWN MT
MONTH: JULY
YEAR: 2020
LATITUDE: 47 2 N
LONGITUDE: 109 28 W
TEMPERATURE IN F: :PCPN: SNOW: WIND :SUNSHINE: SKY :PK WND
================================================================================
1 2 3 4 5 6A 6B 7 8 9 10 11 12 13 14 15 16 17 18
12Z AVG MX 2MIN
DY MAX MIN AVG DEP HDD CDD WTR SNW DPTH SPD SPD DIR MIN PSBL S-S WX SPD DR
================================================================================
1 70 45 58 -4 7 0 0.03 0.0 0 11.2 26 180 M M 3 3 34 190
2 78 41 60 -2 5 0 0.00 0.0 0 10.3 32 240 M M 0 39 240
3 82 48 65 2 0 0 0.05 0.0 0 4.6 28 260 M M 1 3 35 270
4 83 48 66 3 0 1 0.01 0.0 0 6.9 26 320 M M 1 3 37 310
5 74 53 64 1 1 0 0.02 0.0 0 6.5 13 360 M M 1 18 20
6 75 47 61 -3 4 0 0.10 0.0 0 7.3 17 100 M M 2 20 100
7 80 51 66 2 0 1 0.11 0.0 0 10.8 35 300 M M 1 3 51 300
8 71 47 59 -5 6 0 0.00 0.0 0 13.2 25 250 M M 1 37 270
9 79 41 60 -4 5 0 0.00 0.0 0 6.5 13 100 M M 0 18 270
10 73 49 61 -4 4 0 0.03 0.0 0 7.9 28 300 M M 2 1 37 300
11 83 45 64 -1 1 0 0.00 0.0 0 6.6 15 240 M M 0 21 230
12 80 54 67 2 0 2 T 0.0 0 5.9 18 300 M M 3 30 250
13 71 46 59 -6 6 0 0.00 0.0 0 8.2 23 270 M M 1 29 300
14 73 41 57 -9 8 0 0.00 0.0 0 5.3 16 290 M M 1 20 290
15 78 41 60 -6 5 0 0.00 0.0 0 7.4 18 300 M M 1 25 300
16 86 46 66 0 0 1 0.00 0.0 0 6.5 16 270 M M 0 21 230
17 83 54 69 3 0 4 0.10 0.0 0 8.0 21 170 M M 4 3 26 170
18 75 51 63 -3 2 0 T 0.0 0 7.5 17 250 M M 2 22 250
19 81 46 64 -2 1 0 0.00 0.0 0 6.0 15 300 M M 1 20 290
20 75 48 62 -5 3 0 0.00 0.0 0 7.0 14 10 M M 3 21 330
21 87 49 68 1 0 3 0.00 0.0 0 4.8 14 230 M M 2 17 240
22 94 53 74 7 0 9 T 0.0 0 5.9 28 300 M M 0 36 300
23 83 56 70 3 0 5 T 0.0 0 7.9 36 240 M M 4 3 42 240
24 85 51 68 1 0 3 T 0.0 0 8.8 23 240 M M 2 30 230
25 79 52 66 -1 0 1 0.01 0.0 0 6.8 13 100 M M 2 3 17 330
26 84 52 68 1 0 3 0.00 0.0 0 7.0 15 110 M M 0 18 110
27 89 46 68 1 0 3 0.00 0.0 0 6.8 16 120 M M 0 19 120
28 92 60 76 9 0 11 0.00 0.0 0 6.8 18 250 M M 0 23 250
29 89 58 74 7 0 9 0.00 0.0 0 5.8 12 200 M M 1 16 300
30 93 54 74 7 0 9 0.00 0.0 0 5.1 23 260 M M 0 3 29 260
31 89 55 72 4 0 7 0.00 0.0 0 12.0 22 90 M M 0 27 90
================================================================================
SM 2514 1528 58 72 0.46 0.0 231.3 M 39
================================================================================
AV 81.1 49.3 7.5 FASTST M M 1 MAX(MPH)
MISC ----> 36 240 51 300
================================================================================
NOTES:
# LAST OF SEVERAL OCCURRENCES
COLUMN 17 PEAK WIND IN M.P.H.
PRELIMINARY LOCAL CLIMATOLOGICAL DATA (WS FORM: F-6) , PAGE 2
STATION: LEWISTOWN MT
MONTH: JULY
YEAR: 2020
LATITUDE: 47 2 N
LONGITUDE: 109 28 W
[TEMPERATURE DATA] [PRECIPITATION DATA] SYMBOLS USED IN COLUMN 16
AVERAGE MONTHLY: 65.2 TOTAL FOR MONTH: 0.46 1 = FOG OR MIST
DPTR FM NORMAL: -0.3 DPTR FM NORMAL: -1.47 2 = FOG REDUCING VISIBILITY
HIGHEST: 94 ON 22 GRTST 24HR 0.20 ON 6- 7 TO 1/4 MILE OR LESS
LOWEST: 41 ON 15,14 3 = THUNDER
SNOW, ICE PELLETS, HAIL 4 = ICE PELLETS
TOTAL MONTH: 0.0 INCH 5 = HAIL
GRTST 24HR 0.0 6 = FREEZING RAIN OR DRIZZLE
GRTST DEPTH: 0 7 = DUSTSTORM OR SANDSTORM:
VSBY 1/2 MILE OR LESS
8 = SMOKE OR HAZE
[NO. OF DAYS WITH] [WEATHER - DAYS WITH] 9 = BLOWING SNOW
X = TORNADO
MAX 32 OR BELOW: 0 0.01 INCH OR MORE: 9
MAX 90 OR ABOVE: 3 0.10 INCH OR MORE: 3
MIN 32 OR BELOW: 0 0.50 INCH OR MORE: 0
MIN 0 OR BELOW: 0 1.00 INCH OR MORE: 0
[HDD (BASE 65) ]
TOTAL THIS MO. 58 CLEAR (SCALE 0-3) 29
DPTR FM NORMAL -15 PTCLDY (SCALE 4-7) 2
TOTAL FM JUL 1 58 CLOUDY (SCALE 8-10) 0
DPTR FM NORMAL -13
[CDD (BASE 65) ]
TOTAL THIS MO. 72
DPTR FM NORMAL -16 [PRESSURE DATA]
TOTAL FM JAN 1 99 HIGHEST SLP 30.20 ON 11
DPTR FM NORMAL -11 LOWEST SLP 29.58 ON 7
[REMARKS]
#FINAL-07-20#