000
CXUS56 KTFX 161541
CF6LWT
PRELIMINARY LOCAL CLIMATOLOGICAL DATA (WS FORM: F-6)
STATION: LEWISTOWN MT
MONTH: NOVEMBER
YEAR: 2023
LATITUDE: 47 2 N
LONGITUDE: 109 28 W
TEMPERATURE IN F: :PCPN: SNOW: WIND :SUNSHINE: SKY :PK WND
================================================================================
1 2 3 4 5 6A 6B 7 8 9 10 11 12 13 14 15 16 17 18
12Z AVG MX 2MIN
DY MAX MIN AVG DEP HDD CDD WTR SNW DPTH SPD SPD DIR MIN PSBL S-S WX SPD DR
================================================================================
1 51 22 37 0 28 0 0.00 M M 4.0 10 170 M M M 12 170
2 44 28 36 -1 29 0 0.42 M M 7.3 20 260 M M M 1 24 240
3 56 33 45 9 20 0 0.03 M M 9.3 23 280 M M 1 2 33 300
4 60 27 44 8 21 0 T M M 11.0 29 220 M M 3 37 230
5 57 30 44 8 21 0 T M M 14.5 29 220 M M 3 37 240
6 58 27 43 8 22 0 0.22 M M 7.2 21 250 M M 5 1 29 240
7 52 36 44 9 21 0 0.00 M M 17.8 31 260 M M 4 40 250
8 46 28 37 2 28 0 T M M 15.4 28 300 M M 4 41 310
9 45 21 33 -1 32 0 0.00 M M 5.4 21 270 M M 0 28 270
10 49 24 37 3 28 0 0.00 M M 9.6 24 260 M M 3 32 250
11 50 26 38 4 27 0 T M M 19.3 39 220 M M 1 52 220
12 53 30 42 9 23 0 0.00 M M 14.1 32 250 M M 0 41 260
13 64 30 47 14 18 0 0.00 M M 10.7 24 230 M M 0 33 240
14 49 27 38 5 27 0 0.00 M M 5.1 13 220 M M 3 15 300
15 60 33 47 15 18 0 0.00 M M 12.6 25 220 M M 2 36 220
16 40 25 33 1 32 0 0.04 M M 6.4 17 310 M M 5 12 25 300
17 57 29 43 11 22 0 0.00 M M 4.9 13 270 M M 0 17 270
18 59 28 44 13 21 0 0.00 M M 8.8 22 210 M M 0 29 200
19 56 28 42 11 23 0 0.00 M M 7.7 20 300 M M 2 29 300
20 45 23 34 3 31 0 0.00 M M 8.7 20 300 M M 0 26 300
21 63 23 43 13 22 0 0.00 M M 7.9 18 250 M M 0 23 250
22 54 30 42 12 23 0 T M M 9.3 22 260 M M 7 30 280
23 30 19 25 -5 40 0 T M M 8.3 13 110 M M 10 1 18 340
24 22 11 17 -12 48 0 0.00 M M 4.8 13 100 M M 8 16 80
25 40 8 24 -5 41 0 0.00 M M 8.2 20 320 M M 3 31 320
26 40 20 30 1 35 0 T M M 9.9 18 270 M M 7 23 270
27 50 18 34 6 31 0 T M M 9.1 20 230 M M 1 24 230
28 53 21 37 9 28 0 0.00 M M 6.2 16 260 M M 0 20 270
29 46 15 31 3 34 0 0.00 M M 8.1 16 300 M M 0 27 310
30 34 13 24 -4 41 0 T M M 5.5 12 110 M M 2 1 14 110
================================================================================
SM 1483 733 835 0 0.71 M 277.1 M 74
================================================================================
AV 49.4 24.4 9.2 FASTST M M 3 MAX(MPH)
MISC ----> 39 220 52 220
================================================================================
NOTES:
# LAST OF SEVERAL OCCURRENCES
COLUMN 17 PEAK WIND IN M.P.H.
PRELIMINARY LOCAL CLIMATOLOGICAL DATA (WS FORM: F-6) , PAGE 2
STATION: LEWISTOWN MT
MONTH: NOVEMBER
YEAR: 2023
LATITUDE: 47 2 N
LONGITUDE: 109 28 W
[TEMPERATURE DATA] [PRECIPITATION DATA] SYMBOLS USED IN COLUMN 16
AVERAGE MONTHLY: 36.9 TOTAL FOR MONTH: 0.71 1 = FOG OR MIST
DPTR FM NORMAL: 4.8 DPTR FM NORMAL: 0.04 2 = FOG REDUCING VISIBILITY
HIGHEST: 64 ON 13 GRTST 24HR 0.42 ON 2- 2 TO 1/4 MILE OR LESS
LOWEST: 8 ON 25 3 = THUNDER
SNOW, ICE PELLETS, HAIL 4 = ICE PELLETS
TOTAL MONTH: M 5 = HAIL
GRTST 24HR M ON M 6 = FREEZING RAIN OR DRIZZLE
GRTST DEPTH: M ON M 7 = DUSTSTORM OR SANDSTORM:
VSBY 1/2 MILE OR LESS
8 = SMOKE OR HAZE
[NO. OF DAYS WITH] [WEATHER - DAYS WITH] 9 = BLOWING SNOW
X = TORNADO
MAX 32 OR BELOW: 2 0.01 INCH OR MORE: 4
MAX 90 OR ABOVE: 0 0.10 INCH OR MORE: 2
MIN 32 OR BELOW: 27 0.50 INCH OR MORE: 0
MIN 0 OR BELOW: 0 1.00 INCH OR MORE: 0
[HDD (BASE 65) ]
TOTAL THIS MO. 835 CLEAR (SCALE 0-3) 17
DPTR FM NORMAL -151 PTCLDY (SCALE 4-7) 9
TOTAL FM JUL 1 1820 CLOUDY (SCALE 8-10) 4
DPTR FM NORMAL -270
[CDD (BASE 65) ]
TOTAL THIS MO. 0
DPTR FM NORMAL 0 [PRESSURE DATA]
TOTAL FM JAN 1 229 HIGHEST SLP 30.59 ON 20
DPTR FM NORMAL 0 LOWEST SLP 29.58 ON 15
[REMARKS]
#FINAL-11-23#