000
CXUS53 KILX 010900
CF6LWV
PRELIMINARY LOCAL CLIMATOLOGICAL DATA (WS FORM: F-6)
STATION: LAWRENCEVILLE IL AIRPORT
MONTH: MAY
YEAR: 2022
LATITUDE: 38 45 N
LONGITUDE: 87 36 W
TEMPERATURE IN F: :PCPN: SNOW: WIND :SUNSHINE: SKY :PK WND
================================================================================
1 2 3 4 5 6A 6B 7 8 9 10 11 12 13 14 15 16 17 18
12Z AVG MX 2MIN
DY MAX MIN AVG DEP HDD CDD WTR SNW DPTH SPD SPD DIR MIN PSBL S-S WX SPD DR
================================================================================
1 72 51 62 0 3 0 0.00 M M 12.1 25 230 M M 1 37 250
2 70 47 59 -3 6 0 T M M 3.8 15 80 M M 2 20 80
3 78 53 66 4 0 1 0.02 M M 16.1 32 230 M M 8 13 42 220
4 62 50 56 -7 9 0 0.00 M M 7.5 16 350 M M 9 21 40
5 62 53 58 -5 7 0 0.21 M M 7.6 20 90 M M 7 13 24 100
6 66 55 61 -2 4 0 0.04 M M 9.1 22 290 M M 10 13 27 290
7 71 53 62 -2 3 0 0.00 M M 11.5 22 10 M M 5 30 10
8 74 49 62 -2 3 0 0.00 M M 10.2 21 150 M M 0 29 110
9 82 55 69 5 0 4 0.00 M M 16.2 28 150 M M 4 37 150
10 90 66 78 14 0 13 0.00 M M 10.6 20 190 M M 5 29 190
11 92 73 83 18 0 18 0.00 M M 5.9 13 130 M M 3 19 100
12 91 68 80 15 0 15 0.00 M M 7.4 15 120 M M 1 21 130
13 91 61 76 10 0 11 0.00 M M 6.9 16 150 M M 1 23 130
14 90 65 78 12 0 13 T M M 7.1 29 50 M M 3 3 43 80
15 89 59 74 8 0 9 0.69 M M 6.9 24 360 M M 3 38 34 360
16 81 54 68 2 0 3 0.00 M M 9.4 21 300 M M 1 31 290
17 85 56 71 4 0 6 0.00 M M 6.0 16 260 M M 0 22 280
18 72 64 68 1 0 3 0.14 M M 7.8 21 190 M M 5 13 26 180
19 84 60 72 5 0 7 0.42 M M 9.1 47 220 M M 5 123 65 200
20 90 67 79 11 0 14 0.00 M M 16.7 31 190 M M 1 43 190
21 83 63 73 5 0 8 0.70 M M 9.3 33 310 M M 5 123 43 300
22 66 56 61 -7 4 0 T M M 11.1 21 340 M M 7 25 350
23 70 53 62 -7 3 0 0.00 M M 9.7 22 50 M M 3 30 60
24 79 54 67 -2 0 2 T M M 10.8 20 120 M M 1 32 110
25 83 66 75 6 0 10 0.32 M M 16.1 33 160 M M 7 1 40 160
26 79 61 70 0 0 5 0.62 M M 11.6 31 160 M M 8 138 40 150
27 72 60 66 -4 0 1 0.29 M M 8.6 20 270 M M 9 1 27 260
28 76 60 68 -2 0 3 0.00 M M 5.6 14 170 M M 5 17 180
29 85 60 73 3 0 8 0.00 M M 12.1 22 160 M M 0 29 150
30 89 67 78 7 0 13 0.00 M M 13.8 26 170 M M 1 34 190
31 92 69 81 10 0 16 0.00 M M 11.2 24 230 M M 1 30 190
================================================================================
SM 2466 1828 42 183 3.45 M 307.8 M 121
================================================================================
AV 79.5 59.0 9.9 FASTST M M 4 MAX(MPH)
MISC ----> 47 220 65 200
================================================================================
NOTES:
# LAST OF SEVERAL OCCURRENCES
COLUMN 17 PEAK WIND IN M.P.H.
PRELIMINARY LOCAL CLIMATOLOGICAL DATA (WS FORM: F-6) , PAGE 2
STATION: LAWRENCEVILLE IL AIRPORT
MONTH: MAY
YEAR: 2022
LATITUDE: 38 45 N
LONGITUDE: 87 36 W
[TEMPERATURE DATA] [PRECIPITATION DATA] SYMBOLS USED IN COLUMN 16
AVERAGE MONTHLY: 69.3 TOTAL FOR MONTH: 3.45 1 = FOG OR MIST
DPTR FM NORMAL: 2.9 DPTR FM NORMAL: -1.40 2 = FOG REDUCING VISIBILITY
HIGHEST: 92 ON 31,11 GRTST 24HR 0.70 ON 21-21 TO 1/4 MILE OR LESS
LOWEST: 47 ON 2 3 = THUNDER
SNOW, ICE PELLETS, HAIL 4 = ICE PELLETS
TOTAL MONTH: M 5 = HAIL
GRTST 24HR M ON M 6 = FREEZING RAIN OR DRIZZLE
GRTST DEPTH: M ON M 7 = DUSTSTORM OR SANDSTORM:
VSBY 1/2 MILE OR LESS
8 = SMOKE OR HAZE
[NO. OF DAYS WITH] [WEATHER - DAYS WITH] 9 = BLOWING SNOW
X = TORNADO
MAX 32 OR BELOW: 0 0.01 INCH OR MORE: 10
MAX 90 OR ABOVE: 7 0.10 INCH OR MORE: 8
MIN 32 OR BELOW: 0 0.50 INCH OR MORE: 3
MIN 0 OR BELOW: 0 1.00 INCH OR MORE: 0
[HDD (BASE 65) ]
TOTAL THIS MO. 42 CLEAR (SCALE 0-3) 15
DPTR FM NORMAL -43 PTCLDY (SCALE 4-7) 12
TOTAL FM JUL 1 3979 CLOUDY (SCALE 8-10) 4
DPTR FM NORMAL -730
[CDD (BASE 65) ]
TOTAL THIS MO. 183
DPTR FM NORMAL 55 [PRESSURE DATA]
TOTAL FM JAN 1 204 HIGHEST SLP 30.32 ON 22
DPTR FM NORMAL 50 LOWEST SLP 29.53 ON 19
[REMARKS]
#FINAL-05-22#