000
CXUS55 KPUB 011210
CF6LXV
PRELIMINARY LOCAL CLIMATOLOGICAL DATA (WS FORM: F-6)
STATION: LEADVILLE CO
MONTH: JUNE
YEAR: 2021
LATITUDE: 39 15 N
LONGITUDE: 106 18 W
TEMPERATURE IN F: :PCPN: SNOW: WIND :SUNSHINE: SKY :PK WND
================================================================================
1 2 3 4 5 6A 6B 7 8 9 10 11 12 13 14 15 16 17 18
12Z AVG MX 2MIN
DY MAX MIN AVG DEP HDD CDD WTR SNW DPTH SPD SPD DIR MIN PSBL S-S WX SPD DR
================================================================================
1 58 26 42 -4 23 0 T M M 7.3 22 300 M M 6 3 34 290
2 62 32 47 0 18 0 T M M 5.6 22 310 M M 6 12 32 360
3 70 29 50 3 15 0 T M M 5.0 20 10 M M 3 30 360
4 75 31 53 6 12 0 0.08 M M 6.2 22 260 M M 2 3 31 70
5 74 34 54 6 11 0 0.03 M M 4.4 18 290 M M 4 13 29 80
6 68 34 51 3 14 0 0.05 M M 6.3 25 210 M M 3 3 34 200
7 71 32 52 4 13 0 T M M 6.8 25 240 M M 2 37 240
8 73 31 52 4 13 0 0.00 M M 8.8 28 190 M M 0 45 180
9 75 30 53 4 12 0 0.00 M M 6.9 20 180 M M 0 25 160
10 75 35 55 6 10 0 0.00 M M 11.2 35 180 M M 0 47 180
11 72 33 53 4 12 0 0.00 M M 8.2 21 230 M M 0 29 220
12 76 31 54 5 11 0 0.00 M M 6.0 18 310 M M 0 29 260
13 78 34 56 6 9 0 0.00 M M 5.4 16 280 M M 0 26 270
14 81 36 59 9 6 0 0.00 M M 5.5 17 320 M M 0 3 27 20
15 82 40 61 11 4 0 0.00 M M 5.8 21 280 M M 0 29 270
16 82 38 60 10 5 0 0.00 M M 5.1 21 300 M M 1 29 320
17 80 39 60 9 5 0 0.00 M M 6.0 23 200 M M 3 3 31 160
18 77 43 60 9 5 0 0.12 M M 7.4 18 160 M M 3 13 28 160
19 70 38 54 3 11 0 T M M 7.0 33 300 M M 3 45 310
20 73 36 55 4 10 0 0.00 M M 8.7 31 310 M M 3 50 310
21 72 41 57 5 8 0 0.00 M M 6.2 23 300 M M 2 8 31 310
22 76 35 56 4 9 0 0.00 M M 8.6 25 310 M M 1 44 300
23 70 35 53 1 12 0 0.03 M M 6.3 17 280 M M 4 1 25 330
24 66 36 51 -1 14 0 0.11 M M 4.5 24 340 M M 5 13 42 340
25 63 34 49 -3 16 0 0.03 M M 7.3 21 310 M M 5 1 31 330
26 55 38 47 -5 18 0 0.26 M M 5.5 21 10 M M 9 13 31 350
27 62 36 49 -4 16 0 T M M 6.1 30 10 M M 7 13 42 10
28 61 37 49 -4 16 0 0.02 M M 3.3 20 10 M M 7 1 29 10
29 63 37 50 -3 15 0 T M M 6.3 25 190 M M 8 34 190
30 67 37 52 -1 13 0 0.20 M M 5.9 20 180 M M 7 13 28 190
================================================================================
SM 2127 1048 356 0 0.93 M 193.6 M 94
================================================================================
AV 70.9 34.9 6.5 FASTST M M 3 MAX(MPH)
MISC ----> 35 180 50 310
================================================================================
NOTES:
# LAST OF SEVERAL OCCURRENCES
COLUMN 17 PEAK WIND IN M.P.H.
PRELIMINARY LOCAL CLIMATOLOGICAL DATA (WS FORM: F-6) , PAGE 2
STATION: LEADVILLE CO
MONTH: JUNE
YEAR: 2021
LATITUDE: 39 15 N
LONGITUDE: 106 18 W
[TEMPERATURE DATA] [PRECIPITATION DATA] SYMBOLS USED IN COLUMN 16
AVERAGE MONTHLY: 52.9 TOTAL FOR MONTH: 0.93 1 = FOG OR MIST
DPTR FM NORMAL: 2.8 DPTR FM NORMAL: 0.11 2 = FOG REDUCING VISIBILITY
HIGHEST: 82 ON 16,15 GRTST 24HR 0.26 ON 25-26 TO 1/4 MILE OR LESS
LOWEST: 26 ON 1 3 = THUNDER
SNOW, ICE PELLETS, HAIL 4 = ICE PELLETS
TOTAL MONTH: M 5 = HAIL
GRTST 24HR M ON M 6 = FREEZING RAIN OR DRIZZLE
GRTST DEPTH: M ON M 7 = DUSTSTORM OR SANDSTORM:
VSBY 1/2 MILE OR LESS
8 = SMOKE OR HAZE
[NO. OF DAYS WITH] [WEATHER - DAYS WITH] 9 = BLOWING SNOW
X = TORNADO
MAX 32 OR BELOW: 0 0.01 INCH OR MORE: 10
MAX 90 OR ABOVE: 0 0.10 INCH OR MORE: 4
MIN 32 OR BELOW: 8 0.50 INCH OR MORE: 0
MIN 0 OR BELOW: 0 1.00 INCH OR MORE: 0
[HDD (BASE 65) ]
TOTAL THIS MO. 356 CLEAR (SCALE 0-3) 18
DPTR FM NORMAL -91 PTCLDY (SCALE 4-7) 10
TOTAL FM JUL 1 10858 CLOUDY (SCALE 8-10) 2
DPTR FM NORMAL -203
[CDD (BASE 65) ]
TOTAL THIS MO. 0
DPTR FM NORMAL 0 [PRESSURE DATA]
TOTAL FM JAN 1 0 HIGHEST SLP 30.20 ON 1
DPTR FM NORMAL 0 LOWEST SLP 29.69 ON 22
[REMARKS]
#FINAL-06-21#