000
CXUS54 KLZK 010044
CF6LZK
PRELIMINARY LOCAL CLIMATOLOGICAL DATA (WS FORM: F-6)
STATION: NORTH LITTLE ROCK
MONTH: MAY
YEAR: 2021
LATITUDE: 34 50 N
LONGITUDE: 92 16 W
TEMPERATURE IN F: :PCPN: SNOW: WIND :SUNSHINE: SKY :PK WND
================================================================================
1 2 3 4 5 6A 6B 7 8 9 10 11 12 13 14 15 16 17 18
12Z AVG MX 2MIN
DY MAX MIN AVG DEP HDD CDD WTR SNW DPTH SPD SPD DIR MIN PSBL S-S WX SPD DR
================================================================================
1 79 54 67 1 0 2 0.00 0.0 0 3.5 9 160 M M 2 M M
2 68 63 66 0 0 1 0.26 0.0 0 3.4 9 160 M M 6 M M
3 82 63 73 7 0 8 T 0.0 0 4.4 12 220 M M 5 M M
4 77 53 65 -2 0 0 0.21 0.0 0 6.1 10 340 M M 6 3 M M
5 73 49 61 -6 4 0 0.00 0.0 0 3.9 9 50 M M 1 M M
6 79 54 67 0 0 2 0.00 0.0 0 4.5 15 320 M M 1 M M
7 72 51 62 -5 3 0 0.16 0.0 0 2.5 6 180 M M 4 3 M M
8 84 55 70 2 0 5 0.00 0.0 0 4.4 9 180 M M 2 M M
9 81 55 68 0 0 3 0.26 0.0 0 8.8 14 220 M M 7 3 M M
10 61 50 56 -12 9 0 0.15 0.0 0 M M M M M M 3 M M
11 64 53 59 -9 6 0 0.60 0.0 0 8.7 13 90 M M 9 13 M M
12 67 52 60 -9 5 0 0.00 0.0 0 8.1 13 70 M M 9 M M
13 71 51 61 -8 4 0 0.00 0.0 0 5.8 10 70 M M 3 M M
14 74 51 63 -6 2 0 0.00 0.0 0 3.3 8 140 M M 0 M M
15 80 53 67 -3 0 2 0.00 0.0 0 3.1 9 160 M M 2 M M
16 81 62 72 2 0 7 T 0.0 0 5.7 13 160 M M 4 M M
17 75 61 68 -2 0 3 0.80 0.0 0 5.9 13 140 M M 7 1 M M
18 79 63 71 1 0 6 1.51 0.0 0 6.6 14 90 M M 8 1 M M
19 72 64 68 -3 0 3 0.58 0.0 0 8.8 13 140 M M 9 8 M M
20 80 67 74 3 0 9 0.17 0.0 0 8.1 13 140 M M 6 M M
21 77 67 72 1 0 7 T 0.0 0 3.4 10 160 M M 7 M M
22 85 63 74 2 0 9 0.00 0.0 0 2.4 7 140 M M 4 M M
23 84 64 74 2 0 9 0.00 0.0 0 0.8 6 160 M M 4 M M
24 84 64 74 2 0 9 0.00 0.0 0 2.4 8 160 M M 3 18 160
25 83 69 76 3 0 11 0.02 0.0 0 3.1 9 220 M M 5 8 M M
26 84 68 76 3 0 11 T 0.0 0 3.5 12 220 M M 4 M M
27 87 65 76 3 0 11 0.76 0.0 0 4.8 12 220 M M 1 3 M M
28 81 59 70 -4 0 5 0.25 0.0 0 5.1 10 90 M M 4 M M
29 67 52 60 -14 5 0 0.00 0.0 0 6.6 13 50 M M 7 M M
30 72 54 63 -11 2 0 0.00 0.0 0 4.9 10 90 M M 6 M M
31 76 54 65 -9 0 0 0.00 0.0 0 4.4 11 130 M M 2 16 150
================================================================================
SM 2379 1803 40 123 5.73 0.0 147.0 M 138
================================================================================
AV 76.7 58.2 4.9 FASTST M M 5 MAX(MPH)
MISC ----> 15 320 18 160
================================================================================
NOTES:
# LAST OF SEVERAL OCCURRENCES
COLUMN 17 PEAK WIND IN M.P.H.
PRELIMINARY LOCAL CLIMATOLOGICAL DATA (WS FORM: F-6) , PAGE 2
STATION: NORTH LITTLE ROCK
MONTH: MAY
YEAR: 2021
LATITUDE: 34 50 N
LONGITUDE: 92 16 W
[TEMPERATURE DATA] [PRECIPITATION DATA] SYMBOLS USED IN COLUMN 16
AVERAGE MONTHLY: 67.5 TOTAL FOR MONTH: 5.73 1 = FOG OR MIST
DPTR FM NORMAL: -2.5 DPTR FM NORMAL: 0.34 2 = FOG REDUCING VISIBILITY
HIGHEST: 87 ON 27 GRTST 24HR 1.51 ON 18-18 TO 1/4 MILE OR LESS
LOWEST: 49 ON 5 3 = THUNDER
SNOW, ICE PELLETS, HAIL 4 = ICE PELLETS
TOTAL MONTH: 0.0 INCH 5 = HAIL
GRTST 24HR 0.0 6 = FREEZING RAIN OR DRIZZLE
GRTST DEPTH: 0 7 = DUSTSTORM OR SANDSTORM:
VSBY 1/2 MILE OR LESS
8 = SMOKE OR HAZE
[NO. OF DAYS WITH] [WEATHER - DAYS WITH] 9 = BLOWING SNOW
X = TORNADO
MAX 32 OR BELOW: 0 0.01 INCH OR MORE: 13
MAX 90 OR ABOVE: 0 0.10 INCH OR MORE: 12
MIN 32 OR BELOW: 0 0.50 INCH OR MORE: 5
MIN 0 OR BELOW: 0 1.00 INCH OR MORE: 1
[HDD (BASE 65) ]
TOTAL THIS MO. 40 CLEAR (SCALE 0-3) 10
DPTR FM NORMAL 7 PTCLDY (SCALE 4-7) 16
TOTAL FM JUL 1 3159 CLOUDY (SCALE 8-10) 5
DPTR FM NORMAL 17
[CDD (BASE 65) ]
TOTAL THIS MO. 123
DPTR FM NORMAL -65 [PRESSURE DATA]
TOTAL FM JAN 1 163 HIGHEST SLP M ON M
DPTR FM NORMAL -94 LOWEST SLP 29.57 ON 2
[REMARKS]
#FINAL-05-21#