123
CXUS54 KLZK 130336
CF6LZK
PRELIMINARY LOCAL CLIMATOLOGICAL DATA (WS FORM: F-6)
STATION: North Little Rock
MONTH: SEPTEMBER
YEAR: 2020
LATITUDE: 34 50 N
LONGITUDE: 92 16 W
TEMPERATURE IN F: :PCPN: SNOW: WIND :SUNSHINE: SKY :PK WND
================================================================================
1 2 3 4 5 6A 6B 7 8 9 10 11 12 13 14 15 16 17 18
12Z AVG MX 2MIN
DY MAX MIN AVG DEP HDD CDD WTR SNW DPTH SPD SPD DIR MIN PSBL S-S WX SPD DR
================================================================================
1 86 71 79 -1 0 14 1.09 0.0 0 5.0 17 320 M M 0 3 26 270
2 79 72 76 -3 0 11 0.08 0.0 0 3.0 9 220 M M 0 123 13 200
3 83 72 78 -1 0 13 T 0.0 0 3.0 9 240 M M 0 1 13 270
4 87 71 79 0 0 14 T 0.0 0 6.0 14 90 M M 0 16 60
5 86 65 76 -2 0 11 0.00 0.0 0 4.0 11 60 M M 0 13 90
6 89 66 78 0 0 13 0.00 0.0 0 4.0 10 220 M M 0 13 240
7 89 70 80 2 0 15 0.00 0.0 0 6.0 11 240 M M 0 17 220
8 88 70 79 2 0 14 0.00 0.0 0 6.0 14 130 M M 0 20 150
9 89 69 79 2 0 14 0.00 0.0 0 7.0 14 90 M M 0 17 90
10 89 69 79 2 0 14 0.00 0.0 0 5.0 10 340 M M 0 13 340
11 89 68 79 3 0 14 0.00 0.0 0 5.0 10 360 M M 0 14 340
12 88 70 79 3 0 14 0.00 0.0 0 1.5 6 320 M M 0 M M
13 85 69 77 1 0 12 0.00 0.0 0 7.0 15 60 M M 0 1 19 60
14 84 67 76 1 0 11 0.00 0.0 0 12.0 17 60 M M 0 21 90
15 85 65 75 0 0 10 0.00 0.0 0 8.0 13 60 M M 0 17 90
16 86 67 77 3 0 12 0.00 0.0 0 7.0 14 90 M M 0 18 60
17 82 69 76 2 0 11 0.00 0.0 0 6.0 13 360 M M 0 17 360
18 78 61 70 -4 0 5 0.00 0.0 0 9.0 16 40 M M 0 20 90
19 75 55 65 -8 0 0 0.00 0.0 0 10.0 16 40 M M 0 21 60
20 81 56 69 -4 0 4 0.00 0.0 0 10.0 16 90 M M 0 20 90
21 76 60 68 -4 0 3 T 0.0 0 8.0 16 90 M M 0 19 130
22 68 61 65 -7 0 0 0.69 0.0 0 8.0 13 90 M M 0 16 90
23 61 57 59 -13 6 0 0.81 0.0 0 13.0 19 90 M M 0 1 24 90
24 66 58 62 -9 3 0 0.07 0.0 0 4.2 10 50 M M 0 1 M M
25 74 58 66 -5 0 1 0.00 0.0 0 0.8 5 180 M M 0 1 M M
26 74 58 66 -4 0 1 0.00 0.0 0 5.0 13 220 M M 0 18 180
27 83 61 72 2 0 7 0.00 0.0 0 6.0 14 220 M M 0 22 220
28 73 55 64 -6 1 0 0.30 0.0 0 8.0 19 340 M M 0 3 25 340
29 71 52 62 -7 3 0 0.00 0.0 0 5.0 14 320 M M 0 20 340
30 83 52 68 -1 0 3 0.00 0.0 0 7.0 15 220 M M 0 23 220
================================================================================
SM 2427 1914 13 241 3.04 0.0 189.5 M 0
================================================================================
AV 80.9 63.8 6.3 FASTST M M 0 MAX(MPH)
MISC ----> # 19 90 # 26 270
================================================================================
NOTES:
# LAST OF SEVERAL OCCURRENCES
COLUMN 17 PEAK WIND IN M.P.H.
PRELIMINARY LOCAL CLIMATOLOGICAL DATA (WS FORM: F-6) , PAGE 2
STATION: North Little Rock
MONTH: SEPTEMBER
YEAR: 2020
LATITUDE: 34 50 N
LONGITUDE: 92 16 W
[TEMPERATURE DATA] [PRECIPITATION DATA] SYMBOLS USED IN COLUMN 16
AVERAGE MONTHLY: 72.4 TOTAL FOR MONTH: 3.04 1 = FOG OR MIST
DPTR FM NORMAL: -2.2 DPTR FM NORMAL: -0.27 2 = FOG REDUCING VISIBILITY
HIGHEST: 89 ON 11,10 GRTST 24HR 1.09 ON 1- 1 TO 1/4 MILE OR LESS
LOWEST: 52 ON 30,29 3 = THUNDER
SNOW, ICE PELLETS, HAIL 4 = ICE PELLETS
TOTAL MONTH: 0.0 INCH 5 = HAIL
GRTST 24HR 0.0 6 = FREEZING RAIN OR DRIZZLE
GRTST DEPTH: 0 7 = DUSTSTORM OR SANDSTORM:
VSBY 1/2 MILE OR LESS
8 = SMOKE OR HAZE
[NO. OF DAYS WITH] [WEATHER - DAYS WITH] 9 = BLOWING SNOW
X = TORNADO
MAX 32 OR BELOW: 0 0.01 INCH OR MORE: 6
MAX 90 OR ABOVE: 0 0.10 INCH OR MORE: 4
MIN 32 OR BELOW: 0 0.50 INCH OR MORE: 3
MIN 0 OR BELOW: 0 1.00 INCH OR MORE: 1
[HDD (BASE 65) ]
TOTAL THIS MO. 13 CLEAR (SCALE 0-3) 30
DPTR FM NORMAL 0 PTCLDY (SCALE 4-7) 0
TOTAL FM JUL 1 13 CLOUDY (SCALE 8-10) 0
DPTR FM NORMAL 0
[CDD (BASE 65) ]
TOTAL THIS MO. 241
DPTR FM NORMAL -56 [PRESSURE DATA]
TOTAL FM JAN 1 1801 HIGHEST SLP 30.33 ON 5
DPTR FM NORMAL -273 LOWEST SLP 29.74 ON 27
[REMARKS]
#FINAL-09-20#