000
CXUS54 KLZK 011130
CF6M19
PRELIMINARY LOCAL CLIMATOLOGICAL DATA (WS FORM: F-6)
STATION: NEWPORT AIRPORT
MONTH: APRIL
YEAR: 2022
LATITUDE: 35 35 N
LONGITUDE: 91 16 W
TEMPERATURE IN F: :PCPN: SNOW: WIND :SUNSHINE: SKY :PK WND
================================================================================
1 2 3 4 5 6A 6B 7 8 9 10 11 12 13 14 15 16 17 18
12Z AVG MX 2MIN
DY MAX MIN AVG DEP HDD CDD WTR SNW DPTH SPD SPD DIR MIN PSBL S-S WX SPD DR
================================================================================
1 56 34 45 -11 20 0 0.00 M M 5.7 10 310 M M 0 M M
2 71 44 58 2 7 0 T M M 6.7 16 330 M M 4 20 330
3 67 43 55 -1 10 0 0.00 M M 7.0 9 90 M M 0 18 110
4 63 50 57 0 8 0 0.01 M M 6.7 13 100 M M 5 30 330
5 72 53 63 6 2 0 0.44 M M 8.3 14 170 M M 5 1 M M
6 67 51 59 1 6 0 0.60 M M 10.6 30 340 M M 6 13 37 330
7 63 44 54 -4 11 0 T M M 17.1 27 290 M M 3 38 290
8 49 42 46 -12 19 0 T M M 15.3 23 300 M M 9 33 300
9 67 38 53 -5 12 0 0.00 M M 10.0 16 190 M M 1 18 250
10 80 48 64 5 1 0 0.00 M M 19.7 32 190 M M 0 44 200
11 69 58 64 5 1 0 1.15 M M 10.8 25 340 M M 8 13 29 340
12 80 62 71 12 0 6 0.57 M M 18.7 30 150 M M 8 13 37 170
13 76 47 62 2 3 0 0.84 M M 18.4 39 240 M M 6 138 49 240
14 66 40 53 -7 12 0 0.00 M M 6.1 13 330 M M 0 M M
15 77 48 63 3 2 0 T M M 10.6 16 180 M M 5 M M
16 63 53 58 -3 7 0 T M M 14.0 21 20 M M 7 30 360
17 55 45 50 -11 15 0 0.28 M M 15.3 20 60 M M 10 1 24 60
18 65 43 54 -7 11 0 0.00 M M 12.1 18 330 M M 4 22 350
19 60 36 48 -14 17 0 0.00 M M 7.7 15 50 M M 0 M M
20 63 49 56 -6 9 0 0.87 M M 11.2 20 180 M M 8 1 31 180
21 77 62 70 8 0 5 2.89 M M 10.7 27 180 M M 7 13 36 200
22 81 65 73 11 0 8 0.00 M M 13.4 18 170 M M 3 24 170
23 80 63 72 9 0 7 0.00 M M 17.4 30 200 M M 2 37 200
24 82 67 75 12 0 10 0.01 M M 16.0 29 180 M M 7 45 180
25 69 51 60 -3 5 0 0.67 M M 10.2 20 350 M M 5 1 31 350
26 64 48 56 -8 9 0 0.00 M M 9.0 17 30 M M 0 20 30
27 71 45 58 -6 7 0 T M M 4.5 10 120 M M 0 M M
28 77 50 64 0 1 0 T M M 6.4 16 180 M M 3 M M
29 82 55 69 4 0 4 T M M 13.2 28 190 M M 2 32 180
30 80 63 72 7 0 7 T M M 15.8 24 200 M M 5 35 210
================================================================================
SM 2092 1497 195 47 8.33 M 348.6 M 123
================================================================================
AV 69.7 49.9 11.6 FASTST M M 4 MAX(MPH)
MISC ----> 39 240 49 240
================================================================================
NOTES:
# LAST OF SEVERAL OCCURRENCES
COLUMN 17 PEAK WIND IN M.P.H.
PRELIMINARY LOCAL CLIMATOLOGICAL DATA (WS FORM: F-6) , PAGE 2
STATION: NEWPORT AIRPORT
MONTH: APRIL
YEAR: 2022
LATITUDE: 35 35 N
LONGITUDE: 91 16 W
[TEMPERATURE DATA] [PRECIPITATION DATA] SYMBOLS USED IN COLUMN 16
AVERAGE MONTHLY: 59.8 TOTAL FOR MONTH: 8.33 1 = FOG OR MIST
DPTR FM NORMAL: -0.6 DPTR FM NORMAL: 3.48 2 = FOG REDUCING VISIBILITY
HIGHEST: 82 ON 29,24 GRTST 24HR 2.89 ON 21-21 TO 1/4 MILE OR LESS
LOWEST: 34 ON 1 3 = THUNDER
SNOW, ICE PELLETS, HAIL 4 = ICE PELLETS
TOTAL MONTH: M 5 = HAIL
GRTST 24HR M ON M 6 = FREEZING RAIN OR DRIZZLE
GRTST DEPTH: M ON M 7 = DUSTSTORM OR SANDSTORM:
VSBY 1/2 MILE OR LESS
8 = SMOKE OR HAZE
[NO. OF DAYS WITH] [WEATHER - DAYS WITH] 9 = BLOWING SNOW
X = TORNADO
MAX 32 OR BELOW: 0 0.01 INCH OR MORE: 11
MAX 90 OR ABOVE: 0 0.10 INCH OR MORE: 9
MIN 32 OR BELOW: 0 0.50 INCH OR MORE: 7
MIN 0 OR BELOW: 0 1.00 INCH OR MORE: 2
[HDD (BASE 65) ]
TOTAL THIS MO. 195 CLEAR (SCALE 0-3) 12
DPTR FM NORMAL 14 PTCLDY (SCALE 4-7) 16
TOTAL FM JUL 1 3185 CLOUDY (SCALE 8-10) 2
DPTR FM NORMAL -400
[CDD (BASE 65) ]
TOTAL THIS MO. 47
DPTR FM NORMAL 2 [PRESSURE DATA]
TOTAL FM JAN 1 53 HIGHEST SLP M ON M
DPTR FM NORMAL 1 LOWEST SLP M ON M
[REMARKS]
#FINAL-04-22#