000
CXUS54 KLZK 011231
CF6M19
PRELIMINARY LOCAL CLIMATOLOGICAL DATA (WS FORM: F-6)
STATION: NEWPORT AIRPORT
MONTH: FEBRUARY
YEAR: 2022
LATITUDE: 35 35 N
LONGITUDE: 91 16 W
TEMPERATURE IN F: :PCPN: SNOW: WIND :SUNSHINE: SKY :PK WND
================================================================================
1 2 3 4 5 6A 6B 7 8 9 10 11 12 13 14 15 16 17 18
12Z AVG MX 2MIN
DY MAX MIN AVG DEP HDD CDD WTR SNW DPTH SPD SPD DIR MIN PSBL S-S WX SPD DR
================================================================================
1 64 41 53 15 12 0 0.07 M M 10.3 17 170 M M 9 M M
2 53 27 40 2 25 0 0.09 M M 16.3 23 20 M M 10 16 31 30
3 27 23 25 -14 40 0 0.01 M M 18.6 25 360 M M 10 16 37 10
4 35 22 29 -10 36 0 0.38 M M 10.9 16 340 M M 6 M M
5 35 20 28 -11 37 0 0.00 M M 5.1 9 320 M M 0 M M
6 44 19 32 -7 33 0 0.00 M M 4.9 12 160 M M 0 M M
7 46 24 35 -4 30 0 T M M 6.5 12 10 M M 0 M M
8 57 30 44 4 21 0 T M M 12.4 21 190 M M 0 M M
9 65 34 50 10 15 0 0.00 M M 9.0 15 210 M M 0 20 250
10 59 35 47 7 18 0 0.00 M M 5.5 12 320 M M 1 8 M M
11 65 37 51 11 14 0 0.00 M M 10.9 17 210 M M 2 M M
12 49 25 37 -4 28 0 0.00 M M 12.4 20 340 M M 4 24 340
13 50 22 36 -5 29 0 0.00 M M 8.6 15 190 M M 0 M M
14 59 26 43 2 22 0 T M M 6.5 13 190 M M 0 M M
15 65 29 47 5 18 0 T M M 10.8 25 200 M M 0 1 35 200
16 69 45 57 15 8 0 0.00 M M 17.6 25 160 M M 8 38 200
17 64 29 47 5 18 0 0.84 M M 21.3 32 170 M M 10 13 41 200
18 41 21 31 -11 34 0 0.00 M M 8.9 22 330 M M 1 27 330
19 50 28 39 -4 26 0 0.00 M M 7.4 14 10 M M 0 M M
20 62 30 46 3 19 0 0.00 M M 10.1 22 190 M M 0 28 190
21 63 44 54 11 11 0 0.00 M M 16.2 29 170 M M 7 1 36 170
22 64 33 49 5 16 0 2.08 M M 17.7 35 280 M M 8 13 41 280
23 33 27 30 -14 35 0 0.27 M M 15.8 24 40 M M 10 136 28 40
24 32 25 29 -15 36 0 0.36 M M 9.3 16 10 M M 10 16 20 300
25 31 24 28 -17 37 0 0.07 M M 12.9 18 320 M M 9 22 320
26 32 26 29 -16 36 0 0.09 M M 11.9 17 50 M M 9 6 M M
27 51 28 40 -5 25 0 0.05 M M 6.0 12 340 M M 2 6 M M
28 58 29 44 -2 21 0 0.00 M M 5.8 14 180 M M 0 M M
================================================================================
SM 1423 803 700 0 4.31 M 309.6 M 116
================================================================================
AV 50.8 28.7 11.1 FASTST M M 4 MAX(MPH)
MISC ----> 35 280 41 280
================================================================================
NOTES:
# LAST OF SEVERAL OCCURRENCES
COLUMN 17 PEAK WIND IN M.P.H.
PRELIMINARY LOCAL CLIMATOLOGICAL DATA (WS FORM: F-6) , PAGE 2
STATION: NEWPORT AIRPORT
MONTH: FEBRUARY
YEAR: 2022
LATITUDE: 35 35 N
LONGITUDE: 91 16 W
[TEMPERATURE DATA] [PRECIPITATION DATA] SYMBOLS USED IN COLUMN 16
AVERAGE MONTHLY: 39.8 TOTAL FOR MONTH: 4.31 1 = FOG OR MIST
DPTR FM NORMAL: -1.8 DPTR FM NORMAL: 0.64 2 = FOG REDUCING VISIBILITY
HIGHEST: 69 ON 16 GRTST 24HR 2.08 ON 22-22 TO 1/4 MILE OR LESS
LOWEST: 19 ON 6 3 = THUNDER
SNOW, ICE PELLETS, HAIL 4 = ICE PELLETS
TOTAL MONTH: M 5 = HAIL
GRTST 24HR M ON M 6 = FREEZING RAIN OR DRIZZLE
GRTST DEPTH: M ON M 7 = DUSTSTORM OR SANDSTORM:
VSBY 1/2 MILE OR LESS
8 = SMOKE OR HAZE
[NO. OF DAYS WITH] [WEATHER - DAYS WITH] 9 = BLOWING SNOW
X = TORNADO
MAX 32 OR BELOW: 4 0.01 INCH OR MORE: 11
MAX 90 OR ABOVE: 0 0.10 INCH OR MORE: 5
MIN 32 OR BELOW: 21 0.50 INCH OR MORE: 2
MIN 0 OR BELOW: 0 1.00 INCH OR MORE: 1
[HDD (BASE 65) ]
TOTAL THIS MO. 700 CLEAR (SCALE 0-3) 15
DPTR FM NORMAL 43 PTCLDY (SCALE 4-7) 5
TOTAL FM JUL 1 2579 CLOUDY (SCALE 8-10) 8
DPTR FM NORMAL -374
[CDD (BASE 65) ]
TOTAL THIS MO. 0
DPTR FM NORMAL 0 [PRESSURE DATA]
TOTAL FM JAN 1 0 HIGHEST SLP M ON M
DPTR FM NORMAL 0 LOWEST SLP M ON M
[REMARKS]
#FINAL-02-22#