000
CXUS54 KLZK 011230
CF6M19
PRELIMINARY LOCAL CLIMATOLOGICAL DATA (WS FORM: F-6)
STATION: NEWPORT AIRPORT
MONTH: JANUARY
YEAR: 2021
LATITUDE: 35 35 N
LONGITUDE: 91 16 W
TEMPERATURE IN F: :PCPN: SNOW: WIND :SUNSHINE: SKY :PK WND
================================================================================
1 2 3 4 5 6A 6B 7 8 9 10 11 12 13 14 15 16 17 18
12Z AVG MX 2MIN
DY MAX MIN AVG DEP HDD CDD WTR SNW DPTH SPD SPD DIR MIN PSBL S-S WX SPD DR
================================================================================
1 48 36 42 5 23 0 0.71 M M 13.0 25 220 M M 10 1 38 230
2 39 32 36 -1 29 0 0.02 M M 6.1 17 270 M M 9 1 M M
3 51 27 39 2 26 0 0.00 M M 7.3 10 170 M M 0 M M
4 54 30 42 5 23 0 0.00 M M 3.6 12 310 M M 2 12 M M
5 51 32 42 5 23 0 0.00 M M 7.1 16 310 M M 0 18 M M
6 46 30 38 1 27 0 T M M 7.9 12 60 M M 4 1 M M
7 41 34 38 1 27 0 0.05 M M 19.4 29 40 M M 10 1 35 30
8 40 30 35 -1 30 0 0.00 M M 11.6 16 350 M M 9 21 340
9 37 33 35 -1 30 0 T M M 7.6 13 10 M M 10 M M
10 34 31 33 -3 32 0 0.00 M M 7.5 13 20 M M 10 M M
11 34 23 29 -7 36 0 0.00 M M 7.1 13 350 M M 5 M M
12 47 21 34 -2 31 0 0.00 M M 7.8 13 180 M M 0 1 M M
13 52 24 38 2 27 0 0.00 M M 10.2 20 200 M M 0 1 M M
14 60 34 47 11 18 0 0.00 M M 13.8 25 310 M M 1 32 310
15 47 34 41 5 24 0 T M M 14.9 24 280 M M 5 37 290
16 48 32 40 4 25 0 0.00 M M 10.6 18 290 M M 7 25 290
17 53 32 43 7 22 0 0.00 M M 9.7 16 280 M M 5 M M
18 59 27 43 6 22 0 0.00 M M 9.2 15 210 M M 1 M M
19 55 38 47 10 18 0 0.00 M M 7.5 14 360 M M 1 M M
20 47 29 38 1 27 0 0.15 M M 7.1 18 200 M M 4 24 200
21 52 39 46 9 19 0 0.08 M M 4.3 17 230 M M 3 18 22 230
22 48 30 39 2 26 0 T M M 11.6 24 30 M M 0 1 23 30
23 43 26 35 -2 30 0 0.00 M M 8.6 14 50 M M 5 M M
24 50 39 45 8 20 0 0.23 M M 3.5 10 80 M M 10 1 M M
25 52 43 48 11 17 0 1.85 0.0 0 8.7 22 340 M M 10 13 31 340
26 52 38 45 8 20 0 0.00 M M 8.9 15 300 M M 3 12 M M
27 39 32 36 -1 29 0 0.12 M M 13.4 21 330 M M 7 1 24 340
28 38 29 34 -4 31 0 0.00 0.0 0 9.7 20 20 M M 5 22 20
29 48 26 37 -1 28 0 0.00 M M 7.1 14 160 M M 2 18 180
30 56 41 49 11 16 0 0.19 M M 14.4 23 190 M M 8 1 26 160
31 55 37 46 8 19 0 0.00 M M 16.3 22 300 M M 8 31 320
================================================================================
SM 1476 989 775 0 3.40 0.0 295.5 M 154
================================================================================
AV 47.6 31.9 9.5 FASTST M M 5 MAX(MPH)
MISC ----> 29 40 38 230
================================================================================
NOTES:
# LAST OF SEVERAL OCCURRENCES
COLUMN 17 PEAK WIND IN M.P.H.
PRELIMINARY LOCAL CLIMATOLOGICAL DATA (WS FORM: F-6) , PAGE 2
STATION: NEWPORT AIRPORT
MONTH: JANUARY
YEAR: 2021
LATITUDE: 35 35 N
LONGITUDE: 91 16 W
[TEMPERATURE DATA] [PRECIPITATION DATA] SYMBOLS USED IN COLUMN 16
AVERAGE MONTHLY: 39.8 TOTAL FOR MONTH: 3.40 1 = FOG OR MIST
DPTR FM NORMAL: 3.0 DPTR FM NORMAL: -0.16 2 = FOG REDUCING VISIBILITY
HIGHEST: 60 ON 14 GRTST 24HR 1.92 ON 24-25 TO 1/4 MILE OR LESS
LOWEST: 21 ON 12 3 = THUNDER
SNOW, ICE PELLETS, HAIL 4 = ICE PELLETS
TOTAL MONTH: 0.0 INCH 5 = HAIL
GRTST 24HR 0.0 6 = FREEZING RAIN OR DRIZZLE
GRTST DEPTH: 0 7 = DUSTSTORM OR SANDSTORM:
VSBY 1/2 MILE OR LESS
8 = SMOKE OR HAZE
[NO. OF DAYS WITH] [WEATHER - DAYS WITH] 9 = BLOWING SNOW
X = TORNADO
MAX 32 OR BELOW: 0 0.01 INCH OR MORE: 9
MAX 90 OR ABOVE: 0 0.10 INCH OR MORE: 6
MIN 32 OR BELOW: 19 0.50 INCH OR MORE: 2
MIN 0 OR BELOW: 0 1.00 INCH OR MORE: 1
[HDD (BASE 65) ]
TOTAL THIS MO. 775 CLEAR (SCALE 0-3) 11
DPTR FM NORMAL -98 PTCLDY (SCALE 4-7) 12
TOTAL FM JUL 1 2122 CLOUDY (SCALE 8-10) 8
DPTR FM NORMAL -173
[CDD (BASE 65) ]
TOTAL THIS MO. 0
DPTR FM NORMAL 0 [PRESSURE DATA]
TOTAL FM JAN 1 0 HIGHEST SLP M ON M
DPTR FM NORMAL 0 LOWEST SLP M ON M
[REMARKS]
#FINAL-01-21#