000
CXUS53 KDTX 010635
CF6MBS
PRELIMINARY LOCAL CLIMATOLOGICAL DATA (WS FORM: F-6)
STATION: TRI CITIES MI
MONTH: APRIL
YEAR: 2021
LATITUDE: 43 31 N
LONGITUDE: 84 5 W
TEMPERATURE IN F: :PCPN: SNOW: WIND :SUNSHINE: SKY :PK WND
================================================================================
1 2 3 4 5 6A 6B 7 8 9 10 11 12 13 14 15 16 17 18
12Z AVG MX 2MIN
DY MAX MIN AVG DEP HDD CDD WTR SNW DPTH SPD SPD DIR MIN PSBL S-S WX SPD DR
================================================================================
1 38 23 31 -9 34 0 T T 0 13.4 22 350 M M 3 30 330
2 48 19 34 -7 31 0 0.00 0.0 0 5.8 14 230 M M 0 25 300
3 63 33 48 7 17 0 0.00 0.0 0 13.0 26 260 M M 2 38 230
4 64 37 51 10 14 0 0.00 0.0 0 6.4 15 100 M M 0 21 100
5 64 44 54 12 11 0 0.21 0.0 0 10.0 25 170 M M 3 3 34 160
6 77 43 60 18 5 0 0.00 0.0 0 8.1 22 220 M M 1 30 220
7 81 47 64 21 1 0 T 0.0 0 7.5 18 190 M M 5 18 26 200
8 81 52 67 24 0 2 0.24 0.0 0 12.2 29 170 M M 6 13 43 170
9 71 53 62 18 3 0 0.07 0.0 0 10.0 25 250 M M 8 3 39 210
10 70 44 57 13 8 0 0.55 0.0 0 8.3 20 40 M M 3 1 26 210
11 63 49 56 12 9 0 0.06 0.0 0 6.2 16 60 M M 8 1 21 50
12 62 49 56 11 9 0 0.02 0.0 0 6.9 17 270 M M 8 1 24 270
13 61 40 51 6 14 0 0.00 0.0 0 12.8 28 250 M M 0 37 240
14 50 38 44 -2 21 0 0.00 0.0 0 10.8 24 250 M M 7 33 230
15 47 36 42 -4 23 0 0.03 0.0 0 11.1 20 320 M M 10 1 26 290
16 58 38 48 2 17 0 0.00 0.0 0 10.0 18 340 M M 6 28 290
17 59 33 46 -1 19 0 T 0.0 0 4.0 13 340 M M 6 17 330
18 61 36 49 2 16 0 T 0.0 0 8.3 21 310 M M 3 25 310
19 55 37 46 -2 19 0 T 0.0 0 14.2 24 250 M M 6 8 34 250
20 41 29 35 -13 30 0 0.00 0.0 0 11.2 16 340 M M 6 22 290
21 43 24 34 -14 31 0 0.00 0.0 0 12.5 23 320 M M 6 29 320
22 51 22 37 -12 28 0 0.00 0.0 0 10.9 21 290 M M 3 31 270
23 65 34 50 1 15 0 0.00 0.0 0 12.2 21 270 M M 2 31 240
24 60 42 51 1 14 0 0.03 0.0 0 7.7 18 200 M M 7 18 28 200
25 50 34 42 -8 23 0 0.00 0.0 0 12.6 24 330 M M 5 1 30 330
26 53 32 43 -7 22 0 T T 0 11.2 21 120 M M 7 28 130
27 76 40 58 7 7 0 0.00 0.0 0 5.8 14 50 M M 3 20 200
28 76 40 58 7 7 0 T 0.0 0 10.0 18 40 M M 6 38 25 340
29 57 47 52 1 13 0 0.01 0.0 0 10.4 29 310 M M 9 1 40 310
30 54 39 47 -5 18 0 T 0.0 0 16.8 33 330 M M 1 44 330
================================================================================
SM 1799 1134 479 2 1.22 T 300.3 M 140
================================================================================
AV 60.0 37.8 10.0 FASTST M M 5 MAX(MPH)
MISC ----> 33 330 44 330
================================================================================
NOTES:
# LAST OF SEVERAL OCCURRENCES
COLUMN 17 PEAK WIND IN M.P.H.
PRELIMINARY LOCAL CLIMATOLOGICAL DATA (WS FORM: F-6) , PAGE 2
STATION: TRI CITIES MI
MONTH: APRIL
YEAR: 2021
LATITUDE: 43 31 N
LONGITUDE: 84 5 W
[TEMPERATURE DATA] [PRECIPITATION DATA] SYMBOLS USED IN COLUMN 16
AVERAGE MONTHLY: 48.9 TOTAL FOR MONTH: 1.22 1 = FOG OR MIST
DPTR FM NORMAL: 2.8 DPTR FM NORMAL: -1.67 2 = FOG REDUCING VISIBILITY
HIGHEST: 81 ON 8, 7 GRTST 24HR 0.61 ON 10-11 TO 1/4 MILE OR LESS
LOWEST: 19 ON 2 3 = THUNDER
SNOW, ICE PELLETS, HAIL 4 = ICE PELLETS
TOTAL MONTH: T 5 = HAIL
GRTST 24HR T ON 1- 1 6 = FREEZING RAIN OR DRIZZLE
GRTST DEPTH: 0 7 = DUSTSTORM OR SANDSTORM:
VSBY 1/2 MILE OR LESS
8 = SMOKE OR HAZE
[NO. OF DAYS WITH] [WEATHER - DAYS WITH] 9 = BLOWING SNOW
X = TORNADO
MAX 32 OR BELOW: 0 0.01 INCH OR MORE: 9
MAX 90 OR ABOVE: 0 0.10 INCH OR MORE: 3
MIN 32 OR BELOW: 6 0.50 INCH OR MORE: 1
MIN 0 OR BELOW: 0 1.00 INCH OR MORE: 0
[HDD (BASE 65) ]
TOTAL THIS MO. 479 CLEAR (SCALE 0-3) 9
DPTR FM NORMAL -93 PTCLDY (SCALE 4-7) 19
TOTAL FM JUL 1 5960 CLOUDY (SCALE 8-10) 2
DPTR FM NORMAL -681
[CDD (BASE 65) ]
TOTAL THIS MO. 2
DPTR FM NORMAL -2 [PRESSURE DATA]
TOTAL FM JAN 1 2 HIGHEST SLP M ON M
DPTR FM NORMAL -2 LOWEST SLP 29.33 ON 11
[REMARKS]
#FINAL-04-21#