000
CXUS56 KHNX 011158
CF6MCE
PRELIMINARY LOCAL CLIMATOLOGICAL DATA (WS FORM: F-6)
STATION: MERCED CA AIRPORT
MONTH: JUNE
YEAR: 2023
LATITUDE: 37 16 N
LONGITUDE: 120 36 W
TEMPERATURE IN F: :PCPN: SNOW: WIND :SUNSHINE: SKY :PK WND
================================================================================
1 2 3 4 5 6A 6B 7 8 9 10 11 12 13 14 15 16 17 18
12Z AVG MX 2MIN
DY MAX MIN AVG DEP HDD CDD WTR SNW DPTH SPD SPD DIR MIN PSBL S-S WX SPD DR
================================================================================
1 84 51 68 -3 0 3 0.00 0.0 0 6.3 14 260 M M 0 17 260
2 87 52 70 -1 0 5 0.00 0.0 0 6.8 14 330 M M 0 17 310
3 92 56 74 3 0 9 0.00 0.0 0 4.9 12 340 M M 0 8 14 340
4 95 61 78 6 0 13 0.00 0.0 0 6.1 13 340 M M 0 16 330
5 85 62 74 2 0 9 0.00 0.0 0 7.8 18 270 M M 0 23 270
6 80 60 70 -2 0 5 0.00 0.0 0 7.8 18 330 M M 2 8 24 310
7 77 57 67 -5 0 2 0.00 0.0 0 5.7 16 330 M M 8 20 350
8 84 61 73 1 0 8 0.00 0.0 0 7.9 17 340 M M 4 22 350
9 85 57 71 -2 0 6 0.00 0.0 0 9.2 15 340 M M 0 19 350
10 80 57 69 -4 0 4 0.00 0.0 0 7.5 14 260 M M 1 3 18 340
11 85 55 70 -3 0 5 0.00 0.0 0 6.9 14 250 M M 0 19 250
12 83 58 71 -2 0 6 0.00 0.0 0 6.3 10 330 M M 2 17 270
13 87 59 73 -1 0 8 0.00 0.0 0 8.0 15 350 M M 0 20 350
14 90 62 76 2 0 11 0.00 0.0 0 6.9 14 330 M M 0 17 310
15 90 61 76 2 0 11 0.00 0.0 0 9.4 16 340 M M 0 20 360
16 90 61 76 2 0 11 0.00 0.0 0 6.5 14 330 M M 0 18 330
17 96 62 79 5 0 14 0.00 0.0 0 5.8 15 340 M M 0 18 340
18 88 60 74 -1 0 9 0.00 0.0 0 6.9 15 340 M M 0 19 350
19 77 53 65 -10 0 0 0.00 0.0 0 7.5 17 320 M M 0 32 340
20 81 51 66 -9 0 1 0.00 0.0 0 10.2 20 330 M M 0 23 330
21 84 50 67 -9 0 2 0.00 0.0 0 6.7 13 320 M M 0 16 330
22 81 54 68 -8 0 3 0.00 0.0 0 8.7 20 260 M M 0 26 250
23 81 53 67 -9 0 2 0.00 0.0 0 5.8 14 330 M M 0 17 330
24 85 57 71 -5 0 6 0.00 0.0 0 7.9 16 330 M M 0 19 330
25 83 57 70 -6 0 5 0.00 0.0 0 10.0 16 320 M M 0 20 320
26 87 54 71 -6 0 6 0.00 0.0 0 6.8 13 340 M M 0 16 350
27 86 55 71 -6 0 6 0.00 0.0 0 6.1 10 260 M M 0 15 330
28 90 58 74 -3 0 9 0.00 0.0 0 8.1 18 340 M M 0 21 320
29 95 61 78 1 0 13 0.00 0.0 0 4.9 13 330 M M 0 15 340
30 102 64 83 6 0 18 0.00 0.0 0 5.5 14 340 M M 0 17 340
================================================================================
SM 2590 1719 0 210 0.00 0.0 214.9 M 17
================================================================================
AV 86.3 57.3 7.2 FASTST M M 1 MAX(MPH)
MISC ----> # 20 330 32 340
================================================================================
NOTES:
# LAST OF SEVERAL OCCURRENCES
COLUMN 17 PEAK WIND IN M.P.H.
PRELIMINARY LOCAL CLIMATOLOGICAL DATA (WS FORM: F-6) , PAGE 2
STATION: MERCED CA AIRPORT
MONTH: JUNE
YEAR: 2023
LATITUDE: 37 16 N
LONGITUDE: 120 36 W
[TEMPERATURE DATA] [PRECIPITATION DATA] SYMBOLS USED IN COLUMN 16
AVERAGE MONTHLY: 71.8 TOTAL FOR MONTH: 0.00 1 = FOG OR MIST
DPTR FM NORMAL: -2.4 DPTR FM NORMAL: -0.12 2 = FOG REDUCING VISIBILITY
HIGHEST: 102 ON 30 GRTST 24HR 0.00 ON 1- 1 TO 1/4 MILE OR LESS
LOWEST: 50 ON 21 3 = THUNDER
SNOW, ICE PELLETS, HAIL 4 = ICE PELLETS
TOTAL MONTH: 0.0 INCH 5 = HAIL
GRTST 24HR 0.0 6 = FREEZING RAIN OR DRIZZLE
GRTST DEPTH: 0 7 = DUSTSTORM OR SANDSTORM:
VSBY 1/2 MILE OR LESS
8 = SMOKE OR HAZE
[NO. OF DAYS WITH] [WEATHER - DAYS WITH] 9 = BLOWING SNOW
X = TORNADO
MAX 32 OR BELOW: 0 0.01 INCH OR MORE: 0
MAX 90 OR ABOVE: 9 0.10 INCH OR MORE: 0
MIN 32 OR BELOW: 0 0.50 INCH OR MORE: 0
MIN 0 OR BELOW: 0 1.00 INCH OR MORE: 0
[HDD (BASE 65) ]
TOTAL THIS MO. 0 CLEAR (SCALE 0-3) 28
DPTR FM NORMAL -4 PTCLDY (SCALE 4-7) 2
TOTAL FM JUL 1 2758 CLOUDY (SCALE 8-10) 0
DPTR FM NORMAL 210
[CDD (BASE 65) ]
TOTAL THIS MO. 210
DPTR FM NORMAL -69 [PRESSURE DATA]
TOTAL FM JAN 1 370 HIGHEST SLP 30.09 ON 20
DPTR FM NORMAL -54 LOWEST SLP 29.65 ON 5
[REMARKS]
#FINAL-06-23#