000
CXUS56 KHNX 170123
CF6MCE
PRELIMINARY LOCAL CLIMATOLOGICAL DATA (WS FORM: F-6)
STATION: MERCED CA AIRPORT
MONTH: MAY
YEAR: 2022
LATITUDE: 37 16 N
LONGITUDE: 120 36 W
TEMPERATURE IN F: :PCPN: SNOW: WIND :SUNSHINE: SKY :PK WND
================================================================================
1 2 3 4 5 6A 6B 7 8 9 10 11 12 13 14 15 16 17 18
12Z AVG MX 2MIN
DY MAX MIN AVG DEP HDD CDD WTR SNW DPTH SPD SPD DIR MIN PSBL S-S WX SPD DR
================================================================================
1 81 46 64 0 1 0 0.00 0.0 0 9.6 21 310 M M 0 29 310
2 78 48 63 -1 2 0 0.00 0.0 0 8.9 20 350 M M 0 27 10
3 80 51 66 2 0 1 0.00 0.0 0 10.0 23 340 M M 0 29 330
4 91 47 69 5 0 4 0.00 0.0 0 3.3 13 120 M M 0 20 180
5 86 53 70 5 0 5 0.00 0.0 0 10.1 21 330 M M 0 27 330
6 84 57 71 6 0 6 0.00 0.0 0 11.7 20 330 M M 0 25 330
7 77 54 66 1 0 1 0.00 0.0 0 12.2 21 320 M M 0 25 320
8 69 47 58 -8 7 0 0.00 0.0 0 10.7 23 310 M M 1 30 320
9 66 43 55 -11 10 0 0.00 0.0 0 7.8 16 330 M M 4 24 280
10 67 40 54 -12 11 0 0.00 0.0 0 8.5 18 320 M M 1 26 330
11 72 40 56 -10 9 0 0.00 0.0 0 9.0 20 330 M M 0 27 320
12 77 43 60 -7 5 0 0.00 0.0 0 8.5 16 330 M M 0 24 330
13 85 50 68 1 0 3 0.00 0.0 0 11.2 21 340 M M 0 8 26 340
14 91 58 75 8 0 10 0.00 0.0 0 9.7 17 350 M M 0 23 330
15 94 56 75 8 0 10 0.00 0.0 0 9.9 21 330 M M 0 27 330
16 86 56 71 3 0 6 0.00 0.0 0 10.6 20 340 M M 0 27 350
17 89 51 70 2 0 5 0.00 0.0 0 9.2 23 330 M M 0 30 320
18 95 51 73 5 0 8 0.00 0.0 0 7.6 18 340 M M 0 22 350
19 94 68 81 13 0 16 0.00 0.0 0 13.5 23 330 M M 0 28 330
20 82 55 69 1 0 4 0.00 0.0 0 13.4 30 320 M M 0 39 320
21 88 47 68 -1 0 3 0.00 0.0 0 5.1 15 350 M M 0 20 330
22 91 50 71 2 0 6 0.00 0.0 0 7.1 16 320 M M 0 23 310
23 93 57 75 6 0 10 0.00 0.0 0 9.7 21 340 M M 0 27 350
24 97 60 79 10 0 14 0.00 0.0 0 6.8 16 340 M M 0 20 360
25 103 58 81 12 0 16 0.00 0.0 0 3.4 9 350 M M 0 13 300
26 95 63 79 9 0 14 0.00 0.0 0 8.1 21 340 M M 0 25 340
27 85 57 71 1 0 6 0.00 0.0 0 10.4 17 350 M M 0 23 350
28 83 61 72 2 0 7 0.00 0.0 0 13.1 23 330 M M 2 29 330
29 81 57 69 -1 0 4 0.00 0.0 0 15.1 25 340 M M 0 32 310
30 83 55 69 -1 0 4 0.00 0.0 0 11.3 21 350 M M 0 29 320
31 88 48 68 -3 0 3 0.00 0.0 0 8.1 17 340 M M 0 22 340
================================================================================
SM 2631 1627 45 166 0.00 0.0 293.6 M 8
================================================================================
AV 84.9 52.5 9.5 FASTST M M 0 MAX(MPH)
MISC ----> 30 320 39 320
================================================================================
NOTES:
# LAST OF SEVERAL OCCURRENCES
COLUMN 17 PEAK WIND IN M.P.H.
PRELIMINARY LOCAL CLIMATOLOGICAL DATA (WS FORM: F-6) , PAGE 2
STATION: MERCED CA AIRPORT
MONTH: MAY
YEAR: 2022
LATITUDE: 37 16 N
LONGITUDE: 120 36 W
[TEMPERATURE DATA] [PRECIPITATION DATA] SYMBOLS USED IN COLUMN 16
AVERAGE MONTHLY: 68.7 TOTAL FOR MONTH: 0.00 1 = FOG OR MIST
DPTR FM NORMAL: 1.3 DPTR FM NORMAL: -0.55 2 = FOG REDUCING VISIBILITY
HIGHEST: 103 ON 25 GRTST 24HR 0.00 ON 1- 1 TO 1/4 MILE OR LESS
LOWEST: 40 ON 11,10 3 = THUNDER
SNOW, ICE PELLETS, HAIL 4 = ICE PELLETS
TOTAL MONTH: 0.0 INCH 5 = HAIL
GRTST 24HR 0.0 6 = FREEZING RAIN OR DRIZZLE
GRTST DEPTH: 0 7 = DUSTSTORM OR SANDSTORM:
VSBY 1/2 MILE OR LESS
8 = SMOKE OR HAZE
[NO. OF DAYS WITH] [WEATHER - DAYS WITH] 9 = BLOWING SNOW
X = TORNADO
MAX 32 OR BELOW: 0 0.01 INCH OR MORE: 0
MAX 90 OR ABOVE: 10 0.10 INCH OR MORE: 0
MIN 32 OR BELOW: 0 0.50 INCH OR MORE: 0
MIN 0 OR BELOW: 0 1.00 INCH OR MORE: 0
[HDD (BASE 65) ]
TOTAL THIS MO. 45 CLEAR (SCALE 0-3) 30
DPTR FM NORMAL -3 PTCLDY (SCALE 4-7) 1
TOTAL FM JUL 1 2289 CLOUDY (SCALE 8-10) 0
DPTR FM NORMAL -261
[CDD (BASE 65) ]
TOTAL THIS MO. 166
DPTR FM NORMAL 44 [PRESSURE DATA]
TOTAL FM JAN 1 197 HIGHEST SLP 30.30 ON 12
DPTR FM NORMAL 52 LOWEST SLP 29.68 ON 20
[REMARKS]
#FINAL-05-22#