000
CXUS53 KGLD 040406
CF6MCK
PRELIMINARY LOCAL CLIMATOLOGICAL DATA (WS FORM: F-6)
STATION: MCCOOK NE
MONTH: FEBRUARY
YEAR: 2021
LATITUDE: 40 13 N
LONGITUDE: 100 35 W
TEMPERATURE IN F: :PCPN: SNOW: WIND :SUNSHINE: SKY :PK WND
================================================================================
1 2 3 4 5 6A 6B 7 8 9 10 11 12 13 14 15 16 17 18
12Z AVG MX 2MIN
DY MAX MIN AVG DEP HDD CDD WTR SNW DPTH SPD SPD DIR MIN PSBL S-S WX SPD DR
================================================================================
1 39 13 26 -2 39 0 0.00 M M 4.5 12 110 M M 0 1 13 110
2 39 22 31 3 34 0 0.00 M M 4.6 9 100 M M 8 128 13 40
3 54 20 37 9 28 0 0.07 M M 7.1 33 350 M M 2 12 42 350
4 43 23 33 4 32 0 0.01 M M 13.3 30 360 M M 4 1 43 340
5 45 25 35 6 30 0 0.00 M M 11.7 21 310 M M 4 27 310
6 25 10 18 -11 47 0 0.02 M M 12.8 22 40 M M 10 18 27 40
7 10 3 7 -22 58 0 0.30 M M 13.9 21 120 M M 10 128 26 130
8 8 0 4 -25 61 0 T M M 5.3 10 50 M M 9 18 13 40
9 13 3 8 -21 57 0 0.00 M M 5.0 10 110 M M 10 12 110
10 12 -1 6 -24 59 0 0.00 M M 6.8 13 80 M M 7 8 18 90
11 9 -8 1 -29 64 0 0.00 M M 4.6 14 70 M M 3 8 17 60
12 4 -5 0 -30 65 0 T M M 8.9 14 110 M M 8 8 18 110
13 4 -6 -1 -31 66 0 0.35 M M 5.6 14 50 M M 9 18 18 50
14 0 -7 -3 -33 68 0 0.02 M M 7.8 14 20 M M 10 8 18 60
15 -4 -22 -13 -44 78 0 T M M 4.1 12 110 M M 1 18 14 110
16 11 -18 -3 -34 68 0 T M M 10.5 18 160 M M 9 8 24 150
17 17 -7 5 -26 60 0 0.00 M M 3.4 9 310 M M 4 18 12 310
18 24 10 17 -15 48 0 0.00 M M 6.9 15 350 M M 8 18 18 10
19 31 -1 15 -17 50 0 0.00 M M 4.0 9 280 M M 3 18 11 250
20 39 6 23 -9 42 0 0.00 M M 8.7 18 100 M M 0 1 22 100
21 40 25 33 1 32 0 0.00 M M 13.1 25 330 M M 3 1 33 320
22 51 26 39 6 26 0 0.00 M M 12.9 23 290 M M 0 33 290
23 66 27 47 14 18 0 0.00 M M 10.5 25 340 M M 0 32 330
24 48 25 37 4 28 0 0.00 M M 7.6 16 320 M M 2 21 330
25 42 25 34 0 31 0 0.00 M M 7.0 17 190 M M 7 25 190
26 53 22 38 4 27 0 0.00 M M 7.6 15 300 M M 2 20 330
27 57 20 39 5 26 0 0.00 M M 11.6 35 320 M M 0 44 320
28 43 24 34 0 31 0 0.00 M M 13.7 35 340 M M 1 45 350
================================================================================
SM 823 254 1273 0 0.77 M 233.5 M 134
================================================================================
AV 29.4 9.1 8.3 FASTST M M 5 MAX(MPH)
MISC ----> # 35 320 45 350
================================================================================
NOTES:
# LAST OF SEVERAL OCCURRENCES
COLUMN 17 PEAK WIND IN M.P.H.
PRELIMINARY LOCAL CLIMATOLOGICAL DATA (WS FORM: F-6) , PAGE 2
STATION: MCCOOK NE
MONTH: FEBRUARY
YEAR: 2021
LATITUDE: 40 13 N
LONGITUDE: 100 35 W
[TEMPERATURE DATA] [PRECIPITATION DATA] SYMBOLS USED IN COLUMN 16
AVERAGE MONTHLY: 19.2 TOTAL FOR MONTH: 0.77 1 = FOG OR MIST
DPTR FM NORMAL: -11.7 DPTR FM NORMAL: 0.15 2 = FOG REDUCING VISIBILITY
HIGHEST: 66 ON 23 GRTST 24HR 0.35 ON 13-13 TO 1/4 MILE OR LESS
LOWEST: -22 ON 15 3 = THUNDER
SNOW, ICE PELLETS, HAIL 4 = ICE PELLETS
TOTAL MONTH: M 5 = HAIL
GRTST 24HR M ON M 6 = FREEZING RAIN OR DRIZZLE
GRTST DEPTH: M ON M 7 = DUSTSTORM OR SANDSTORM:
VSBY 1/2 MILE OR LESS
8 = SMOKE OR HAZE
[NO. OF DAYS WITH] [WEATHER - DAYS WITH] 9 = BLOWING SNOW
X = TORNADO
MAX 32 OR BELOW: 14 0.01 INCH OR MORE: 6
MAX 90 OR ABOVE: 0 0.10 INCH OR MORE: 2
MIN 32 OR BELOW: 28 0.50 INCH OR MORE: 0
MIN 0 OR BELOW: 10 1.00 INCH OR MORE: 0
[HDD (BASE 65) ]
TOTAL THIS MO. 1273 CLEAR (SCALE 0-3) 12
DPTR FM NORMAL 318 PTCLDY (SCALE 4-7) 8
TOTAL FM JUL 1 4553 CLOUDY (SCALE 8-10) 8
DPTR FM NORMAL -83
[CDD (BASE 65) ]
TOTAL THIS MO. 0
DPTR FM NORMAL 0 [PRESSURE DATA]
TOTAL FM JAN 1 0 HIGHEST SLP 30.72 ON 14
DPTR FM NORMAL 0 LOWEST SLP 29.56 ON 27
[REMARKS]
#FINAL-02-21#