000
CXUS53 KDMX 020306
CF6MCW
PRELIMINARY LOCAL CLIMATOLOGICAL DATA (WS FORM: F-6)
STATION: MASON CITY IA
MONTH: AUGUST
YEAR: 2020
LATITUDE: 43 9 N
LONGITUDE: 93 20 W
TEMPERATURE IN F: :PCPN: SNOW: WIND :SUNSHINE: SKY :PK WND
================================================================================
1 2 3 4 5 6A 6B 7 8 9 10 11 12 13 14 15 16 17 18
12Z AVG MX 2MIN
DY MAX MIN AVG DEP HDD CDD WTR SNW DPTH SPD SPD DIR MIN PSBL S-S WX SPD DR
================================================================================
1 83 54 69 -2 0 4 0.03 0.0 0 4.3 12 350 M M 2 15 10
2 73 52 63 -8 2 0 T 0.0 0 11.4 22 30 M M 4 29 30
3 73 47 60 -11 5 0 0.00 0.0 0 7.0 15 30 M M 2 20 30
4 76 43 60 -11 5 0 0.00 0.0 0 2.3 8 20 M M 0 11 20
5 75 47 61 -10 4 0 0.00 0.0 0 7.2 16 210 M M 5 22 200
6 80 58 69 -1 0 4 0.05 0.0 0 11.8 22 170 M M 7 29 160
7 85 61 73 3 0 8 0.00 0.0 0 12.9 22 160 M M 5 31 160
8 88 69 79 9 0 14 0.00 0.0 0 9.3 17 30 M M 6 24 210
9 86 68 77 7 0 12 0.46 0.0 0 10.1 26 170 M M 2 13 40 40
10 75 52 64 -6 1 0 0.06 0.0 0 7.2 22 290 M M 3 13 29 290
11 81 51 66 -4 0 1 0.00 0.0 0 5.0 12 140 M M 0 16 160
12 81 56 69 -1 0 4 0.00 0.0 0 9.7 20 110 M M 1 27 90
13 86 66 76 6 0 11 0.00 0.0 0 9.7 16 170 M M 1 22 180
14 86 65 76 6 0 11 0.01 0.0 0 10.1 24 350 M M 2 13 34 350
15 79 54 67 -3 0 2 0.00 0.0 0 6.9 15 330 M M 1 24 330
16 87 58 73 3 0 8 0.01 0.0 0 7.3 18 320 M M 1 3 24 320
17 80 54 67 -3 0 2 0.00 0.0 0 10.4 22 340 M M 2 1 30 320
18 80 48 64 -5 1 0 0.00 0.0 0 2.9 12 350 M M 0 15 350
19 84 50 67 -2 0 2 0.00 0.0 0 6.1 16 180 M M 0 22 210
20 85 54 70 1 0 5 0.00 0.0 0 10.3 20 220 M M 0 26 220
21 89 64 77 8 0 12 0.00 0.0 0 10.2 16 170 M M 1 23 160
22 85 64 75 6 0 10 1.22 0.0 0 8.2 21 20 M M 6 123 30 20
23 91 62 77 8 0 12 0.00 0.0 0 2.8 13 270 M M 3 12 16 250
24 91 65 78 10 0 13 0.00 0.0 0 7.1 17 160 M M 1 12 24 150
25 92 66 79 11 0 14 0.00 0.0 0 9.6 18 220 M M 0 1 26 210
26 92 69 81 13 0 16 0.00 0.0 0 11.4 22 220 M M 0 32 230
27 93 67 80 12 0 15 0.00 0.0 0 7.6 16 230 M M 2 22 200
28 87 65 76 8 0 11 0.61 0.0 0 12.0 33 320 M M 2 13 44 320
29 76 52 64 -3 1 0 0.00 0.0 0 8.6 17 330 M M 0 23 330
30 78 48 63 -4 2 0 T 0.0 0 7.5 16 170 M M 0 1 24 150
31 73 48 61 -6 4 0 0.27 0.0 0 10.4 31 290 M M 3 13 43 300
================================================================================
SM 2570 1777 25 191 2.72 0.0 257.3 M 62
================================================================================
AV 82.9 57.3 8.3 FASTST M M 2 MAX(MPH)
MISC ----> # 33 320 # 44 320
================================================================================
NOTES:
# LAST OF SEVERAL OCCURRENCES
COLUMN 17 PEAK WIND IN M.P.H.
PRELIMINARY LOCAL CLIMATOLOGICAL DATA (WS FORM: F-6) , PAGE 2
STATION: MASON CITY IA
MONTH: AUGUST
YEAR: 2020
LATITUDE: 43 9 N
LONGITUDE: 93 20 W
[TEMPERATURE DATA] [PRECIPITATION DATA] SYMBOLS USED IN COLUMN 16
AVERAGE MONTHLY: 70.1 TOTAL FOR MONTH: 2.72 1 = FOG OR MIST
DPTR FM NORMAL: 0.8 DPTR FM NORMAL: -1.32 2 = FOG REDUCING VISIBILITY
HIGHEST: 93 ON 27 GRTST 24HR 1.22 ON 22-22 TO 1/4 MILE OR LESS
LOWEST: 43 ON 4 3 = THUNDER
SNOW, ICE PELLETS, HAIL 4 = ICE PELLETS
TOTAL MONTH: 0.0 INCH 5 = HAIL
GRTST 24HR 0.0 6 = FREEZING RAIN OR DRIZZLE
GRTST DEPTH: 0 7 = DUSTSTORM OR SANDSTORM:
VSBY 1/2 MILE OR LESS
8 = SMOKE OR HAZE
[NO. OF DAYS WITH] [WEATHER - DAYS WITH] 9 = BLOWING SNOW
X = TORNADO
MAX 32 OR BELOW: 0 0.01 INCH OR MORE: 9
MAX 90 OR ABOVE: 5 0.10 INCH OR MORE: 4
MIN 32 OR BELOW: 0 0.50 INCH OR MORE: 2
MIN 0 OR BELOW: 0 1.00 INCH OR MORE: 1
[HDD (BASE 65) ]
TOTAL THIS MO. 25 CLEAR (SCALE 0-3) 24
DPTR FM NORMAL -2 PTCLDY (SCALE 4-7) 7
TOTAL FM JUL 1 31 CLOUDY (SCALE 8-10) 0
DPTR FM NORMAL -5
[CDD (BASE 65) ]
TOTAL THIS MO. 191
DPTR FM NORMAL 29 [PRESSURE DATA]
TOTAL FM JAN 1 711 HIGHEST SLP 30.19 ON 4
DPTR FM NORMAL 155 LOWEST SLP 29.61 ON 31
[REMARKS]
#FINAL-08-20#