000
CXUS53 KDMX 010920
CF6MCW
PRELIMINARY LOCAL CLIMATOLOGICAL DATA (WS FORM: F-6)
STATION: MASON CITY IA
MONTH: FEBRUARY
YEAR: 2020
LATITUDE: 43 9 N
LONGITUDE: 93 20 W
TEMPERATURE IN F: :PCPN: SNOW: WIND :SUNSHINE: SKY :PK WND
================================================================================
1 2 3 4 5 6A 6B 7 8 9 10 11 12 13 14 15 16 17 18
12Z AVG MX 2MIN
DY MAX MIN AVG DEP HDD CDD WTR SNW DPTH SPD SPD DIR MIN PSBL S-S WX SPD DR
================================================================================
1 37 27 32 15 33 0 0.00 0.0 8 13.9 25 240 M M 6 1 37 250
2 41 30 36 19 29 0 0.00 0.0 7 15.9 24 260 M M 0 31 280
3 32 23 28 11 37 0 0.00 0.0 5 15.7 26 10 M M 6 1 33 10
4 23 11 17 0 48 0 0.00 0.0 5 14.4 25 10 M M 5 33 10
5 25 8 17 -1 48 0 0.00 0.0 5 1.9 7 130 M M 4 9 140
6 27 4 16 -2 49 0 0.00 0.0 5 4.7 12 170 M M 3 1 13 180
7 25 10 18 0 47 0 0.08 0.9 5 8.5 20 310 M M 10 18 23 320
8 15 -8 4 -14 61 0 0.01 0.2 6 7.6 15 300 M M 2 1 18 310
9 29 4 17 -2 48 0 0.18 2.1 8 14.8 26 100 M M 8 1 35 90
10 28 -3 13 -6 52 0 0.00 0.0 7 6.9 13 290 M M 0 1 18 200
11 27 11 19 0 46 0 0.00 0.0 7 10.3 21 240 M M 2 26 240
12 34 -9 13 -7 52 0 0.08 1.1 6 20.2 36 320 M M 5 128 44 330
13 -5 -15 -10 -30 75 0 T T 7 15.5 26 330 M M 3 18 33 320
14 13 -18 -2 -22 67 0 0.00 0.0 7 15.7 28 160 M M 1 8 41 170
15 35 13 24 4 41 0 0.00 0.0 7 14.3 24 180 M M 1 33 180
16 28 15 22 1 43 0 0.02 0.2 6 8.4 16 100 M M 7 1 20 130
17 33 25 29 8 36 0 0.41 2.1 6 14.6 29 320 M M 8 129 36 330
18 25 4 15 -7 50 0 T T 8 15.8 28 320 M M 4 18 37 310
19 10 -5 3 -19 62 0 0.00 0.0 8 9.4 16 340 M M 6 8 20 340
20 12 -11 1 -21 64 0 0.00 0.0 8 8.1 16 330 M M 0 19 340
21 37 12 25 2 40 0 0.00 0.0 8 16.3 29 210 M M 0 38 220
22 39 26 33 10 32 0 0.00 0.0 7 12.3 20 230 M M 0 26 240
23 41 28 35 11 30 0 0.00 0.0 6 11.2 17 310 M M 0 22 230
24 36 20 28 4 37 0 0.00 0.0 5 9.2 15 10 M M 0 19 10
25 33 24 29 5 36 0 0.00 0.0 4 14.6 24 20 M M 0 31 20
26 26 15 21 -4 44 0 T T 4 13.0 23 340 M M 4 1 29 330
27 24 17 21 -4 44 0 T T 4 7.8 16 310 M M 7 1 20 300
28 25 12 19 -7 46 0 T T 4 7.9 17 320 M M 6 1 20 320
29 40 10 25 -1 40 0 0.00 0.0 4 12.2 21 170 M M 0 28 170
================================================================================
SM 795 280 1337 0 0.78 6.6 341.1 M 98
================================================================================
AV 27.4 9.7 11.8 FASTST M M 3 MAX(MPH)
MISC ----> # 36 320 # 44 330
================================================================================
NOTES:
# LAST OF SEVERAL OCCURRENCES
COLUMN 17 PEAK WIND IN M.P.H.
PRELIMINARY LOCAL CLIMATOLOGICAL DATA (WS FORM: F-6) , PAGE 2
STATION: MASON CITY IA
MONTH: FEBRUARY
YEAR: 2020
LATITUDE: 43 9 N
LONGITUDE: 93 20 W
[TEMPERATURE DATA] [PRECIPITATION DATA] SYMBOLS USED IN COLUMN 16
AVERAGE MONTHLY: 18.5 TOTAL FOR MONTH: 0.78 1 = FOG OR MIST
DPTR FM NORMAL: -2.2 DPTR FM NORMAL: -0.22 2 = FOG REDUCING VISIBILITY
HIGHEST: 41 ON 23, 2 GRTST 24HR 0.41 ON 17-17 TO 1/4 MILE OR LESS
LOWEST: -18 ON 14 3 = THUNDER
SNOW, ICE PELLETS, HAIL 4 = ICE PELLETS
TOTAL MONTH: 6.6 INCHES 5 = HAIL
GRTST 24HR 2.1 ON 17-17 6 = FREEZING RAIN OR DRIZZLE
GRTST DEPTH: 8 ON 21,20 7 = DUSTSTORM OR SANDSTORM:
VSBY 1/2 MILE OR LESS
8 = SMOKE OR HAZE
[NO. OF DAYS WITH] [WEATHER - DAYS WITH] 9 = BLOWING SNOW
X = TORNADO
MAX 32 OR BELOW: 18 0.01 INCH OR MORE: 6
MAX 90 OR ABOVE: 0 0.10 INCH OR MORE: 2
MIN 32 OR BELOW: 29 0.50 INCH OR MORE: 0
MIN 0 OR BELOW: 7 1.00 INCH OR MORE: 0
[HDD (BASE 65) ]
TOTAL THIS MO. 1337 CLEAR (SCALE 0-3) 15
DPTR FM NORMAL 97 PTCLDY (SCALE 4-7) 12
TOTAL FM JUL 1 5765 CLOUDY (SCALE 8-10) 2
DPTR FM NORMAL -125
[CDD (BASE 65) ]
TOTAL THIS MO. 0
DPTR FM NORMAL 0 [PRESSURE DATA]
TOTAL FM JAN 1 0 HIGHEST SLP 30.88 ON 20
DPTR FM NORMAL 0 LOWEST SLP 29.53 ON 2
[REMARKS]
#FINAL-02-20#