000
CXUS55 KPAH 010700
CF6MDH
PRELIMINARY LOCAL CLIMATOLOGICAL DATA (WS FORM: F-6)
STATION: CARBONDALE IL
MONTH: MARCH
YEAR: 2020
LATITUDE: 37 46 N
LONGITUDE: 89 15 W
TEMPERATURE IN F: :PCPN: SNOW: WIND :SUNSHINE: SKY :PK WND
================================================================================
1 2 3 4 5 6A 6B 7 8 9 10 11 12 13 14 15 16 17 18
12Z AVG MX 2MIN
DY MAX MIN AVG DEP HDD CDD WTR SNW DPTH SPD SPD DIR MIN PSBL S-S WX SPD DR
================================================================================
1 63 34 49 7 16 0 0.08 M M 15.0 31 220 M M 5 3 44 210
2 61 48 55 13 10 0 0.40 M M 8.9 32 140 M M 9 138 43 140
3 61 35 48 6 17 0 T M M 6.7 20 300 M M M 1 31 300
4 57 34 46 3 19 0 0.00 M M 6.7 22 310 M M 0 31 300
5 65 29 47 4 18 0 0.00 M M 8.8 25 320 M M 1 37 330
6 50 29 40 -3 25 0 0.00 M M 12.8 28 330 M M 3 40 320
7 56 24 40 -4 25 0 0.00 M M 5.0 13 170 M M 0 18 190
8 65 33 49 5 16 0 0.00 0.0 M 13.5 29 190 M M 0 37 180
9 62 54 58 14 7 0 0.26 M M 19.0 31 190 M M 6 1 46 210
10 61 41 51 7 14 0 0.07 M M 9.6 21 320 M M 10 18 31 260
11 64 40 52 7 13 0 0.00 M M 3.7 12 130 M M 6 18 14 120
12 63 38 51 6 14 0 0.51 M M 5.3 28 340 M M 9 123 42 350
13 56 40 48 2 17 0 0.00 M M 9.3 24 350 M M 3 34 350
14 45 38 42 -4 23 0 0.81 M M 8.7 21 90 M M 10 1 25 90
15 41 36 39 -7 26 0 0.00 M M 8.6 16 40 M M 10 1 22 30
16 45 33 39 -7 26 0 0.04 M M 3.5 12 160 M M 8 18 17 110
17 54 42 48 1 17 0 T M M 5.5 12 50 M M 6 18 16 30
18 61 42 52 5 13 0 0.42 M M 7.8 20 200 M M 9 12 24 190
19 70 50 60 13 5 0 1.16 M M 14.3 28 230 M M 10 123 37 220
20 68 39 54 6 11 0 0.00 M M 14.0 25 340 M M 7 37 350
21 45 33 39 -9 26 0 T M M 8.1 14 60 M M 7 19 60
22 46 32 39 -9 26 0 0.01 M M 5.9 15 110 M M 7 20 40
23 51 40 46 -3 19 0 0.00 M M 4.3 9 60 M M 7 14 20
24 47 39 43 -6 22 0 0.29 M M 7.8 15 20 M M 7 1 21 20
25 63 41 52 3 13 0 0.00 M M 6.5 14 180 M M 5 12 22 190
26 78 47 63 13 2 0 0.00 M M 10.3 25 200 M M 0 1 33 180
27 77 58 68 18 0 3 0.00 M M 10.5 21 190 M M 4 3 29 190
28 73 64 69 19 0 4 0.57 M M 15.9 25 220 M M 6 13 35 210
29 68 46 57 7 8 0 0.00 M M 13.4 33 240 M M 1 42 230
30 65 41 53 2 12 0 0.00 M M 2.6 14 360 M M 1 17 350
31 60 42 51 0 14 0 0.00 M M 7.0 16 350 M M 4 23 350
================================================================================
SM 1841 1242 474 7 4.62 0.0 279.0 M 161
================================================================================
AV 59.4 40.1 9.0 FASTST M M 5 MAX(MPH)
MISC ----> 33 240 46 210
================================================================================
NOTES:
# LAST OF SEVERAL OCCURRENCES
COLUMN 17 PEAK WIND IN M.P.H.
PRELIMINARY LOCAL CLIMATOLOGICAL DATA (WS FORM: F-6) , PAGE 2
STATION: CARBONDALE IL
MONTH: MARCH
YEAR: 2020
LATITUDE: 37 46 N
LONGITUDE: 89 15 W
[TEMPERATURE DATA] [PRECIPITATION DATA] SYMBOLS USED IN COLUMN 16
AVERAGE MONTHLY: 49.7 TOTAL FOR MONTH: 4.62 1 = FOG OR MIST
DPTR FM NORMAL: 3.3 DPTR FM NORMAL: 0.68 2 = FOG REDUCING VISIBILITY
HIGHEST: 78 ON 26 GRTST 24HR 1.16 ON 19-19 TO 1/4 MILE OR LESS
LOWEST: 24 ON 7 3 = THUNDER
SNOW, ICE PELLETS, HAIL 4 = ICE PELLETS
TOTAL MONTH: 0.0 INCH 5 = HAIL
GRTST 24HR 0.0 6 = FREEZING RAIN OR DRIZZLE
GRTST DEPTH: M ON M 7 = DUSTSTORM OR SANDSTORM:
VSBY 1/2 MILE OR LESS
8 = SMOKE OR HAZE
[NO. OF DAYS WITH] [WEATHER - DAYS WITH] 9 = BLOWING SNOW
X = TORNADO
MAX 32 OR BELOW: 0 0.01 INCH OR MORE: 12
MAX 90 OR ABOVE: 0 0.10 INCH OR MORE: 8
MIN 32 OR BELOW: 4 0.50 INCH OR MORE: 4
MIN 0 OR BELOW: 0 1.00 INCH OR MORE: 1
[HDD (BASE 65) ]
TOTAL THIS MO. 474 CLEAR (SCALE 0-3) 9
DPTR FM NORMAL -105 PTCLDY (SCALE 4-7) 13
TOTAL FM JUL 1 3902 CLOUDY (SCALE 8-10) 9
DPTR FM NORMAL -213
[CDD (BASE 65) ]
TOTAL THIS MO. 7
DPTR FM NORMAL 4 [PRESSURE DATA]
TOTAL FM JAN 1 7 HIGHEST SLP M ON M
DPTR FM NORMAL 4 LOWEST SLP 29.56 ON 2
[REMARKS]
#FINAL-03-20#