000
CXUS54 KMEG 010900
CF6MEG
PRELIMINARY LOCAL CLIMATOLOGICAL DATA (WS FORM: F-6)
STATION: MEMPHIS/GERMANTOWN WFO
MONTH: SEPTEMBER
YEAR: 2023
LATITUDE: 35 7 N
LONGITUDE: 89 48 W
TEMPERATURE IN F: :PCPN: SNOW: WIND :SUNSHINE: SKY :PK WND
================================================================================
1 2 3 4 5 6A 6B 7 8 9 10 11 12 13 14 15 16 17 18
12Z AVG MX 2MIN
DY MAX MIN AVG DEP HDD CDD WTR SNW DPTH SPD SPD DIR MIN PSBL S-S WX SPD DR
================================================================================
1 85 61 73 -5 0 8 0.00 0.0 0 M M M M M M M M
2 86 74 80 2 0 15 T 0.0 0 M M M M M M M M
3 93 72 83 6 0 18 0.00 0.0 0 M M M M M M M M
4 97 73 85 8 0 20 T 0.0 0 M M M M M M 3 M M
5 92 71 82 5 0 17 0.48 0.0 0 M M M M M M 13 M M
6 90 70 80 4 0 15 0.09 0.0 0 M M M M M M 3 M M
7 87 65 76 0 0 11 0.00 0.0 0 M M M M M M M M
8 83 61 72 -4 0 7 0.00 0.0 0 M M M M M M M M
9 83 65 74 -2 0 9 0.00 0.0 0 M M M M M M M M
10 85 60 73 -3 0 8 0.00 0.0 0 M M M M M M M M
11 87 63 75 0 0 10 0.00 0.0 0 M M M M M M M M
12 74 65 70 -5 0 5 T 0.0 0 M M M M M M M M
13 83 66 75 0 0 10 0.00 0.0 0 M M M M M M M M
14 81 60 71 -3 0 6 0.00 0.0 0 M M M M M M M M
15 87 55 71 -3 0 6 0.00 0.0 0 M M M M M M M M
16 85 61 73 -1 0 8 0.00 0.0 0 M M M M M M M M
17 86 59 73 0 0 8 0.00 0.0 0 M M M M M M M M
18 82 55 69 -4 0 4 0.00 0.0 0 M M M M M M M M
19 86 55 71 -2 0 6 0.00 0.0 0 M M M M M M M M
20 85 60 73 1 0 8 0.33 0.0 0 M M M M M M 13 M M
21 89 66 78 6 0 13 0.00 0.0 0 M M M M M M M M
22 88 65 77 5 0 12 0.00 0.0 0 M M M M M M M M
23 90 64 77 6 0 12 0.00 0.0 0 M M M M M M M M
24 88 66 77 6 0 12 0.00 0.0 0 M M M M M M M M
25 90 63 77 6 0 12 0.00 0.0 0 M M M M M M M M
26 93 60 77 7 0 12 0.00 0.0 0 M M M M M M M M
27 94 65 80 10 0 15 0.00 0.0 0 M M M M M M M M
28 93 70 82 13 0 17 0.00 0.0 0 M M M M M M M M
29 92 67 80 11 0 15 0.00 0.0 0 M M M M M M M M
30 91 66 79 10 0 14 0.00 0.0 0 M M M M M M M M
================================================================================
SM 2625 1923 0 333 0.90 0.0 M M M
================================================================================
AV 87.5 64.1 M FASTST M M M MAX(MPH)
MISC ----> M M M M
================================================================================
NOTES:
# LAST OF SEVERAL OCCURRENCES
COLUMN 17 PEAK WIND IN M.P.H.
PRELIMINARY LOCAL CLIMATOLOGICAL DATA (WS FORM: F-6) , PAGE 2
STATION: MEMPHIS/GERMANTOWN WFO
MONTH: SEPTEMBER
YEAR: 2023
LATITUDE: 35 7 N
LONGITUDE: 89 48 W
[TEMPERATURE DATA] [PRECIPITATION DATA] SYMBOLS USED IN COLUMN 16
AVERAGE MONTHLY: 75.8 TOTAL FOR MONTH: 0.90 1 = FOG OR MIST
DPTR FM NORMAL: 2.2 DPTR FM NORMAL: -2.84 2 = FOG REDUCING VISIBILITY
HIGHEST: 97 ON 4 GRTST 24HR 0.48 ON 5- 5 TO 1/4 MILE OR LESS
LOWEST: 55 ON 19,18 3 = THUNDER
SNOW, ICE PELLETS, HAIL 4 = ICE PELLETS
TOTAL MONTH: 0.0 INCH 5 = HAIL
GRTST 24HR 0.0 6 = FREEZING RAIN OR DRIZZLE
GRTST DEPTH: 0 7 = DUSTSTORM OR SANDSTORM:
VSBY 1/2 MILE OR LESS
8 = SMOKE OR HAZE
[NO. OF DAYS WITH] [WEATHER - DAYS WITH] 9 = BLOWING SNOW
X = TORNADO
MAX 32 OR BELOW: 0 0.01 INCH OR MORE: 3
MAX 90 OR ABOVE: 11 0.10 INCH OR MORE: 2
MIN 32 OR BELOW: 0 0.50 INCH OR MORE: 0
MIN 0 OR BELOW: 0 1.00 INCH OR MORE: 0
[HDD (BASE 65) ]
TOTAL THIS MO. 0 CLEAR (SCALE 0-3) 0
DPTR FM NORMAL -15 PTCLDY (SCALE 4-7) 0
TOTAL FM JUL 1 0 CLOUDY (SCALE 8-10) 30
DPTR FM NORMAL -13
[CDD (BASE 65) ]
TOTAL THIS MO. 333
DPTR FM NORMAL 61 [PRESSURE DATA]
TOTAL FM JAN 1 2070 HIGHEST SLP M ON M
DPTR FM NORMAL 177 LOWEST SLP M ON M
[REMARKS]
#FINAL-09-23#