000
CXUS53 KGRB 301110
CF6MFI
PRELIMINARY LOCAL CLIMATOLOGICAL DATA (WS FORM: F-6)
STATION: MARSHFIELD WI
MONTH: DECEMBER
YEAR: 2021
LATITUDE: 44 37 N
LONGITUDE: 90 11 W
TEMPERATURE IN F: :PCPN: SNOW: WIND :SUNSHINE: SKY :PK WND
================================================================================
1 2 3 4 5 6A 6B 7 8 9 10 11 12 13 14 15 16 17 18
12Z AVG MX 2MIN
DY MAX MIN AVG DEP HDD CDD WTR SNW DPTH SPD SPD DIR MIN PSBL S-S WX SPD DR
================================================================================
1 45 27 36 10 29 0 0.10 1.0 1 9.6 17 170 M M 7 16 25 160
2 45 32 39 13 26 0 0.00 0.0 T 10.8 24 320 M M 2 34 310
3 35 30 33 8 32 0 0.13 1.2 1 5.2 15 290 M M 9 12 22 280
4 33 23 28 3 37 0 0.00 0.0 1 9.4 18 300 M M 5 28 290
5 32 24 28 4 37 0 0.30 3.6 4 11.3 21 110 M M 10 12 31 290
6 30 -4 13 -11 52 0 T T 4 18.1 32 300 M M 6 47 320
7 13 -6 4 -20 61 0 0.05 1.8 5 5.2 10 170 M M 8 1 14 170
8 20 -2 9 -14 56 0 T T 5 3.9 10 140 M M 5 18 15 140
9 30 19 25 2 40 0 0.03 0.5 4 9.0 16 110 M M 8 12 26 110
10 30 20 25 3 40 0 0.58 6.5 8 10.2 22 60 M M 8 128 33 70
11 32 19 26 4 39 0 0.01 T 8 14.8 28 320 M M 4 18 37 340
12 38 16 27 5 38 0 0.00 0.0 8 9.6 17 230 M M 0 22 220
13 40 23 32 11 33 0 0.00 0.0 7 5.3 10 310 M M 0 14 300
14 39 28 34 13 31 0 0.00 0.0 7 12.7 21 130 M M 4 8 28 130
15 59 37 48 27 17 0 0.30 0.0 4 9.1 38 230 M M 10 1238 54 240
16 54 16 35 15 30 0 T T 0 23.4 47 240 M M 8 8 73 220
17 19 11 15 -5 50 0 0.00 0.0 0 8.6 18 290 M M 3 24 290
18 25 12 19 -1 46 0 0.02 0.5 T 7.0 15 320 M M 9 1 20 320
19 26 7 17 -2 48 0 0.00 0.0 T 8.9 17 180 M M 5 22 210
20 33 10 22 3 43 0 0.00 0.0 T 9.8 20 310 M M 2 27 310
21 21 12 17 -2 48 0 0.02 0.2 T 13.2 28 310 M M 8 8 39 310
22 18 2 10 -8 55 0 0.00 0.0 T 6.9 22 300 M M 3 31 290
23 36 16 26 8 39 0 0.03 T T 5.6 14 140 M M 4 6 18 160
24 40 21 31 13 34 0 T 0.0 0 7.6 17 170 M M 6 128 22 180
25 34 24 29 11 36 0 0.00 0.0 0 7.7 16 320 M M 5 1 24 10
26 30 17 24 6 41 0 0.04 M T 11.8 24 110 M M 4 12 34 110
27 33 9 21 4 44 0 0.21 3.8 4 13.8 25 270 M M 7 16 37 270
28 23 8 16 -1 49 0 0.22 3.0 7 8.4 17 60 M M 8 12 23 60
29 23 1 12 -5 53 0 T T 7 8.8 21 310 M M 4 18 28 280
30 25 4 15 -2 50 0 0.00 0.0 6 7.1 14 190 M M 10 168 18 190
31 27 14 21 5 44 0 0.00 0.0 5 6.8 16 350 M M 10 18 23 350
================================================================================
SM 988 470 1278 0 2.04 22.1 299.6 M 182
================================================================================
AV 31.9 15.2 9.7 FASTST M M 6 MAX(MPH)
MISC ----> 47 240 73 220
================================================================================
NOTES:
# LAST OF SEVERAL OCCURRENCES
COLUMN 17 PEAK WIND IN M.P.H.
PRELIMINARY LOCAL CLIMATOLOGICAL DATA (WS FORM: F-6) , PAGE 2
STATION: MARSHFIELD WI
MONTH: DECEMBER
YEAR: 2021
LATITUDE: 44 37 N
LONGITUDE: 90 11 W
[TEMPERATURE DATA] [PRECIPITATION DATA] SYMBOLS USED IN COLUMN 16
AVERAGE MONTHLY: 23.5 TOTAL FOR MONTH: 2.04 1 = FOG OR MIST
DPTR FM NORMAL: 2.9 DPTR FM NORMAL: 1.14 2 = FOG REDUCING VISIBILITY
HIGHEST: 59 ON 15 GRTST 24HR 0.58 ON 10-10 TO 1/4 MILE OR LESS
LOWEST: -6 ON 7 3 = THUNDER
SNOW, ICE PELLETS, HAIL 4 = ICE PELLETS
TOTAL MONTH: 22.1 INCHES 5 = HAIL
GRTST 24HR 6.5 ON 10-10 6 = FREEZING RAIN OR DRIZZLE
GRTST DEPTH: 8 ON 12,11 7 = DUSTSTORM OR SANDSTORM:
VSBY 1/2 MILE OR LESS
8 = SMOKE OR HAZE
[NO. OF DAYS WITH] [WEATHER - DAYS WITH] 9 = BLOWING SNOW
X = TORNADO
MAX 32 OR BELOW: 17 0.01 INCH OR MORE: 14
MAX 90 OR ABOVE: 0 0.10 INCH OR MORE: 7
MIN 32 OR BELOW: 30 0.50 INCH OR MORE: 1
MIN 0 OR BELOW: 3 1.00 INCH OR MORE: 0
[HDD (BASE 65) ]
TOTAL THIS MO. 1278 CLEAR (SCALE 0-3) 4
DPTR FM NORMAL -97 PTCLDY (SCALE 4-7) 19
TOTAL FM JUL 1 2719 CLOUDY (SCALE 8-10) 8
DPTR FM NORMAL -456
[CDD (BASE 65) ]
TOTAL THIS MO. 0
DPTR FM NORMAL 0 [PRESSURE DATA]
TOTAL FM JAN 1 520 HIGHEST SLP 30.38 ON 14
DPTR FM NORMAL 129 LOWEST SLP 29.11 ON 16
[REMARKS]
#FINAL-12-21#