000
CXUS56 KMFR 010930
CF6MFR
PRELIMINARY LOCAL CLIMATOLOGICAL DATA (WS FORM: F-6)
STATION: MEDFORD OR
MONTH: MARCH
YEAR: 2023
LATITUDE: 42 22 N
LONGITUDE: 122 52 W
TEMPERATURE IN F: :PCPN: SNOW: WIND :SUNSHINE: SKY :PK WND
================================================================================
1 2 3 4 5 6A 6B 7 8 9 10 11 12 13 14 15 16 17 18
12Z AVG MX 2MIN
DY MAX MIN AVG DEP HDD CDD WTR SNW DPTH SPD SPD DIR MIN PSBL S-S WX SPD DR
================================================================================
1 47 30 39 -7 26 0 T 0.0 0 2.3 9 70 M M 5 12 70
2 43 28 36 -10 29 0 0.03 0.0 0 0.7 8 140 M M 9 1 10 130
3 48 32 40 -7 25 0 0.00 0.0 0 2.9 12 270 M M 9 12 14 270
4 43 28 36 -11 29 0 0.03 0.2 0 3.4 12 310 M M 8 1 14 30
5 46 30 38 -9 27 0 T T 0 5.0 21 270 M M 8 1 26 270
6 47 24 36 -11 29 0 0.01 0.0 0 3.5 15 150 M M 6 1 20 150
7 50 30 40 -7 25 0 T 0.0 0 4.1 23 200 M M 7 1 31 210
8 47 31 39 -8 26 0 0.03 T 0 3.4 17 300 M M 9 12 23 300
9 52 35 44 -4 21 0 0.12 0.0 0 10.0 33 140 M M 9 1 44 140
10 53 34 44 -4 21 0 0.12 0.0 0 7.0 26 250 M M 7 1 37 240
11 57 27 42 -6 23 0 T 0.0 0 3.5 14 320 M M 5 12 19 310
12 60 41 51 3 14 0 0.05 0.0 0 4.2 18 150 M M 9 1 24 160
13 57 40 49 1 16 0 0.20 0.0 0 5.8 18 250 M M 10 1 24 250
14 42 33 38 -10 27 0 0.64 0.0 0 3.4 10 150 M M 9 1 14 290
15 53 27 40 -8 25 0 0.00 0.0 0 2.9 8 210 M M 4 12 14 10
16 63 27 45 -3 20 0 0.00 0.0 0 5.7 17 140 M M 0 24 150
17 62 31 47 -1 18 0 0.00 0.0 0 2.7 13 290 M M 0 20 290
18 62 31 47 -2 18 0 0.00 0.0 0 1.5 16 140 M M 0 8 22 150
19 55 46 51 2 14 0 0.05 0.0 0 6.0 18 140 M M 10 1 24 130
20 56 35 46 -3 19 0 T 0.0 0 4.3 14 240 M M 5 21 250
21 64 29 47 -2 18 0 0.00 0.0 0 3.6 18 50 M M 0 25 50
22 61 35 48 -1 17 0 0.10 0.0 0 4.2 18 300 M M 5 8 25 270
23 51 33 42 -7 23 0 0.13 T 0 3.9 23 280 M M 10 1 33 270
24 46 33 40 -9 25 0 0.02 0.0 0 5.3 21 260 M M 9 18 27 250
25 47 31 39 -10 26 0 0.09 1.0 0 4.7 25 290 M M 7 18 36 300
26 50 32 41 -8 24 0 0.00 0.0 0 2.7 12 350 M M 6 17 10
27 47 31 39 -11 26 0 0.05 0.0 0 7.3 29 140 M M 6 38 140
28 52 37 45 -5 20 0 0.25 0.0 0 12.7 31 140 M M 8 1 45 140
29 58 35 47 -3 18 0 T 0.0 0 4.9 25 60 M M 5 32 60
30 53 30 42 -8 23 0 T 0.0 0 3.2 14 300 M M 7 20 330
31 56 38 47 -3 18 0 T 0.0 0 6.1 21 240 M M 7 29 240
================================================================================
SM 1628 1004 690 0 1.92 1.2 140.9 M 199
================================================================================
AV 52.5 32.4 4.5 FASTST M M 6 MAX(MPH)
MISC ----> 33 140 45 140
================================================================================
NOTES:
# LAST OF SEVERAL OCCURRENCES
COLUMN 17 PEAK WIND IN M.P.H.
PRELIMINARY LOCAL CLIMATOLOGICAL DATA (WS FORM: F-6) , PAGE 2
STATION: MEDFORD OR
MONTH: MARCH
YEAR: 2023
LATITUDE: 42 22 N
LONGITUDE: 122 52 W
[TEMPERATURE DATA] [PRECIPITATION DATA] SYMBOLS USED IN COLUMN 16
AVERAGE MONTHLY: 42.5 TOTAL FOR MONTH: 1.92 1 = FOG OR MIST
DPTR FM NORMAL: -5.8 DPTR FM NORMAL: 0.11 2 = FOG REDUCING VISIBILITY
HIGHEST: 64 ON 21 GRTST 24HR 0.74 ON 13-14 TO 1/4 MILE OR LESS
LOWEST: 24 ON 6 3 = THUNDER
SNOW, ICE PELLETS, HAIL 4 = ICE PELLETS
TOTAL MONTH: 3.5 INCHES 5 = HAIL
GRTST 24HR 1.0 ON 25-25 6 = FREEZING RAIN OR DRIZZLE
GRTST DEPTH: 0 7 = DUSTSTORM OR SANDSTORM:
VSBY 1/2 MILE OR LESS
8 = SMOKE OR HAZE
[NO. OF DAYS WITH] [WEATHER - DAYS WITH] 9 = BLOWING SNOW
X = TORNADO
MAX 32 OR BELOW: 0 0.01 INCH OR MORE: 16
MAX 90 OR ABOVE: 0 0.10 INCH OR MORE: 7
MIN 32 OR BELOW: 18 0.50 INCH OR MORE: 1
MIN 0 OR BELOW: 0 1.00 INCH OR MORE: 0
[HDD (BASE 65) ]
TOTAL THIS MO. 690 CLEAR (SCALE 0-3) 4
DPTR FM NORMAL 172 PTCLDY (SCALE 4-7) 17
TOTAL FM JUL 1 3733 CLOUDY (SCALE 8-10) 10
DPTR FM NORMAL 133
[CDD (BASE 65) ]
TOTAL THIS MO. 0
DPTR FM NORMAL 0 [PRESSURE DATA]
TOTAL FM JAN 1 0 HIGHEST SLP M ON M
DPTR FM NORMAL 0 LOWEST SLP 29.36 ON 9
[REMARKS]
#FINAL-03-23#