000
CXUS54 KBMX 011010
CF6MGM
PRELIMINARY LOCAL CLIMATOLOGICAL DATA (WS FORM: F-6)
STATION: MONTGOMERY
MONTH: JULY
YEAR: 2022
LATITUDE: 32 17 N
LONGITUDE: 86 24 W
TEMPERATURE IN F: :PCPN: SNOW: WIND :SUNSHINE: SKY :PK WND
================================================================================
1 2 3 4 5 6A 6B 7 8 9 10 11 12 13 14 15 16 17 18
12Z AVG MX 2MIN
DY MAX MIN AVG DEP HDD CDD WTR SNW DPTH SPD SPD DIR MIN PSBL S-S WX SPD DR
================================================================================
1 92 73 83 1 0 18 0.00 0.0 0 3.5 15 240 M M 1 18 250
2 93 73 83 1 0 18 0.00 0.0 0 4.2 20 190 M M 3 24 180
3 91 75 83 1 0 18 0.08 0.0 0 3.5 16 290 M M 6 13 20 270
4 95 76 86 4 0 21 T 0.0 0 3.3 15 270 M M 5 13 21 220
5 94 75 85 3 0 20 0.00 0.0 0 3.0 12 210 M M 1 3 15 210
6 95 75 85 3 0 20 0.00 0.0 0 4.0 10 220 M M 1 1 13 230
7 96 76 86 3 0 21 0.00 0.0 0 3.7 10 220 M M 1 13 200
8 99 78 89 6 0 24 0.00 0.0 M 5.1 20 130 M M 2 3 24 130
9 95 73 84 1 0 19 0.57 0.0 0 5.6 25 330 M M 4 13 33 320
10 92 73 83 0 0 18 0.00 0.0 0 4.0 12 320 M M 3 15 310
11 94 77 86 3 0 21 T 0.0 M 6.7 17 80 M M 2 23 70
12 92 75 84 1 0 19 0.00 0.0 M 4.7 16 170 M M 4 18 21 130
13 93 75 84 1 0 19 0.01 0.0 0 3.4 15 90 M M 6 3 20 80
14 89 73 81 -2 0 16 0.04 0.0 0 5.6 16 90 M M 4 3 20 70
15 93 71 82 -1 0 17 T 0.0 0 3.3 15 70 M M 3 1 18 80
16 93 70 82 -1 0 17 0.00 0.0 0 3.7 12 100 M M 2 18 15 90
17 94 72 83 0 0 18 0.00 0.0 M 4.4 12 110 M M 1 17 100
18 95 72 84 1 0 19 0.04 0.0 0 5.8 25 270 M M 2 13 33 260
19 96 76 86 3 0 21 0.06 0.0 M 5.9 13 230 M M 3 3 17 260
20 98 77 88 5 0 23 0.00 0.0 0 7.4 16 280 M M 0 22 270
21 98 71 85 2 0 20 1.66 0.0 0 10.0 43 30 M M 3 13 60 350
22 90 72 81 -2 0 16 0.25 0.0 0 3.5 17 240 M M 4 13 22 240
23 94 73 84 1 0 19 0.00 0.0 0 3.8 15 270 M M 2 3 19 280
24 95 73 84 1 0 19 0.00 0.0 0 3.7 17 210 M M 1 3 22 220
25 95 72 84 1 0 19 1.09 0.0 0 3.7 16 270 M M 3 13 20 210
26 94 73 84 1 0 19 0.00 0.0 0 4.1 10 160 M M 0 14 270
27 95 74 85 2 0 20 0.00 0.0 0 2.8 13 140 M M 2 17 130
28 95 75 85 2 0 20 0.00 0.0 0 4.5 17 190 M M 1 25 180
29 94 74 84 1 0 19 T 0.0 0 4.4 14 160 M M 3 3 18 160
30 96 76 86 3 0 21 0.26 0.0 0 5.3 22 170 M M 1 13 30 160
31 95 74 85 2 0 20 0.00 0.0 M 3.4 10 210 M M 1 13 190
================================================================================
SM 2920 2292 0 599 4.06 0.0 140.0 M 75
================================================================================
AV 94.2 73.9 4.5 FASTST M M 2 MAX(MPH)
MISC ----> 43 30 60 350
================================================================================
NOTES:
# LAST OF SEVERAL OCCURRENCES
COLUMN 17 PEAK WIND IN M.P.H.
PRELIMINARY LOCAL CLIMATOLOGICAL DATA (WS FORM: F-6) , PAGE 2
STATION: MONTGOMERY
MONTH: JULY
YEAR: 2022
LATITUDE: 32 17 N
LONGITUDE: 86 24 W
[TEMPERATURE DATA] [PRECIPITATION DATA] SYMBOLS USED IN COLUMN 16
AVERAGE MONTHLY: 84.1 TOTAL FOR MONTH: 4.06 1 = FOG OR MIST
DPTR FM NORMAL: 1.2 DPTR FM NORMAL: -1.00 2 = FOG REDUCING VISIBILITY
HIGHEST: 99 ON 8 GRTST 24HR 1.66 ON 21-21 TO 1/4 MILE OR LESS
LOWEST: 70 ON 16 3 = THUNDER
SNOW, ICE PELLETS, HAIL 4 = ICE PELLETS
TOTAL MONTH: 0.0 INCH 5 = HAIL
GRTST 24HR 0.0 6 = FREEZING RAIN OR DRIZZLE
GRTST DEPTH: 0 7 = DUSTSTORM OR SANDSTORM:
VSBY 1/2 MILE OR LESS
8 = SMOKE OR HAZE
[NO. OF DAYS WITH] [WEATHER - DAYS WITH] 9 = BLOWING SNOW
X = TORNADO
MAX 32 OR BELOW: 0 0.01 INCH OR MORE: 10
MAX 90 OR ABOVE: 30 0.10 INCH OR MORE: 5
MIN 32 OR BELOW: 0 0.50 INCH OR MORE: 3
MIN 0 OR BELOW: 0 1.00 INCH OR MORE: 2
[HDD (BASE 65) ]
TOTAL THIS MO. 0 CLEAR (SCALE 0-3) 21
DPTR FM NORMAL 0 PTCLDY (SCALE 4-7) 10
TOTAL FM JUL 1 0 CLOUDY (SCALE 8-10) 0
DPTR FM NORMAL 0
[CDD (BASE 65) ]
TOTAL THIS MO. 599
DPTR FM NORMAL 44 [PRESSURE DATA]
TOTAL FM JAN 1 1651 HIGHEST SLP 30.22 ON 31
DPTR FM NORMAL 214 LOWEST SLP 29.82 ON 11
[REMARKS]
#FINAL-07-22#