000
CXUS51 KPBZ 010730
CF6MGW
PRELIMINARY LOCAL CLIMATOLOGICAL DATA (WS FORM: F-6)
STATION: MORGANTOWN WV
MONTH: JUNE
YEAR: 2022
LATITUDE: 39 39 N
LONGITUDE: 79 55 W
TEMPERATURE IN F: :PCPN: SNOW: WIND :SUNSHINE: SKY :PK WND
================================================================================
1 2 3 4 5 6A 6B 7 8 9 10 11 12 13 14 15 16 17 18
12Z AVG MX 2MIN
DY MAX MIN AVG DEP HDD CDD WTR SNW DPTH SPD SPD DIR MIN PSBL S-S WX SPD DR
================================================================================
1 90 65 78 12 0 13 0.00 M M 5.1 15 220 M M 2 1 22 230
2 79 58 69 2 0 4 0.74 M M 5.1 13 280 M M 8 138 17 340
3 76 55 66 -1 0 1 0.00 M M 2.7 10 230 M M 4 12 14 230
4 79 50 65 -2 0 0 0.00 M M 3.5 10 360 M M 0 14 350
5 82 51 67 -1 0 2 0.00 M M 3.7 10 10 M M 0 14 10
6 85 61 73 5 0 8 0.00 M M 6.4 14 190 M M 3 19 190
7 73 64 69 1 0 4 0.26 M M 6.5 13 220 M M 8 1 20 170
8 82 62 72 4 0 7 0.84 M M 4.2 18 230 M M 7 138 31 230
9 71 56 64 -5 1 0 0.00 M M 6.3 14 330 M M 7 19 320
10 76 52 64 -5 1 0 0.00 M M 3.4 8 230 M M 2 18 12 220
11 74 58 66 -3 0 1 0.05 M M 2.7 13 200 M M 7 1 16 200
12 82 62 72 2 0 7 0.00 M M 4.8 12 220 M M 7 18 220
13 90 67 79 9 0 14 T M M 3.5 14 220 M M 5 1 19 210
14 79 68 74 4 0 9 0.43 M M 3.2 16 280 M M 6 13 23 240
15 95 67 81 11 0 16 0.00 M M 3.7 12 220 M M 3 1 16 230
16 93 73 83 12 0 18 T M M 6.4 15 230 M M 3 8 24 230
17 88 66 77 6 0 12 0.00 M M 7.4 15 260 M M 2 22 280
18 74 54 64 -7 1 0 0.00 M M 7.7 15 10 M M 3 26 330
19 76 45 61 -10 4 0 0.00 M M 3.9 13 340 M M 0 20 320
20 74 55 65 -7 0 0 T M M 2.5 7 170 M M 8 12 190
21 89 63 76 4 0 11 0.00 M M 5.5 14 200 M M 3 19 200
22 95 69 82 10 0 17 0.96 M M 5.6 29 350 M M 3 13 45 350
23 85 62 74 2 0 9 0.00 M M 3.9 10 350 M M 4 18 14 340
24 86 56 71 -1 0 6 0.00 M M 1.6 9 350 M M 0 14 330
25 90 59 75 2 0 10 0.00 M M 2.6 9 230 M M 1 14 230
26 83 70 77 4 0 12 0.02 M M 4.5 12 210 M M 6 3 19 170
27 80 59 70 -3 0 5 0.23 M M 5.2 15 350 M M 6 1 24 360
28 80 52 66 -7 0 1 0.00 M M 1.4 8 240 M M 0 12 240
29 84 55 70 -3 0 5 0.00 M M 1.9 12 340 M M 0 15 330
30 90 55 73 -1 0 8 0.00 M M 2.7 10 230 M M 0 14 180
================================================================================
SM 2480 1789 7 200 3.53 M 127.6 M 108
================================================================================
AV 82.7 59.6 4.3 FASTST M M 4 MAX(MPH)
MISC ----> 29 350 45 350
================================================================================
NOTES:
# LAST OF SEVERAL OCCURRENCES
COLUMN 17 PEAK WIND IN M.P.H.
PRELIMINARY LOCAL CLIMATOLOGICAL DATA (WS FORM: F-6) , PAGE 2
STATION: MORGANTOWN WV
MONTH: JUNE
YEAR: 2022
LATITUDE: 39 39 N
LONGITUDE: 79 55 W
[TEMPERATURE DATA] [PRECIPITATION DATA] SYMBOLS USED IN COLUMN 16
AVERAGE MONTHLY: 71.2 TOTAL FOR MONTH: 3.53 1 = FOG OR MIST
DPTR FM NORMAL: 0.8 DPTR FM NORMAL: -0.54 2 = FOG REDUCING VISIBILITY
HIGHEST: 95 ON 22,15 GRTST 24HR 0.96 ON 22-22 TO 1/4 MILE OR LESS
LOWEST: 45 ON 19 3 = THUNDER
SNOW, ICE PELLETS, HAIL 4 = ICE PELLETS
TOTAL MONTH: M 5 = HAIL
GRTST 24HR M ON M 6 = FREEZING RAIN OR DRIZZLE
GRTST DEPTH: M ON M 7 = DUSTSTORM OR SANDSTORM:
VSBY 1/2 MILE OR LESS
8 = SMOKE OR HAZE
[NO. OF DAYS WITH] [WEATHER - DAYS WITH] 9 = BLOWING SNOW
X = TORNADO
MAX 32 OR BELOW: 0 0.01 INCH OR MORE: 8
MAX 90 OR ABOVE: 7 0.10 INCH OR MORE: 6
MIN 32 OR BELOW: 0 0.50 INCH OR MORE: 3
MIN 0 OR BELOW: 0 1.00 INCH OR MORE: 0
[HDD (BASE 65) ]
TOTAL THIS MO. 7 CLEAR (SCALE 0-3) 14
DPTR FM NORMAL -16 PTCLDY (SCALE 4-7) 16
TOTAL FM JUL 1 4439 CLOUDY (SCALE 8-10) 0
DPTR FM NORMAL -522
[CDD (BASE 65) ]
TOTAL THIS MO. 200
DPTR FM NORMAL 18 [PRESSURE DATA]
TOTAL FM JAN 1 322 HIGHEST SLP 30.29 ON 20
DPTR FM NORMAL 51 LOWEST SLP 29.65 ON 8
[REMARKS]
#FINAL-06-22#