000
CXUS53 KFSD 041243
CF6MHE
PRELIMINARY LOCAL CLIMATOLOGICAL DATA (WS FORM: F-6)
STATION: MITCHELL SD
MONTH: MARCH
YEAR: 2023
LATITUDE: 43 46 N
LONGITUDE: 98 2 W
TEMPERATURE IN F: :PCPN: SNOW: WIND :SUNSHINE: SKY :PK WND
================================================================================
1 2 3 4 5 6A 6B 7 8 9 10 11 12 13 14 15 16 17 18
12Z AVG MX 2MIN
DY MAX MIN AVG DEP HDD CDD WTR SNW DPTH SPD SPD DIR MIN PSBL S-S WX SPD DR
================================================================================
1 39 8 24 -4 41 0 T T 13 20.0 43 270 M M 7 57 260
2 28 6 17 -12 48 0 0.00 0.0 13 9.2 18 160 M M 5 1 22 170
3 36 22 29 0 36 0 0.00 0.0 13 7.1 16 170 M M 3 1 21 160
4 40 29 35 5 30 0 0.00 0.0 13 8.4 14 310 M M 4 18 290
5 33 27 30 0 35 0 0.05 0.2 12 12.6 24 140 M M 9 1 29 140
6 33 11 22 -9 43 0 T 0.0 12 13.0 22 350 M M 7 16 26 350
7 29 8 19 -12 46 0 0.00 0.0 12 6.9 15 360 M M 9 1 18 330
8 26 17 22 -10 43 0 0.00 0.0 12 12.1 20 340 M M 10 1 23 340
9 31 24 28 -4 37 0 0.22 2.8 13 9.8 14 330 M M 10 1 17 320
10 29 25 27 -5 38 0 T T 15 11.9 24 130 M M 10 12 30 130
11 39 27 33 0 32 0 T T 15 17.9 31 290 M M 5 1 42 280
12 27 18 23 -10 42 0 T T 14 25.3 35 310 M M 10 47 290
13 27 16 22 -12 43 0 T T 14 9.0 17 330 M M 6 20 330
14 40 15 28 -6 37 0 0.00 0.0 14 20.9 35 160 M M 1 45 160
15 42 32 37 2 28 0 0.00 0.0 12 12.9 25 320 M M 1 1 32 320
16 32 19 26 -9 39 0 0.17 1.8 11 23.5 35 340 M M 5 1269 45 330
17 23 7 15 -20 50 0 T T 10 19.3 35 310 M M 7 9 42 310
18 20 5 13 -23 52 0 T T 10 15.5 26 330 M M 2 9 33 330
19 47 6 27 -9 38 0 0.00 0.0 10 11.4 21 190 M M 0 30 180
20 30 15 23 -14 42 0 0.00 0.0 9 10.1 15 70 M M 0 20 60
21 37 21 29 -8 36 0 0.01 0.0 8 6.7 18 290 M M 6 16 23 300
22 31 20 26 -12 39 0 0.00 0.0 7 11.8 25 310 M M 6 33 290
23 31 21 26 -12 39 0 0.00 0.0 7 6.0 13 150 M M 8 17 140
24 39 21 30 -8 35 0 0.00 0.0 7 10.3 20 150 M M 3 1 26 160
25 35 26 31 -8 34 0 0.00 0.0 5 12.9 20 350 M M 8 1 24 330
26 30 18 24 -15 41 0 0.00 0.0 5 11.1 21 10 M M 2 24 20
27 31 17 24 -15 41 0 0.00 0.0 5 8.8 18 360 M M 4 23 350
28 43 19 31 -9 34 0 0.00 0.0 5 13.9 25 10 M M 5 1 31 10
29 27 13 20 -20 45 0 0.00 0.0 3 10.1 14 120 M M 3 18 130
30 41 24 33 -8 32 0 0.00 0.0 3 12.2 20 130 M M 3 26 120
31 34 25 30 -11 35 0 0.20 0.2 1 17.4 35 340 M M 10 136 48 360
================================================================================
SM 1030 562 1211 0 0.65 5.0 398.0 M 169
================================================================================
AV 33.2 18.1 12.8 FASTST M M 5 MAX(MPH)
MISC ----> 43 270 57 260
================================================================================
NOTES:
# LAST OF SEVERAL OCCURRENCES
COLUMN 17 PEAK WIND IN M.P.H.
-PRECIPITATION AMOUNTS IN COLUMNS 7,8 AND 9 ARE THE OFFICIAL
PRECIPITATION AMOUNTS FOR MITCHELL, SD.
-SNOW DEPTH IN COLUMN 9 IS RECORDED AT 6 AM CST (12Z).
PRELIMINARY LOCAL CLIMATOLOGICAL DATA (WS FORM: F-6) , PAGE 2
STATION: MITCHELL SD
MONTH: MARCH
YEAR: 2023
LATITUDE: 43 46 N
LONGITUDE: 98 2 W
[TEMPERATURE DATA] [PRECIPITATION DATA] SYMBOLS USED IN COLUMN 16
AVERAGE MONTHLY: 25.7 TOTAL FOR MONTH: 0.65 1 = FOG OR MIST
DPTR FM NORMAL: -9.1 DPTR FM NORMAL: -0.28 2 = FOG REDUCING VISIBILITY
HIGHEST: 47 ON 19 GRTST 24HR 0.22 ON 9- 9 TO 1/4 MILE OR LESS
LOWEST: 5 ON 18 3 = THUNDER
SNOW, ICE PELLETS, HAIL 4 = ICE PELLETS
TOTAL MONTH: 5.0 INCHES 5 = HAIL
GRTST 24HR 2.8 ON 9- 9 6 = FREEZING RAIN OR DRIZZLE
GRTST DEPTH: 15 ON 11,10 7 = DUSTSTORM OR SANDSTORM:
VSBY 1/2 MILE OR LESS
8 = SMOKE OR HAZE
[NO. OF DAYS WITH] [WEATHER - DAYS WITH] 9 = BLOWING SNOW
X = TORNADO
MAX 32 OR BELOW: 16 0.01 INCH OR MORE: 5
MAX 90 OR ABOVE: 0 0.10 INCH OR MORE: 3
MIN 32 OR BELOW: 31 0.50 INCH OR MORE: 0
MIN 0 OR BELOW: 0 1.00 INCH OR MORE: 0
[HDD (BASE 65) ]
TOTAL THIS MO. 1211 CLEAR (SCALE 0-3) 9
DPTR FM NORMAL 276 PTCLDY (SCALE 4-7) 15
TOTAL FM JUL 1 6898 CLOUDY (SCALE 8-10) 7
DPTR FM NORMAL 538
[CDD (BASE 65) ]
TOTAL THIS MO. 0
DPTR FM NORMAL -1 [PRESSURE DATA]
TOTAL FM JAN 1 0 HIGHEST SLP 30.56 ON 18
DPTR FM NORMAL -1 LOWEST SLP 29.44 ON 31
[REMARKS]
#FINAL-03-23#