000
CXUS53 KTOP 010910
CF6MHK
PRELIMINARY LOCAL CLIMATOLOGICAL DATA (WS FORM: F-6)
STATION: MANHATTAN KS
MONTH: JANUARY
YEAR: 2022
LATITUDE: 39 9 N
LONGITUDE: 96 40 W
TEMPERATURE IN F: :PCPN: SNOW: WIND :SUNSHINE: SKY :PK WND
================================================================================
1 2 3 4 5 6A 6B 7 8 9 10 11 12 13 14 15 16 17 18
12Z AVG MX 2MIN
DY MAX MIN AVG DEP HDD CDD WTR SNW DPTH SPD SPD DIR MIN PSBL S-S WX SPD DR
================================================================================
1 25 7 16 -13 49 0 0.15 M M 12.6 23 40 M M 10 18 33 20
2 19 -5 7 -22 58 0 0.00 M M 3.1 13 360 M M 2 22 340
3 50 2 26 -3 39 0 0.00 M M 4.3 15 210 M M 0 20 220
4 48 28 38 9 27 0 0.00 M M 11.5 24 220 M M 0 37 340
5 28 13 21 -8 44 0 T M M 7.5 18 30 M M 4 31 340
6 16 7 12 -17 53 0 T M M 7.0 15 20 M M 5 8 22 10
7 24 8 16 -13 49 0 0.00 M M 6.2 18 180 M M 2 24 180
8 45 18 32 3 33 0 0.00 M M 3.8 14 20 M M 6 18 23 40
9 36 14 25 -4 40 0 0.00 M M 6.5 18 20 M M 2 29 360
10 49 14 32 3 33 0 0.00 M M 4.2 12 230 M M 0 15 230
11 64 19 42 13 23 0 0.00 M M 6.5 26 220 M M 0 36 220
12 56 21 39 10 26 0 0.00 M M 5.0 13 280 M M 0 18 270
13 62 25 44 15 21 0 0.00 M M 3.6 13 350 M M 0 21 340
14 56 24 40 11 25 0 0.09 M M 6.3 18 360 M M 6 1 36 350
15 24 12 18 -11 47 0 T M M 10.5 23 10 M M 9 8 43 30
16 47 7 27 -2 38 0 0.00 M M 3.8 14 250 M M 1 21 260
17 55 20 38 9 27 0 0.00 M M 5.3 18 210 M M M 25 210
18 63 30 47 18 18 0 0.00 M M 6.8 20 30 M M 0 30 20
19 40 11 26 -3 39 0 0.00 M M 15.0 26 30 M M 4 37 40
20 21 3 12 -17 53 0 0.00 M M 3.3 13 20 M M 0 20 30
21 34 4 19 -10 46 0 0.00 M M 7.0 17 210 M M 0 22 200
22 52 18 35 6 30 0 0.00 M M 7.0 17 220 M M 1 23 220
23 53 31 42 12 23 0 0.00 M M 5.9 15 240 M M 1 21 230
24 56 22 39 9 26 0 0.00 M M 9.8 18 40 M M 3 33 20
25 26 12 19 -11 46 0 0.00 M M 8.5 15 50 M M 4 20 50
26 40 17 29 -1 36 0 0.00 M M 9.7 21 210 M M 8 28 210
27 49 24 37 7 28 0 0.00 M M 6.9 15 230 M M 3 24 20
28 36 18 27 -3 38 0 0.00 M M 2.8 9 20 M M 6 16 350
29 62 21 42 12 23 0 0.00 M M 6.7 15 280 M M 0 21 300
30 52 16 34 4 31 0 0.00 M M 1.2 7 230 M M 0 10 210
31 70 20 45 15 20 0 0.00 M M 7.6 24 230 M M 0 32 230
================================================================================
SM 1358 481 1089 0 0.24 M 205.9 M 77
================================================================================
AV 43.8 15.5 6.6 FASTST M M 3 MAX(MPH)
MISC ----> # 26 220 43 30
================================================================================
NOTES:
# LAST OF SEVERAL OCCURRENCES
COLUMN 17 PEAK WIND IN M.P.H.
PRELIMINARY LOCAL CLIMATOLOGICAL DATA (WS FORM: F-6) , PAGE 2
STATION: MANHATTAN KS
MONTH: JANUARY
YEAR: 2022
LATITUDE: 39 9 N
LONGITUDE: 96 40 W
[TEMPERATURE DATA] [PRECIPITATION DATA] SYMBOLS USED IN COLUMN 16
AVERAGE MONTHLY: 29.7 TOTAL FOR MONTH: 0.24 1 = FOG OR MIST
DPTR FM NORMAL: 0.3 DPTR FM NORMAL: -0.41 2 = FOG REDUCING VISIBILITY
HIGHEST: 70 ON 31 GRTST 24HR 0.22 ON 14-15 TO 1/4 MILE OR LESS
LOWEST: -5 ON 2 3 = THUNDER
SNOW, ICE PELLETS, HAIL 4 = ICE PELLETS
TOTAL MONTH: M 5 = HAIL
GRTST 24HR M ON M 6 = FREEZING RAIN OR DRIZZLE
GRTST DEPTH: M ON M 7 = DUSTSTORM OR SANDSTORM:
VSBY 1/2 MILE OR LESS
8 = SMOKE OR HAZE
[NO. OF DAYS WITH] [WEATHER - DAYS WITH] 9 = BLOWING SNOW
X = TORNADO
MAX 32 OR BELOW: 8 0.01 INCH OR MORE: 2
MAX 90 OR ABOVE: 0 0.10 INCH OR MORE: 1
MIN 32 OR BELOW: 31 0.50 INCH OR MORE: 0
MIN 0 OR BELOW: 1 1.00 INCH OR MORE: 0
[HDD (BASE 65) ]
TOTAL THIS MO. 1089 CLEAR (SCALE 0-3) 18
DPTR FM NORMAL -14 PTCLDY (SCALE 4-7) 10
TOTAL FM JUL 1 2564 CLOUDY (SCALE 8-10) 3
DPTR FM NORMAL -589
[CDD (BASE 65) ]
TOTAL THIS MO. 0
DPTR FM NORMAL 0 [PRESSURE DATA]
TOTAL FM JAN 1 0 HIGHEST SLP 30.80 ON 20
DPTR FM NORMAL 0 LOWEST SLP 29.59 ON 4
[REMARKS]
#FINAL-01-22#