000
CXUS53 KTOP 010910
CF6MHK
PRELIMINARY LOCAL CLIMATOLOGICAL DATA (WS FORM: F-6)
STATION: MANHATTAN KS
MONTH: NOVEMBER
YEAR: 2023
LATITUDE: 39 9 N
LONGITUDE: 96 40 W
TEMPERATURE IN F: :PCPN: SNOW: WIND :SUNSHINE: SKY :PK WND
================================================================================
1 2 3 4 5 6A 6B 7 8 9 10 11 12 13 14 15 16 17 18
12Z AVG MX 2MIN
DY MAX MIN AVG DEP HDD CDD WTR SNW DPTH SPD SPD DIR MIN PSBL S-S WX SPD DR
================================================================================
1 55 16 36 -13 29 0 0.00 M M 5.6 21 220 M M 0 30 200
2 67 25 46 -3 19 0 0.00 M M 7.5 20 210 M M 0 26 220
3 66 42 54 6 11 0 0.00 M M 6.9 21 220 M M 0 29 220
4 60 37 49 1 16 0 T M M 3.0 10 150 M M 4 14 120
5 74 32 53 6 12 0 0.00 M M 5.1 20 210 M M 0 27 210
6 74 44 59 12 6 0 0.00 M M 3.0 12 210 M M 0 18 210
7 75 44 60 14 5 0 0.00 M M 4.7 18 160 M M 2 25 160
8 70 44 57 11 8 0 0.00 M M 5.9 20 20 M M 7 35 20
9 63 30 47 1 18 0 0.00 M M 1.9 12 350 M M 0 16 350
10 60 24 42 -3 23 0 0.00 M M 2.4 10 110 M M 0 14 100
11 59 41 50 5 15 0 T M M 6.2 16 230 M M 7 20 220
12 74 33 54 10 11 0 0.00 M M 6.0 18 230 M M 0 25 200
13 72 27 50 6 15 0 0.00 M M 3.6 16 150 M M 0 22 160
14 72 34 53 9 12 0 0.00 M M 6.8 25 200 M M 0 34 210
15 75 37 56 13 9 0 0.00 M M 3.1 13 220 M M 0 17 210
16 69 48 59 16 6 0 0.00 M M 10.6 25 200 M M 3 37 200
17 60 30 45 3 20 0 0.00 M M 3.7 15 30 M M 0 21 30
18 69 26 48 6 17 0 0.00 M M 1.2 12 220 M M 0 8 17 230
19 54 43 49 8 16 0 0.91 M M 7.8 17 90 M M 7 18 26 100
20 48 44 46 5 19 0 0.19 M M 10.0 16 40 M M 10 1 25 10
21 48 26 37 -3 28 0 T M M 7.4 22 350 M M 4 1 42 360
22 61 22 42 2 23 0 0.00 M M 6.8 15 230 M M 0 21 210
23 49 28 39 -1 26 0 0.00 M M 12.9 25 40 M M 0 32 50
24 36 25 31 -8 34 0 0.00 M M 12.5 20 40 M M 1 27 20
25 29 25 27 -12 38 0 0.51 M M 3.8 10 60 M M 9 128 13 90
26 42 14 28 -10 37 0 T M M 5.2 13 290 M M 3 1 22 290
27 48 12 30 -8 35 0 0.00 M M 4.2 14 270 M M 0 20 280
28 42 14 28 -10 37 0 0.00 M M 4.9 20 210 M M 0 25 210
29 53 22 38 1 27 0 0.00 M M 3.8 15 210 M M 0 19 210
30 51 37 44 7 21 0 0.11 M M 8.9 18 20 M M 6 26 20
================================================================================
SM 1775 926 593 0 1.72 M 175.4 M 63
================================================================================
AV 59.2 30.9 5.8 FASTST M M 2 MAX(MPH)
MISC ----> # 25 200 42 360
================================================================================
NOTES:
# LAST OF SEVERAL OCCURRENCES
COLUMN 17 PEAK WIND IN M.P.H.
PRELIMINARY LOCAL CLIMATOLOGICAL DATA (WS FORM: F-6) , PAGE 2
STATION: MANHATTAN KS
MONTH: NOVEMBER
YEAR: 2023
LATITUDE: 39 9 N
LONGITUDE: 96 40 W
[TEMPERATURE DATA] [PRECIPITATION DATA] SYMBOLS USED IN COLUMN 16
AVERAGE MONTHLY: 45.0 TOTAL FOR MONTH: 1.72 1 = FOG OR MIST
DPTR FM NORMAL: 2.1 DPTR FM NORMAL: 0.18 2 = FOG REDUCING VISIBILITY
HIGHEST: 75 ON 15, 7 GRTST 24HR 0.98 ON 19-20 TO 1/4 MILE OR LESS
LOWEST: 12 ON 27 3 = THUNDER
SNOW, ICE PELLETS, HAIL 4 = ICE PELLETS
TOTAL MONTH: M 5 = HAIL
GRTST 24HR M ON M 6 = FREEZING RAIN OR DRIZZLE
GRTST DEPTH: M ON M 7 = DUSTSTORM OR SANDSTORM:
VSBY 1/2 MILE OR LESS
8 = SMOKE OR HAZE
[NO. OF DAYS WITH] [WEATHER - DAYS WITH] 9 = BLOWING SNOW
X = TORNADO
MAX 32 OR BELOW: 1 0.01 INCH OR MORE: 4
MAX 90 OR ABOVE: 0 0.10 INCH OR MORE: 4
MIN 32 OR BELOW: 17 0.50 INCH OR MORE: 2
MIN 0 OR BELOW: 0 1.00 INCH OR MORE: 0
[HDD (BASE 65) ]
TOTAL THIS MO. 593 CLEAR (SCALE 0-3) 21
DPTR FM NORMAL -71 PTCLDY (SCALE 4-7) 7
TOTAL FM JUL 1 863 CLOUDY (SCALE 8-10) 2
DPTR FM NORMAL -168
[CDD (BASE 65) ]
TOTAL THIS MO. 0
DPTR FM NORMAL -1 [PRESSURE DATA]
TOTAL FM JAN 1 1833 HIGHEST SLP 30.54 ON 24
DPTR FM NORMAL 344 LOWEST SLP 29.58 ON 8
[REMARKS]
#FINAL-11-23#