000
CXUS56 KMFR 010930
CF6MHS
PRELIMINARY LOCAL CLIMATOLOGICAL DATA (WS FORM: F-6)
STATION: MT SHASTA CITY CA
MONTH: OCTOBER
YEAR: 2022
LATITUDE: 41 19 N
LONGITUDE: 122 19 W
TEMPERATURE IN F: :PCPN: SNOW: WIND :SUNSHINE: SKY :PK WND
================================================================================
1 2 3 4 5 6A 6B 7 8 9 10 11 12 13 14 15 16 17 18
12Z AVG MX 2MIN
DY MAX MIN AVG DEP HDD CDD WTR SNW DPTH SPD SPD DIR MIN PSBL S-S WX SPD DR
================================================================================
1 81 40 61 4 4 0 0.00 M M 0.1 5 60 M M 0 8 260
2 82 42 62 6 3 0 0.00 M M 0.2 5 80 M M 0 9 90
3 85 43 64 8 1 0 0.00 M M 0.3 5 80 M M 0 8 200
4 86 44 65 9 0 0 0.00 M M 0.1 3 70 M M 0 8 110
5 87 46 67 12 0 2 0.00 M M 0.3 5 230 M M 0 14 230
6 87 44 66 11 0 1 0.00 M M 0.0 5 60 M M 0 9 230
7 88 45 67 13 0 2 0.00 M M 0.3 5 240 M M 0 11 220
8 88 45 67 13 0 2 0.00 M M 1.2 7 270 M M 0 13 310
9 85 45 65 11 0 0 0.00 M M 0.5 5 70 M M 0 8 10 270
10 83 46 65 12 0 0 0.00 M M 3.5 9 290 M M 0 18 330
11 81 44 63 10 2 0 0.00 M M 1.1 7 300 M M 0 13 280
12 82 41 62 10 3 0 0.00 M M 1.6 7 280 M M 0 16 280
13 84 43 64 12 1 0 0.00 M M 0.9 7 300 M M 0 13 280
14 84 44 64 12 1 0 0.00 M M 1.4 7 290 M M 0 14 290
15 85 40 63 12 2 0 0.00 M M 0.5 3 60 M M 0 12 220
16 79 39 59 8 6 0 0.00 M M 0.3 5 80 M M 0 11 130
17 77 38 58 7 7 0 0.00 M M 0.3 3 60 M M 0 7 140
18 78 36 57 7 8 0 0.00 M M 0.1 3 50 M M 0 8 160
19 81 40 61 11 4 0 0.00 M M 1.5 8 290 M M 0 14 340
20 81 39 60 10 5 0 0.00 M M 2.0 7 300 M M 0 14 310
21 74 45 60 11 5 0 0.00 M M 0.4 7 290 M M 2 16 350
22 58 36 47 -2 18 0 0.10 M M 3.8 10 300 M M 8 1 24 360
23 50 30 40 -8 25 0 0.00 M M 3.6 10 310 M M 3 23 340
24 63 28 46 -2 19 0 0.00 M M 2.1 9 290 M M 7 19 280
25 61 35 48 0 17 0 0.00 M M 1.6 9 340 M M 0 21 340
26 52 35 44 -4 21 0 T M M 3.0 13 290 M M 1 24 300
27 60 30 45 -2 20 0 0.00 M M 1.4 8 300 M M 0 14 290
28 61 31 46 -1 19 0 0.00 M M 0.0 5 90 M M 0 10 160
29 65 32 49 3 16 0 0.00 M M 1.7 9 300 M M 0 18 300
30 66 35 51 5 14 0 0.00 M M 1.6 8 290 M M 0 17 300
31 67 34 51 5 14 0 0.00 M M 1.2 7 90 M M 0 8 14 90
================================================================================
SM 2341 1215 235 7 0.10 M 36.6 M 21
================================================================================
AV 75.5 39.2 1.2 FASTST M M 1 MAX(MPH)
MISC ----> 13 290 # 24 360
================================================================================
NOTES:
# LAST OF SEVERAL OCCURRENCES
COLUMN 17 PEAK WIND IN M.P.H.
PRELIMINARY LOCAL CLIMATOLOGICAL DATA (WS FORM: F-6) , PAGE 2
STATION: MT SHASTA CITY CA
MONTH: OCTOBER
YEAR: 2022
LATITUDE: 41 19 N
LONGITUDE: 122 19 W
[TEMPERATURE DATA] [PRECIPITATION DATA] SYMBOLS USED IN COLUMN 16
AVERAGE MONTHLY: 57.4 TOTAL FOR MONTH: 0.10 1 = FOG OR MIST
DPTR FM NORMAL: 6.3 DPTR FM NORMAL: -1.90 2 = FOG REDUCING VISIBILITY
HIGHEST: 88 ON 8, 7 GRTST 24HR 0.10 ON 22-22 TO 1/4 MILE OR LESS
LOWEST: 28 ON 24 3 = THUNDER
SNOW, ICE PELLETS, HAIL 4 = ICE PELLETS
TOTAL MONTH: M 5 = HAIL
GRTST 24HR M ON M 6 = FREEZING RAIN OR DRIZZLE
GRTST DEPTH: M ON M 7 = DUSTSTORM OR SANDSTORM:
VSBY 1/2 MILE OR LESS
8 = SMOKE OR HAZE
[NO. OF DAYS WITH] [WEATHER - DAYS WITH] 9 = BLOWING SNOW
X = TORNADO
MAX 32 OR BELOW: 0 0.01 INCH OR MORE: 1
MAX 90 OR ABOVE: 0 0.10 INCH OR MORE: 1
MIN 32 OR BELOW: 5 0.50 INCH OR MORE: 0
MIN 0 OR BELOW: 0 1.00 INCH OR MORE: 0
[HDD (BASE 65) ]
TOTAL THIS MO. 235 CLEAR (SCALE 0-3) 29
DPTR FM NORMAL -197 PTCLDY (SCALE 4-7) 2
TOTAL FM JUL 1 343 CLOUDY (SCALE 8-10) 0
DPTR FM NORMAL -279
[CDD (BASE 65) ]
TOTAL THIS MO. 7
DPTR FM NORMAL 6 [PRESSURE DATA]
TOTAL FM JAN 1 663 HIGHEST SLP M ON M
DPTR FM NORMAL 354 LOWEST SLP 29.67 ON 21
[REMARKS]
#FINAL-10-22#