000
CXUS56 KMFR 022220
CF6MHS
PRELIMINARY LOCAL CLIMATOLOGICAL DATA (WS FORM: F-6)
STATION: MT SHASTA CITY CA
MONTH: MARCH
YEAR: 2022
LATITUDE: 41 19 N
LONGITUDE: 122 19 W
TEMPERATURE IN F: :PCPN: SNOW: WIND :SUNSHINE: SKY :PK WND
================================================================================
1 2 3 4 5 6A 6B 7 8 9 10 11 12 13 14 15 16 17 18
12Z AVG MX 2MIN
DY MAX MIN AVG DEP HDD CDD WTR SNW DPTH SPD SPD DIR MIN PSBL S-S WX SPD DR
================================================================================
1 64 38 51 11 14 0 0.00 M M 0.2 6 140 M M 0 17 150
2 60 34 47 7 18 0 0.00 M M 2.3 8 120 M M 2 20 170
3 48 38 43 3 22 0 0.05 M M 4.7 10 340 M M 10 1 22 350
4 47 30 39 -1 26 0 0.25 M M 6.5 14 330 M M 7 12 30 320
5 44 30 37 -4 28 0 0.16 M M 7.4 15 340 M M 7 128 31 330
6 50 30 40 -1 25 0 0.00 M M 3.8 9 290 M M 4 8 17 300
7 58 30 44 3 21 0 0.00 M M 4.3 12 320 M M 0 8 25 330
8 57 38 48 7 17 0 0.00 M M 6.1 15 300 M M 1 32 360
9 56 35 46 5 19 0 0.00 M M 6.7 14 350 M M 3 30 330
10 54 26 40 -1 25 0 0.00 M M 2.4 9 290 M M 0 8 21 320
11 67 23 45 3 20 0 0.00 M M 0.4 6 120 M M 0 8 11 140
12 57 29 43 1 22 0 0.01 M M 3.5 13 100 M M 3 24 120
13 52 29 41 -1 24 0 0.03 M M 0.9 8 90 M M 5 1 15 90
14 60 36 48 6 17 0 0.02 M M 1.9 7 110 M M 8 15 90
15 56 40 48 6 17 0 0.14 M M 1.8 7 300 M M 7 1 14 110
16 61 31 46 4 19 0 0.00 M M 2.6 12 300 M M 0 22 340
17 63 31 47 5 18 0 0.00 M M 1.2 8 310 M M 2 8 14 290
18 63 28 46 3 19 0 0.00 M M 1.8 8 100 M M 1 8 21 110
19 50 34 42 -1 23 0 0.13 M M 4.5 13 320 M M 8 1 26 300
20 54 29 42 -1 23 0 0.00 M M 5.4 13 310 M M 2 27 300
21 59 37 48 5 17 0 0.00 M M 4.8 14 330 M M 8 27 300
22 74 38 56 13 9 0 0.00 M M 2.6 9 300 M M 1 1 16 290
23 74 38 56 13 9 0 0.00 M M 0.5 5 99 M M 0 M M
24 75 34 55 12 10 0 0.00 M M 0.6 6 130 M M 0 15 140
25 73 41 57 14 8 0 0.00 M M 0.7 3 50 M M 0 M M
26 71 36 54 10 11 0 0.00 M M 1.5 3 120 M M 0 M M
27 65 39 52 8 13 0 0.00 M M 2.1 4 99 M M 0 M M
28 57 42 50 6 15 0 0.11 M M 0.0 0 0 M M 10 M M
29 68 40 54 10 11 0 0.00 M M 2.9 6 99 M M 3 M M
30 60 38 49 5 16 0 0.00 M M 4.3 14 350 M M 0 26 350
31 58 34 46 2 19 0 0.00 M M 4.8 12 330 M M 0 23 330
================================================================================
SM 1855 1056 555 0 0.90 M 93.2 M 92
================================================================================
AV 59.8 34.1 3.0 FASTST M M 3 MAX(MPH)
MISC ----> # 15 340 32 360
================================================================================
NOTES:
# LAST OF SEVERAL OCCURRENCES
COLUMN 17 PEAK WIND IN M.P.H.
PRELIMINARY LOCAL CLIMATOLOGICAL DATA (WS FORM: F-6) , PAGE 2
STATION: MT SHASTA CITY CA
MONTH: MARCH
YEAR: 2022
LATITUDE: 41 19 N
LONGITUDE: 122 19 W
[TEMPERATURE DATA] [PRECIPITATION DATA] SYMBOLS USED IN COLUMN 16
AVERAGE MONTHLY: 47.0 TOTAL FOR MONTH: 0.90 1 = FOG OR MIST
DPTR FM NORMAL: 4.8 DPTR FM NORMAL: -4.70 2 = FOG REDUCING VISIBILITY
HIGHEST: 75 ON 24 GRTST 24HR 0.41 ON 4- 5 TO 1/4 MILE OR LESS
LOWEST: 23 ON 11 3 = THUNDER
SNOW, ICE PELLETS, HAIL 4 = ICE PELLETS
TOTAL MONTH: M 5 = HAIL
GRTST 24HR M ON M 6 = FREEZING RAIN OR DRIZZLE
GRTST DEPTH: M ON M 7 = DUSTSTORM OR SANDSTORM:
VSBY 1/2 MILE OR LESS
8 = SMOKE OR HAZE
[NO. OF DAYS WITH] [WEATHER - DAYS WITH] 9 = BLOWING SNOW
X = TORNADO
MAX 32 OR BELOW: 0 0.01 INCH OR MORE: 9
MAX 90 OR ABOVE: 0 0.10 INCH OR MORE: 5
MIN 32 OR BELOW: 12 0.50 INCH OR MORE: 0
MIN 0 OR BELOW: 0 1.00 INCH OR MORE: 0
[HDD (BASE 65) ]
TOTAL THIS MO. 555 CLEAR (SCALE 0-3) 20
DPTR FM NORMAL -152 PTCLDY (SCALE 4-7) 8
TOTAL FM JUL 1 3953 CLOUDY (SCALE 8-10) 3
DPTR FM NORMAL -671
[CDD (BASE 65) ]
TOTAL THIS MO. 0
DPTR FM NORMAL 0 [PRESSURE DATA]
TOTAL FM JAN 1 0 HIGHEST SLP 30.57 ON 7
DPTR FM NORMAL 0 LOWEST SLP 29.66 ON 27
[REMARKS]
#FINAL-03-22#