000
CXUS56 KMFR 010930
CF6MHS
PRELIMINARY LOCAL CLIMATOLOGICAL DATA (WS FORM: F-6)
STATION: MT SHASTA CITY CA
MONTH: OCTOBER
YEAR: 2021
LATITUDE: 41 19 N
LONGITUDE: 122 19 W
TEMPERATURE IN F: :PCPN: SNOW: WIND :SUNSHINE: SKY :PK WND
================================================================================
1 2 3 4 5 6A 6B 7 8 9 10 11 12 13 14 15 16 17 18
12Z AVG MX 2MIN
DY MAX MIN AVG DEP HDD CDD WTR SNW DPTH SPD SPD DIR MIN PSBL S-S WX SPD DR
================================================================================
1 79 44 62 5 3 0 0.00 M M 1.3 8 290 M M 0 18 310
2 81 44 63 7 2 0 0.00 M M 2.2 8 290 M M 0 16 300
3 86 41 64 8 1 0 0.00 M M 0.0 6 80 M M 0 13 140
4 80 42 61 5 4 0 0.00 M M 0.9 8 150 M M 0 21 140
5 75 45 60 5 5 0 0.00 M M 1.8 8 130 M M 1 20 130
6 58 37 48 -7 17 0 T M M 1.7 9 290 M M 6 19 310
7 66 34 50 -4 15 0 0.00 M M 0.1 5 120 M M 2 9 120
8 62 30 46 -8 19 0 0.00 M M 0.9 7 80 M M 3 15 130
9 66 39 53 -1 12 0 0.00 M M 1.1 7 340 M M 3 15 300
10 68 38 53 0 12 0 0.00 M M 3.6 13 340 M M 1 30 330
11 49 34 42 -11 23 0 0.03 M M 4.8 13 330 M M 6 1 31 320
12 55 32 44 -8 21 0 0.00 M M 2.7 7 290 M M 2 19 340
13 55 38 47 -5 18 0 T M M 2.7 10 320 M M 4 24 350
14 60 33 47 -5 18 0 0.00 M M 2.8 8 300 M M 0 15 300
15 72 30 51 0 14 0 0.00 M M 0.0 5 130 M M 0 10 140
16 79 34 57 6 8 0 0.00 M M 0.6 6 90 M M 0 11 100
17 59 38 49 -2 16 0 0.27 M M 2.7 12 90 M M 4 1 20 230
18 52 36 44 -6 21 0 0.05 M M 1.3 8 350 M M 9 19 340
19 51 36 44 -6 21 0 0.51 M M 1.1 9 90 M M 5 1 24 90
20 49 39 44 -6 21 0 0.40 M M 3.2 8 90 M M 10 1 21 140
21 56 47 52 3 13 0 1.09 M M 3.9 12 90 M M 10 1 26 130
22 55 45 50 1 15 0 1.05 M M 1.4 12 80 M M 8 1 19 80
23 45 42 44 -4 21 0 0.36 M M 2.3 7 110 M M 10 18 18 90
24 49 43 46 -2 19 0 1.92 M M 2.6 10 80 M M 10 1 23 140
25 52 38 45 -3 20 0 T M M 0.7 7 70 M M 9 14 150
26 46 41 44 -4 21 0 0.02 M M 2.4 9 90 M M 10 18 20 80
27 55 40 48 1 17 0 0.00 M M 0.4 5 90 M M 10 1 10 140
28 68 37 53 6 12 0 0.00 M M 0.3 8 300 M M 0 1 14 280
29 67 37 52 6 13 0 0.00 M M 0.0 5 70 M M 0 1 12 150
30 58 47 53 7 12 0 0.49 M M 0.5 7 120 M M 8 1 15 130
31 53 46 50 4 15 0 0.00 M M 1.2 8 80 M M 9 15 80
================================================================================
SM 1906 1207 449 0 6.19 M 51.2 M 140
================================================================================
AV 61.5 38.9 1.7 FASTST M M 5 MAX(MPH)
MISC ----> # 13 340 31 320
================================================================================
NOTES:
# LAST OF SEVERAL OCCURRENCES
COLUMN 17 PEAK WIND IN M.P.H.
PRELIMINARY LOCAL CLIMATOLOGICAL DATA (WS FORM: F-6) , PAGE 2
STATION: MT SHASTA CITY CA
MONTH: OCTOBER
YEAR: 2021
LATITUDE: 41 19 N
LONGITUDE: 122 19 W
[TEMPERATURE DATA] [PRECIPITATION DATA] SYMBOLS USED IN COLUMN 16
AVERAGE MONTHLY: 50.2 TOTAL FOR MONTH: 6.19 1 = FOG OR MIST
DPTR FM NORMAL: -0.9 DPTR FM NORMAL: 4.19 2 = FOG REDUCING VISIBILITY
HIGHEST: 86 ON 3 GRTST 24HR 2.08 ON 23-24 TO 1/4 MILE OR LESS
LOWEST: 30 ON 15, 8 3 = THUNDER
SNOW, ICE PELLETS, HAIL 4 = ICE PELLETS
TOTAL MONTH: M 5 = HAIL
GRTST 24HR M ON M 6 = FREEZING RAIN OR DRIZZLE
GRTST DEPTH: M ON M 7 = DUSTSTORM OR SANDSTORM:
VSBY 1/2 MILE OR LESS
8 = SMOKE OR HAZE
[NO. OF DAYS WITH] [WEATHER - DAYS WITH] 9 = BLOWING SNOW
X = TORNADO
MAX 32 OR BELOW: 0 0.01 INCH OR MORE: 11
MAX 90 OR ABOVE: 0 0.10 INCH OR MORE: 8
MIN 32 OR BELOW: 3 0.50 INCH OR MORE: 4
MIN 0 OR BELOW: 0 1.00 INCH OR MORE: 3
[HDD (BASE 65) ]
TOTAL THIS MO. 449 CLEAR (SCALE 0-3) 14
DPTR FM NORMAL 17 PTCLDY (SCALE 4-7) 6
TOTAL FM JUL 1 557 CLOUDY (SCALE 8-10) 11
DPTR FM NORMAL -65
[CDD (BASE 65) ]
TOTAL THIS MO. 0
DPTR FM NORMAL -1 [PRESSURE DATA]
TOTAL FM JAN 1 755 HIGHEST SLP M ON M
DPTR FM NORMAL 446 LOWEST SLP 29.40 ON 24
[REMARKS]
#FINAL-10-21#