000
CXUS56 KMFR 010930
CF6MHS
PRELIMINARY LOCAL CLIMATOLOGICAL DATA (WS FORM: F-6)
STATION: MT SHASTA CITY CA
MONTH: AUGUST
YEAR: 2021
LATITUDE: 41 19 N
LONGITUDE: 122 19 W
TEMPERATURE IN F: :PCPN: SNOW: WIND :SUNSHINE: SKY :PK WND
================================================================================
1 2 3 4 5 6A 6B 7 8 9 10 11 12 13 14 15 16 17 18
12Z AVG MX 2MIN
DY MAX MIN AVG DEP HDD CDD WTR SNW DPTH SPD SPD DIR MIN PSBL S-S WX SPD DR
================================================================================
1 95 54 75 6 0 10 0.00 M M 0.8 6 130 M M 0 11 250
2 93 52 73 4 0 8 0.00 M M 0.4 6 110 M M 0 12 230
3 95 47 71 2 0 6 0.00 M M 0.7 6 60 M M 2 8 9 120
4 96 50 73 4 0 8 0.00 M M 0.3 5 70 M M 5 8 11 140
5 86 48 67 -2 0 2 0.00 M M 1.5 9 330 M M 0 20 350
6 88 52 70 1 0 5 0.00 M M 1.8 8 310 M M 0 16 360
7 92 54 73 5 0 8 0.00 M M 1.2 6 320 M M 10 8 11 290
8 86 53 70 2 0 5 0.00 M M 0.3 5 350 M M 9 8 9 290
9 93 50 72 4 0 7 0.00 M M 0.3 6 300 M M 2 8 9 300
10 95 56 76 8 0 11 0.00 M M 1.2 5 70 M M 10 8 10 300
11 98 55 77 9 0 12 0.00 M M 1.4 9 330 M M 10 8 16 360
12 95 58 77 9 0 12 0.00 M M 1.0 7 340 M M 10 8 13 360
13 94 59 77 9 0 12 0.00 M M 0.3 7 290 M M 10 8 11 310
14 99 60 80 12 0 15 0.00 M M 0.7 6 100 M M 8 8 10 80
15 96 61 79 12 0 14 0.00 M M 1.5 8 300 M M 10 8 14 290
16 93 68 81 14 0 16 0.00 M M 3.5 10 340 M M 5 8 19 350
17 77 53 65 -2 0 0 0.00 M M 6.0 14 340 M M 1 28 350
18 78 47 63 -4 2 0 0.00 M M 4.1 10 350 M M 2 8 25 290
19 82 54 68 1 0 3 0.00 M M 4.5 12 350 M M 3 8 23 350
20 82 56 69 2 0 4 0.00 M M 3.1 9 350 M M 2 8 20 350
21 79 48 64 -3 1 0 0.00 M M 2.1 8 290 M M 4 8 14 300
22 83 42 63 -3 2 0 0.00 M M 0.6 5 90 M M 9 8 11 140
23 84 47 66 0 0 1 0.00 M M 0.3 6 100 M M 2 8 11 130
24 84 44 64 -2 1 0 0.00 M M 0.4 6 130 M M 0 8 14 120
25 83 45 64 -2 1 0 0.00 M M 1.1 6 80 M M 1 8 12 140
26 85 49 67 1 0 2 0.00 M M 2.9 9 300 M M 1 8 16 310
27 84 57 71 5 0 6 0.00 M M 3.7 7 99 M M 0 8 M M
28 89 50 70 4 0 5 0.00 M M 2.3 8 300 M M 1 8 15 300
29 92 52 72 7 0 7 0.00 M M 0.5 4 50 M M 4 8 M M
30 84 51 68 3 0 3 0.00 M M 2.7 8 280 M M 9 8 15 300
31 79 49 64 -1 1 0 0.00 M M 2.4 7 340 M M 5 8 16 310
================================================================================
SM 2739 1621 8 182 0.00 M 53.6 M 135
================================================================================
AV 88.4 52.3 1.7 FASTST M M 4 MAX(MPH)
MISC ----> 14 340 28 350
================================================================================
NOTES:
# LAST OF SEVERAL OCCURRENCES
COLUMN 17 PEAK WIND IN M.P.H.
PRELIMINARY LOCAL CLIMATOLOGICAL DATA (WS FORM: F-6) , PAGE 2
STATION: MT SHASTA CITY CA
MONTH: AUGUST
YEAR: 2021
LATITUDE: 41 19 N
LONGITUDE: 122 19 W
[TEMPERATURE DATA] [PRECIPITATION DATA] SYMBOLS USED IN COLUMN 16
AVERAGE MONTHLY: 70.3 TOTAL FOR MONTH: 0.00 1 = FOG OR MIST
DPTR FM NORMAL: 3.0 DPTR FM NORMAL: -0.20 2 = FOG REDUCING VISIBILITY
HIGHEST: 99 ON 14 GRTST 24HR 0.04 ON 31- 1 TO 1/4 MILE OR LESS
LOWEST: 42 ON 22 3 = THUNDER
SNOW, ICE PELLETS, HAIL 4 = ICE PELLETS
TOTAL MONTH: M 5 = HAIL
GRTST 24HR M ON M 6 = FREEZING RAIN OR DRIZZLE
GRTST DEPTH: M ON M 7 = DUSTSTORM OR SANDSTORM:
VSBY 1/2 MILE OR LESS
8 = SMOKE OR HAZE
[NO. OF DAYS WITH] [WEATHER - DAYS WITH] 9 = BLOWING SNOW
X = TORNADO
MAX 32 OR BELOW: 0 0.01 INCH OR MORE: 0
MAX 90 OR ABOVE: 14 0.10 INCH OR MORE: 0
MIN 32 OR BELOW: 0 0.50 INCH OR MORE: 0
MIN 0 OR BELOW: 0 1.00 INCH OR MORE: 0
[HDD (BASE 65) ]
TOTAL THIS MO. 8 CLEAR (SCALE 0-3) 15
DPTR FM NORMAL -22 PTCLDY (SCALE 4-7) 7
TOTAL FM JUL 1 9 CLOUDY (SCALE 8-10) 9
DPTR FM NORMAL -47
[CDD (BASE 65) ]
TOTAL THIS MO. 182
DPTR FM NORMAL 82 [PRESSURE DATA]
TOTAL FM JAN 1 710 HIGHEST SLP M ON M
DPTR FM NORMAL 434 LOWEST SLP 29.75 ON 16
[REMARKS]
#FINAL-08-21#