000
CXUS56 KMFR 010930
CF6MHS
PRELIMINARY LOCAL CLIMATOLOGICAL DATA (WS FORM: F-6)
STATION: MT SHASTA CITY CA
MONTH: JULY
YEAR: 2021
LATITUDE: 41 19 N
LONGITUDE: 122 19 W
TEMPERATURE IN F: :PCPN: SNOW: WIND :SUNSHINE: SKY :PK WND
================================================================================
1 2 3 4 5 6A 6B 7 8 9 10 11 12 13 14 15 16 17 18
12Z AVG MX 2MIN
DY MAX MIN AVG DEP HDD CDD WTR SNW DPTH SPD SPD DIR MIN PSBL S-S WX SPD DR
================================================================================
1 93 56 75 9 0 10 0.00 M M 0.6 6 100 M M 4 8 11 130
2 96 54 75 9 0 10 0.00 M M 1.0 6 80 M M 2 8 11 130
3 96 55 76 10 0 11 0.00 M M 0.6 6 90 M M 2 8 11 150
4 93 57 75 8 0 10 0.00 M M 0.7 7 90 M M 4 8 13 80
5 97 55 76 9 0 11 0.00 M M 0.5 6 70 M M 1 8 11 140
6 95 53 74 7 0 9 0.00 M M 1.4 6 100 M M 0 12 150
7 93 52 73 6 0 8 0.00 M M 2.6 7 300 M M 0 14 340
8 95 52 74 6 0 9 0.00 M M 0.5 6 320 M M 0 11 330
9 100 53 77 9 0 12 0.00 M M 1.2 7 110 M M 0 13 130
10 103 60 82 14 0 17 0.00 M M 2.2 8 350 M M 0 8 18 360
11 101 60 81 13 0 16 0.00 M M 1.0 7 80 M M 0 8 14 290
12 101 58 80 12 0 15 0.00 M M 2.7 9 350 M M 0 17 350
13 99 59 79 10 0 14 0.00 M M 0.8 7 300 M M 0 8 12 290
14 96 56 76 7 0 11 0.00 M M 0.6 7 80 M M 0 12 130
15 89 50 70 1 0 5 0.00 M M 1.4 8 130 M M 0 14 150
16 90 51 71 2 0 6 0.00 M M 1.1 9 340 M M 0 18 350
17 92 53 73 4 0 8 0.00 M M 0.9 6 90 M M 0 10 120
18 96 52 74 5 0 9 0.00 M M 0.3 5 70 M M 0 10 150
19 93 54 74 5 0 9 0.00 M M 0.8 6 130 M M 0 13 140
20 92 61 77 8 0 12 0.00 M M 1.0 7 330 M M 2 13 90
21 91 56 74 5 0 9 0.00 M M 1.5 8 350 M M 0 16 350
22 93 49 71 1 0 6 0.00 M M 1.9 10 340 M M 0 19 10
23 92 52 72 2 0 7 0.00 M M 1.4 8 300 M M 2 8 13 350
24 91 54 73 3 0 8 0.00 M M 1.9 6 300 M M 1 8 12 300
25 97 58 78 8 0 13 0.00 M M 1.1 7 70 M M 0 11 70
26 97 59 78 8 0 13 0.00 M M 1.6 7 90 M M 1 14 150
27 73 54 64 -5 1 0 0.20 M M 0.1 6 80 M M 5 1 11 90
28 93 50 72 3 0 7 0.00 M M 0.6 6 100 M M 0 1 11 120
29 95 57 76 7 0 11 0.00 M M 1.4 6 290 M M 0 8 12 310
30 96 63 80 11 0 15 0.00 M M 1.5 13 340 M M 0 8 23 350
31 95 60 78 9 0 13 0.04 M M 0.7 7 340 M M 4 15 360
================================================================================
SM 2923 1713 1 314 0.24 M 35.6 M 28
================================================================================
AV 94.3 55.3 1.1 FASTST M M 1 MAX(MPH)
MISC ----> 13 340 23 350
================================================================================
NOTES:
# LAST OF SEVERAL OCCURRENCES
COLUMN 17 PEAK WIND IN M.P.H.
PRELIMINARY LOCAL CLIMATOLOGICAL DATA (WS FORM: F-6) , PAGE 2
STATION: MT SHASTA CITY CA
MONTH: JULY
YEAR: 2021
LATITUDE: 41 19 N
LONGITUDE: 122 19 W
[TEMPERATURE DATA] [PRECIPITATION DATA] SYMBOLS USED IN COLUMN 16
AVERAGE MONTHLY: 74.8 TOTAL FOR MONTH: 0.24 1 = FOG OR MIST
DPTR FM NORMAL: 6.4 DPTR FM NORMAL: -0.04 2 = FOG REDUCING VISIBILITY
HIGHEST: 103 ON 10 GRTST 24HR 0.20 ON 27-27 TO 1/4 MILE OR LESS
LOWEST: 49 ON 22 3 = THUNDER
SNOW, ICE PELLETS, HAIL 4 = ICE PELLETS
TOTAL MONTH: M 5 = HAIL
GRTST 24HR M ON M 6 = FREEZING RAIN OR DRIZZLE
GRTST DEPTH: M ON M 7 = DUSTSTORM OR SANDSTORM:
VSBY 1/2 MILE OR LESS
8 = SMOKE OR HAZE
[NO. OF DAYS WITH] [WEATHER - DAYS WITH] 9 = BLOWING SNOW
X = TORNADO
MAX 32 OR BELOW: 0 0.01 INCH OR MORE: 2
MAX 90 OR ABOVE: 29 0.10 INCH OR MORE: 1
MIN 32 OR BELOW: 0 0.50 INCH OR MORE: 0
MIN 0 OR BELOW: 0 1.00 INCH OR MORE: 0
[HDD (BASE 65) ]
TOTAL THIS MO. 1 CLEAR (SCALE 0-3) 27
DPTR FM NORMAL -22 PTCLDY (SCALE 4-7) 4
TOTAL FM JUL 1 1 CLOUDY (SCALE 8-10) 0
DPTR FM NORMAL -18
[CDD (BASE 65) ]
TOTAL THIS MO. 314
DPTR FM NORMAL 184 [PRESSURE DATA]
TOTAL FM JAN 1 528 HIGHEST SLP M ON M
DPTR FM NORMAL 352 LOWEST SLP 29.85 ON 13
[REMARKS]
#FINAL-07-21#