000
CXUS56 KMFR 011000
CF6MHS
PRELIMINARY LOCAL CLIMATOLOGICAL DATA (WS FORM: F-6)
STATION: MT SHASTA CITY CA
MONTH: AUGUST
YEAR: 2020
LATITUDE: 41 19 N
LONGITUDE: 122 19 W
TEMPERATURE IN F: :PCPN: SNOW: WIND :SUNSHINE: SKY :PK WND
================================================================================
1 2 3 4 5 6A 6B 7 8 9 10 11 12 13 14 15 16 17 18
12Z AVG MX 2MIN
DY MAX MIN AVG DEP HDD CDD WTR SNW DPTH SPD SPD DIR MIN PSBL S-S WX SPD DR
================================================================================
1 91 50 71 2 0 6 0.00 M M 0.8 6 70 M M 0 12 130
2 91 52 72 3 0 7 0.00 M M 1.8 8 310 M M 0 17 340
3 90 55 73 4 0 8 0.00 M M 1.3 8 300 M M 0 13 290
4 92 55 74 5 0 9 0.00 M M 0.3 5 70 M M 0 8 130
5 87 53 70 2 0 5 0.00 M M 0.4 9 290 M M 0 15 300
6 81 50 66 -2 0 1 0.00 M M 3.5 9 320 M M 2 18 310
7 82 50 66 -2 0 1 0.00 M M 3.7 9 300 M M 0 17 310
8 90 53 72 4 0 7 0.00 M M 2.2 9 310 M M 0 8 16 280
9 91 56 74 6 0 9 0.00 M M 2.5 9 300 M M 0 16 300
10 95 55 75 7 0 10 0.00 M M 2.2 7 280 M M 0 14 290
11 90 53 72 4 0 7 0.00 M M 1.3 7 90 M M 1 14 150
12 86 51 69 2 0 4 0.00 M M 0.5 7 80 M M 0 12 130
13 90 51 71 4 0 6 0.00 M M 0.5 5 110 M M 0 10 140
14 96 62 79 12 0 14 0.00 M M 0.6 5 70 M M 0 10 120
15 99 55 77 10 0 12 0.00 M M 0.0 5 60 M M 0 11 140
16 89 59 74 7 0 9 T M M 0.8 9 80 M M 0 8 16 90
17 84 59 72 5 0 7 0.07 M M 1.1 8 70 M M 1 1 11 60
18 95 59 77 11 0 12 0.03 M M 1.7 8 300 M M 2 1 15 280
19 89 55 72 6 0 7 0.00 M M 1.0 6 80 M M 3 11 130
20 89 51 70 4 0 5 0.00 M M 1.3 6 90 M M 4 8 12 100
21 90 49 70 4 0 5 0.00 M M 0.3 7 90 M M 2 8 15 90
22 88 53 71 5 0 6 0.00 M M 0.6 6 80 M M 9 8 11 140
23 87 51 69 4 0 4 0.00 M M 0.1 6 120 M M 10 8 11 130
24 84 55 70 5 0 5 0.00 M M 0.3 5 70 M M 7 8 10 130
25 86 53 70 5 0 5 0.00 M M 0.5 5 70 M M 10 8 12 140
26 84 51 68 3 0 3 0.00 M M 0.9 6 90 M M 4 18 11 90
27 85 52 69 4 0 4 0.00 M M 2.2 8 350 M M 0 8 15 290
28 92 54 73 9 0 8 0.00 M M 1.4 8 300 M M 0 14 290
29 89 53 71 7 0 6 0.00 M M 2.3 8 300 M M 0 14 310
30 84 52 68 4 0 3 0.00 M M 3.8 9 300 M M 0 20 340
31 83 57 70 6 0 5 0.00 M M 4.8 12 300 M M 0 21 300
================================================================================
SM 2749 1664 0 200 0.10 M 44.7 M 55
================================================================================
AV 88.7 53.7 1.4 FASTST M M 2 MAX(MPH)
MISC ----> # 12 300 # 21 300
================================================================================
NOTES:
# LAST OF SEVERAL OCCURRENCES
COLUMN 17 PEAK WIND IN M.P.H.
PRELIMINARY LOCAL CLIMATOLOGICAL DATA (WS FORM: F-6) , PAGE 2
STATION: MT SHASTA CITY CA
MONTH: AUGUST
YEAR: 2020
LATITUDE: 41 19 N
LONGITUDE: 122 19 W
[TEMPERATURE DATA] [PRECIPITATION DATA] SYMBOLS USED IN COLUMN 16
AVERAGE MONTHLY: 71.2 TOTAL FOR MONTH: 0.10 1 = FOG OR MIST
DPTR FM NORMAL: 4.6 DPTR FM NORMAL: -0.24 2 = FOG REDUCING VISIBILITY
HIGHEST: 99 ON 15 GRTST 24HR 0.07 ON 17-17 TO 1/4 MILE OR LESS
LOWEST: 49 ON 21 3 = THUNDER
SNOW, ICE PELLETS, HAIL 4 = ICE PELLETS
TOTAL MONTH: M 5 = HAIL
GRTST 24HR M ON M 6 = FREEZING RAIN OR DRIZZLE
GRTST DEPTH: M ON M 7 = DUSTSTORM OR SANDSTORM:
VSBY 1/2 MILE OR LESS
8 = SMOKE OR HAZE
[NO. OF DAYS WITH] [WEATHER - DAYS WITH] 9 = BLOWING SNOW
X = TORNADO
MAX 32 OR BELOW: 0 0.01 INCH OR MORE: 2
MAX 90 OR ABOVE: 14 0.10 INCH OR MORE: 0
MIN 32 OR BELOW: 0 0.50 INCH OR MORE: 0
MIN 0 OR BELOW: 0 1.00 INCH OR MORE: 0
[HDD (BASE 65) ]
TOTAL THIS MO. 0 CLEAR (SCALE 0-3) 25
DPTR FM NORMAL -42 PTCLDY (SCALE 4-7) 3
TOTAL FM JUL 1 4 CLOUDY (SCALE 8-10) 3
DPTR FM NORMAL -71
[CDD (BASE 65) ]
TOTAL THIS MO. 200
DPTR FM NORMAL 108 [PRESSURE DATA]
TOTAL FM JAN 1 482 HIGHEST SLP 30.22 ON 9
DPTR FM NORMAL 222 LOWEST SLP 29.85 ON 15
[REMARKS]
#FINAL-08-20#