000
CXUS56 KMFR 011000
CF6MHS
PRELIMINARY LOCAL CLIMATOLOGICAL DATA (WS FORM: F-6)
STATION: MT SHASTA CITY CA
MONTH: MARCH
YEAR: 2020
LATITUDE: 41 19 N
LONGITUDE: 122 19 W
TEMPERATURE IN F: :PCPN: SNOW: WIND :SUNSHINE: SKY :PK WND
================================================================================
1 2 3 4 5 6A 6B 7 8 9 10 11 12 13 14 15 16 17 18
12Z AVG MX 2MIN
DY MAX MIN AVG DEP HDD CDD WTR SNW DPTH SPD SPD DIR MIN PSBL S-S WX SPD DR
================================================================================
1 48 28 38 -2 27 0 T M M 6.7 14 280 M M 4 31 310
2 56 30 43 3 22 0 0.00 M M 6.7 17 340 M M 1 32 330
3 64 34 49 9 16 0 0.00 M M 5.0 13 340 M M 0 23 310
4 67 30 49 9 16 0 0.00 M M 3.5 12 300 M M 0 17 310
5 64 30 47 6 18 0 0.00 M M 1.7 7 130 M M 0 16 140
6 53 42 48 7 17 0 0.14 M M 4.0 12 90 M M 7 18 110
7 42 32 37 -4 28 0 0.53 M M 0.5 7 300 M M 10 13 140
8 44 33 39 -2 26 0 0.04 M M 2.1 8 90 M M 9 13 80
9 52 30 41 0 24 0 T M M 1.4 6 80 M M 7 11 230
10 60 27 44 2 21 0 0.00 M M 3.1 10 310 M M 0 17 300
11 64 30 47 5 18 0 0.00 M M 4.4 15 300 M M 0 23 300
12 63 34 49 7 16 0 0.00 M M 3.7 12 320 M M 0 20 330
13 63 29 46 4 19 0 0.00 M M 2.8 10 300 M M 2 20 310
14 43 30 37 -5 28 0 0.07 M M 2.7 9 80 M M 8 1 17 90
15 36 22 29 -13 36 0 0.42 M M 1.3 10 90 M M 8 1 17 90
16 42 22 32 -10 33 0 0.01 M M 0.7 7 290 M M 7 1 12 310
17 34 30 32 -10 33 0 0.53 M M 0.7 6 130 M M 10 1 13 140
18 43 29 36 -7 29 0 0.20 M M 0.1 5 220 M M 8 1 8 140
19 51 22 37 -6 28 0 0.00 M M 0.7 8 210 M M 1 13 220
20 57 24 41 -2 24 0 0.00 M M 0.7 7 80 M M 1 12 90
21 60 29 45 2 20 0 0.01 M M 2.6 15 70 M M 5 25 50
22 63 28 46 3 19 0 0.00 M M 0.5 7 210 M M 3 12 210
23 54 33 44 1 21 0 0.00 M M 2.5 9 100 M M 3 18 90
24 44 29 37 -6 28 0 0.10 M M 3.1 12 100 M M 9 20 70
25 42 23 33 -11 32 0 T M M 1.7 10 290 M M 5 20 310
26 50 28 39 -5 26 0 0.00 M M 3.6 10 300 M M 3 17 300
27 49 27 38 -6 27 0 0.00 M M 0.6 6 280 M M 9 11 100
28 45 36 41 -3 24 0 0.02 M M 2.0 8 100 M M 10 14 80
29 50 35 43 -1 22 0 0.01 M M 2.2 9 90 M M 9 16 130
30 47 39 43 -1 22 0 0.05 M M 3.4 8 130 M M 10 19 90
31 55 41 48 4 17 0 0.10 M M 3.7 13 340 M M 7 24 340
================================================================================
SM 1605 936 737 0 2.23 M 78.4 M 156
================================================================================
AV 51.8 30.2 2.5 FASTST M M 5 MAX(MPH)
MISC ----> # 17 340 # 32 330
================================================================================
NOTES:
# LAST OF SEVERAL OCCURRENCES
COLUMN 17 PEAK WIND IN M.P.H.
PRELIMINARY LOCAL CLIMATOLOGICAL DATA (WS FORM: F-6) , PAGE 2
STATION: MT SHASTA CITY CA
MONTH: MARCH
YEAR: 2020
LATITUDE: 41 19 N
LONGITUDE: 122 19 W
[TEMPERATURE DATA] [PRECIPITATION DATA] SYMBOLS USED IN COLUMN 16
AVERAGE MONTHLY: 41.0 TOTAL FOR MONTH: 2.23 1 = FOG OR MIST
DPTR FM NORMAL: -1.3 DPTR FM NORMAL: -3.73 2 = FOG REDUCING VISIBILITY
HIGHEST: 67 ON 4 GRTST 24HR 0.53 ON 17-17 TO 1/4 MILE OR LESS
LOWEST: 22 ON 19,16 3 = THUNDER
SNOW, ICE PELLETS, HAIL 4 = ICE PELLETS
TOTAL MONTH: M 5 = HAIL
GRTST 24HR M ON M 6 = FREEZING RAIN OR DRIZZLE
GRTST DEPTH: M ON M 7 = DUSTSTORM OR SANDSTORM:
VSBY 1/2 MILE OR LESS
8 = SMOKE OR HAZE
[NO. OF DAYS WITH] [WEATHER - DAYS WITH] 9 = BLOWING SNOW
X = TORNADO
MAX 32 OR BELOW: 0 0.01 INCH OR MORE: 14
MAX 90 OR ABOVE: 0 0.10 INCH OR MORE: 7
MIN 32 OR BELOW: 22 0.50 INCH OR MORE: 2
MIN 0 OR BELOW: 0 1.00 INCH OR MORE: 0
[HDD (BASE 65) ]
TOTAL THIS MO. 737 CLEAR (SCALE 0-3) 13
DPTR FM NORMAL 33 PTCLDY (SCALE 4-7) 9
TOTAL FM JUL 1 4514 CLOUDY (SCALE 8-10) 9
DPTR FM NORMAL -165
[CDD (BASE 65) ]
TOTAL THIS MO. 0
DPTR FM NORMAL 0 [PRESSURE DATA]
TOTAL FM JAN 1 0 HIGHEST SLP 30.19 ON 26
DPTR FM NORMAL 0 LOWEST SLP 29.90 ON 30
[REMARKS]
#FINAL-03-20#