000
CXUS52 KMFL 012059
CF6MIA
PRELIMINARY LOCAL CLIMATOLOGICAL DATA (WS FORM: F-6)
STATION: MIAMI
MONTH: JANUARY
YEAR: 2023
LATITUDE: 25 49 N
LONGITUDE: 80 17 W
TEMPERATURE IN F: :PCPN: SNOW: WIND :SUNSHINE: SKY :PK WND
================================================================================
1 2 3 4 5 6A 6B 7 8 9 10 11 12 13 14 15 16 17 18
12Z AVG MX 2MIN
DY MAX MIN AVG DEP HDD CDD WTR SNW DPTH SPD SPD DIR MIN PSBL S-S WX SPD DR
================================================================================
1 86 69 78 9 0 13 0.00 0.0 0 4.5 13 130 M M 3 18 16 130
2 84 68 76 7 0 11 0.00 0.0 M 7.1 16 110 M M 4 20 120
3 83 73 78 9 0 13 0.00 0.0 M 10.4 18 120 M M 5 27 160
4 84 73 79 10 0 14 0.00 0.0 M 8.6 16 120 M M 3 24 110
5 86 72 79 10 0 14 0.00 0.0 0 5.4 14 120 M M 5 21 130
6 80 66 73 4 0 8 0.00 0.0 0 6.9 13 360 M M 2 18 340
7 79 61 70 1 0 5 0.00 0.0 0 5.9 16 80 M M 2 21 70
8 80 61 71 2 0 6 0.00 0.0 0 4.2 14 120 M M 4 17 90
9 80 64 72 4 0 7 T 0.0 0 4.1 13 340 M M 2 18 290
10 81 63 72 4 0 7 0.00 0.0 0 4.5 12 250 M M 2 16 360
11 79 57 68 0 0 3 0.00 0.0 0 4.6 14 90 M M 1 19 130
12 81 58 70 2 0 5 0.00 0.0 0 4.2 15 120 M M 3 23 170
13 82 59 71 3 0 6 0.03 0.0 0 8.7 22 220 M M 4 30 240
14 62 48 55 -13 10 0 0.00 M M 10.9 22 310 M M 1 32 320
15 64 45 55 -13 10 0 0.00 0.0 0 4.3 12 330 M M 1 21 300
16 74 44 59 -9 6 0 0.00 0.0 0 2.7 12 80 M M 1 15 130
17 76 53 65 -3 0 0 0.00 0.0 0 4.1 15 140 M M 2 22 140
18 80 58 69 1 0 4 0.00 0.0 0 4.5 17 120 M M 4 24 160
19 84 63 74 6 0 9 0.00 0.0 0 6.3 13 150 M M 5 21 180
20 83 67 75 7 0 10 0.00 0.0 0 3.9 10 130 M M 8 16 140
21 83 67 75 7 0 10 0.00 0.0 0 4.6 13 120 M M 9 19 130
22 85 70 78 10 0 13 0.00 0.0 0 9.6 21 150 M M 7 29 170
23 88 71 80 12 0 15 0.00 0.0 0 6.9 17 240 M M 4 26 250
24 80 69 75 7 0 10 0.02 M M 11.5 20 100 M M 8 25 100
25 84 73 79 10 0 14 T 0.0 0 10.3 21 140 M M 4 29 160
26 82 69 76 7 0 11 0.00 0.0 0 6.3 13 330 M M 5 20 340
27 72 61 67 -2 0 2 T 0.0 0 8.0 15 360 M M 9 20 320
28 79 64 72 3 0 7 0.00 0.0 0 11.0 23 80 M M 9 30 90
29 82 73 78 9 0 13 0.00 0.0 0 13.3 21 90 M M 6 25 100
30 84 70 77 8 0 12 T 0.0 0 8.6 16 120 M M 4 22 140
31 84 72 78 9 0 13 0.00 0.0 0 7.6 14 110 M M 3 22 150
================================================================================
SM 2491 1981 26 255 0.05 0.0 213.5 M 130
================================================================================
AV 80.4 63.9 6.9 FASTST M M 4 MAX(MPH)
MISC ----> 23 80 32 320
================================================================================
NOTES:
# LAST OF SEVERAL OCCURRENCES
COLUMN 17 PEAK WIND IN M.P.H.
PRELIMINARY LOCAL CLIMATOLOGICAL DATA (WS FORM: F-6) , PAGE 2
STATION: MIAMI
MONTH: JANUARY
YEAR: 2023
LATITUDE: 25 49 N
LONGITUDE: 80 17 W
[TEMPERATURE DATA] [PRECIPITATION DATA] SYMBOLS USED IN COLUMN 16
AVERAGE MONTHLY: 72.1 TOTAL FOR MONTH: 0.05 1 = FOG OR MIST
DPTR FM NORMAL: 3.5 DPTR FM NORMAL: -1.78 2 = FOG REDUCING VISIBILITY
HIGHEST: 88 ON 23 GRTST 24HR 0.10 ON 24-24 TO 1/4 MILE OR LESS
LOWEST: 44 ON 16 3 = THUNDER
SNOW, ICE PELLETS, HAIL 4 = ICE PELLETS
TOTAL MONTH: 0.0 INCH 5 = HAIL
GRTST 24HR 0.0 6 = FREEZING RAIN OR DRIZZLE
GRTST DEPTH: 0 7 = DUSTSTORM OR SANDSTORM:
VSBY 1/2 MILE OR LESS
8 = SMOKE OR HAZE
[NO. OF DAYS WITH] [WEATHER - DAYS WITH] 9 = BLOWING SNOW
X = TORNADO
MAX 32 OR BELOW: 0 0.01 INCH OR MORE: 2
MAX 90 OR ABOVE: 0 0.10 INCH OR MORE: 0
MIN 32 OR BELOW: 0 0.50 INCH OR MORE: 0
MIN 0 OR BELOW: 0 1.00 INCH OR MORE: 0
[HDD (BASE 65) ]
TOTAL THIS MO. 26 CLEAR (SCALE 0-3) 11
DPTR FM NORMAL -18 PTCLDY (SCALE 4-7) 17
TOTAL FM JUL 1 67 CLOUDY (SCALE 8-10) 3
DPTR FM NORMAL -10
[CDD (BASE 65) ]
TOTAL THIS MO. 255
DPTR FM NORMAL 99 [PRESSURE DATA]
TOTAL FM JAN 1 255 HIGHEST SLP 30.29 ON 28
DPTR FM NORMAL 99 LOWEST SLP 29.85 ON 13
[REMARKS]
#FINAL-01-23#