000
CXUS53 KIND 010700
CF6MIE
PRELIMINARY LOCAL CLIMATOLOGICAL DATA (WS FORM: F-6)
STATION: MUNCIE IN
MONTH: DECEMBER
YEAR: 2022
LATITUDE: 40 13 N
LONGITUDE: 85 23 W
TEMPERATURE IN F: :PCPN: SNOW: WIND :SUNSHINE: SKY :PK WND
================================================================================
1 2 3 4 5 6A 6B 7 8 9 10 11 12 13 14 15 16 17 18
12Z AVG MX 2MIN
DY MAX MIN AVG DEP HDD CDD WTR SNW DPTH SPD SPD DIR MIN PSBL S-S WX SPD DR
================================================================================
1 37 19 28 -10 37 0 0.00 M M 6.6 20 290 M M 1 27 300
2 55 33 44 6 21 0 0.01 M M 16.4 31 200 M M 9 51 200
3 55 24 40 3 25 0 0.02 M M 13.7 35 290 M M 3 1 49 300
4 41 17 29 -8 36 0 0.00 M M 6.5 14 250 M M 0 20 260
5 48 30 39 2 26 0 T M M 7.4 14 190 M M 5 18 20 180
6 53 42 48 12 17 0 0.02 M M 4.1 12 10 M M 10 128 14 110
7 48 33 41 5 24 0 0.00 M M 3.6 12 310 M M 9 128 14 320
8 45 36 41 5 24 0 0.03 M M 7.0 14 80 M M 9 128 18 60
9 47 37 42 6 23 0 0.05 M M 11.3 20 110 M M 10 18 27 120
10 42 38 40 5 25 0 0.01 M M 6.1 14 130 M M 10 18 17 130
11 43 39 41 6 24 0 0.00 M M 5.6 12 310 M M 10 18 16 320
12 41 36 39 4 26 0 0.00 M M 7.4 15 100 M M 10 21 110
13 39 33 36 2 29 0 0.00 M M 12.3 18 110 M M 5 25 110
14 48 37 43 9 22 0 0.35 M M 14.4 23 120 M M 10 18 29 110
15 53 36 45 11 20 0 0.13 M M 10.6 29 260 M M 9 1 44 250
16 36 30 33 -1 32 0 0.01 M M 10.5 20 250 M M 10 29 240
17 33 24 29 -4 36 0 T M M 13.0 23 240 M M 10 34 240
18 28 20 24 -9 41 0 T M M 11.0 20 280 M M 6 29 260
19 30 16 23 -10 42 0 0.00 M M 3.6 8 110 M M 0 12 250
20 42 20 31 -2 34 0 0.00 M M 3.4 8 350 M M 6 10 340
21 40 19 30 -2 35 0 0.00 M M 4.6 14 110 M M 1 18 17 110
22 42 3 23 -9 42 0 0.18 M M 10.9 29 300 M M 9 18 41 290
23 3 -8 -2 -34 67 0 T M M 24.4 36 270 M M 10 89 56 260
24 14 0 7 -25 58 0 T M M 20.7 31 280 M M 8 89 45 270
25 16 5 11 -21 54 0 0.00 M M 12.4 22 270 M M 0 30 270
26 23 13 18 -13 47 0 T M M 6.1 10 190 M M 9 18 17 230
27 31 22 27 -4 38 0 0.00 M M 8.4 22 190 M M 10 18 34 200
28 47 30 39 8 26 0 0.00 M M 16.1 24 190 M M 0 40 180
29 57 44 51 20 14 0 0.00 M M 15.1 23 190 M M 7 39 210
30 57 49 53 23 12 0 0.76 M M 9.6 21 210 M M 10 1 36 230
31 52 34 43 13 22 0 0.37 M M 4.9 13 330 M M 7 128 17 340
================================================================================
SM 1246 811 979 0 1.94 M 307.7 M 213
================================================================================
AV 40.2 26.2 9.9 FASTST M M 7 MAX(MPH)
MISC ----> 36 270 56 260
================================================================================
NOTES:
# LAST OF SEVERAL OCCURRENCES
COLUMN 17 PEAK WIND IN M.P.H.
PRELIMINARY LOCAL CLIMATOLOGICAL DATA (WS FORM: F-6) , PAGE 2
STATION: MUNCIE IN
MONTH: DECEMBER
YEAR: 2022
LATITUDE: 40 13 N
LONGITUDE: 85 23 W
[TEMPERATURE DATA] [PRECIPITATION DATA] SYMBOLS USED IN COLUMN 16
AVERAGE MONTHLY: 33.2 TOTAL FOR MONTH: 1.94 1 = FOG OR MIST
DPTR FM NORMAL: -0.6 DPTR FM NORMAL: -0.63 2 = FOG REDUCING VISIBILITY
HIGHEST: 57 ON 30,29 GRTST 24HR 1.06 ON 30-31 TO 1/4 MILE OR LESS
LOWEST: -8 ON 23 3 = THUNDER
SNOW, ICE PELLETS, HAIL 4 = ICE PELLETS
TOTAL MONTH: M 5 = HAIL
GRTST 24HR M ON M 6 = FREEZING RAIN OR DRIZZLE
GRTST DEPTH: M ON M 7 = DUSTSTORM OR SANDSTORM:
VSBY 1/2 MILE OR LESS
8 = SMOKE OR HAZE
[NO. OF DAYS WITH] [WEATHER - DAYS WITH] 9 = BLOWING SNOW
X = TORNADO
MAX 32 OR BELOW: 7 0.01 INCH OR MORE: 12
MAX 90 OR ABOVE: 0 0.10 INCH OR MORE: 5
MIN 32 OR BELOW: 17 0.50 INCH OR MORE: 1
MIN 0 OR BELOW: 2 1.00 INCH OR MORE: 0
[HDD (BASE 65) ]
TOTAL THIS MO. 979 CLEAR (SCALE 0-3) 6
DPTR FM NORMAL 12 PTCLDY (SCALE 4-7) 8
TOTAL FM JUL 1 1957 CLOUDY (SCALE 8-10) 17
DPTR FM NORMAL -26
[CDD (BASE 65) ]
TOTAL THIS MO. 0
DPTR FM NORMAL 0 [PRESSURE DATA]
TOTAL FM JAN 1 1239 HIGHEST SLP M ON M
DPTR FM NORMAL 67 LOWEST SLP 29.43 ON 15
[REMARKS]
#FINAL-12-22#