000
CXUS53 KEAX 010736
CF6MKC
PRELIMINARY LOCAL CLIMATOLOGICAL DATA (WS FORM: F-6)
STATION: DOWNTOWN KANSAS CITY MO
MONTH: MAY
YEAR: 2022
LATITUDE: 39 7 N
LONGITUDE: 94 36 W
TEMPERATURE IN F: :PCPN: SNOW: WIND :SUNSHINE: SKY :PK WND
================================================================================
1 2 3 4 5 6A 6B 7 8 9 10 11 12 13 14 15 16 17 18
12Z AVG MX 2MIN
DY MAX MIN AVG DEP HDD CDD WTR SNW DPTH SPD SPD DIR MIN PSBL S-S WX SPD DR
================================================================================
1 71 48 60 -1 5 0 T M M 10.7 21 290 M M 2 35 270
2 59 50 55 -7 10 0 0.62 M M 9.7 26 320 M M 6 1 37 330
3 55 46 51 -11 14 0 0.00 M M 9.4 17 320 M M 10 1 26 320
4 54 50 52 -10 13 0 0.18 M M 7.3 31 100 M M 10 1 45 100
5 62 53 58 -5 7 0 0.01 M M 7.6 16 70 M M 10 18 25 80
6 66 52 59 -4 6 0 T M M 5.1 13 30 M M 8 1 18 30
7 75 51 63 0 2 0 0.00 M M 9.2 16 120 M M 0 27 160
8 76 61 69 5 0 4 T M M 12.3 22 150 M M 7 35 140
9 92 69 81 17 0 16 0.00 M M 15.2 26 160 M M 2 39 200
10 92 76 84 20 0 19 0.00 M M 11.6 21 200 M M 4 29 200
11 92 75 84 19 0 19 0.00 M M 9.7 17 170 M M 1 27 200
12 93 73 83 18 0 18 0.00 M M 11.6 22 170 M M 0 32 170
13 83 61 72 6 0 7 0.52 M M 5.6 24 250 M M 3 13 40 360
14 88 63 76 10 0 11 0.00 M M 2.4 8 310 M M 0 16 240
15 76 57 67 1 0 2 0.47 M M 6.4 24 260 M M 3 13 36 280
16 79 53 66 -1 0 1 0.00 M M 3.2 12 230 M M 0 16 250
17 84 59 72 5 0 7 T M M 8.2 21 220 M M 1 3 28 220
18 84 63 74 7 0 9 0.04 M M 5.4 33 170 M M 3 3 42 160
19 84 64 74 6 0 9 0.00 M M 9.2 22 220 M M 0 30 210
20 77 62 70 2 0 5 0.00 M M 10.2 21 190 M M 8 33 200
21 64 49 57 -11 8 0 T M M 11.2 20 340 M M 8 27 340
22 69 45 57 -12 8 0 0.00 M M 6.3 17 350 M M 0 23 360
23 69 48 59 -10 6 0 0.00 M M 8.3 17 140 M M 4 27 100
24 62 54 58 -12 7 0 0.71 M M 9.1 17 70 M M 10 1 28 60
25 71 57 64 -6 1 0 0.42 M M 7.7 21 190 M M 9 18 30 200
26 66 52 59 -11 6 0 0.04 M M 7.9 18 320 M M 9 1 32 300
27 80 47 64 -7 1 0 0.00 M M 4.5 12 340 M M 0 15 300
28 86 61 74 3 0 9 0.00 M M 12.1 23 170 M M 0 32 160
29 89 71 80 9 0 15 0.00 M M 15.1 28 190 M M 0 3 46 150
30 86 73 80 8 0 15 T M M 18.7 35 210 M M 2 46 210
31 78 65 72 0 0 7 3.15 M M 6.2 29 210 M M 9 123 43 330
================================================================================
SM 2362 1808 94 173 6.16 M 277.1 M 129
================================================================================
AV 76.2 58.3 8.9 FASTST M M 4 MAX(MPH)
MISC ----> 35 210 # 46 150
================================================================================
NOTES:
# LAST OF SEVERAL OCCURRENCES
COLUMN 17 PEAK WIND IN M.P.H.
PRELIMINARY LOCAL CLIMATOLOGICAL DATA (WS FORM: F-6) , PAGE 2
STATION: DOWNTOWN KANSAS CITY MO
MONTH: MAY
YEAR: 2022
LATITUDE: 39 7 N
LONGITUDE: 94 36 W
[TEMPERATURE DATA] [PRECIPITATION DATA] SYMBOLS USED IN COLUMN 16
AVERAGE MONTHLY: 67.3 TOTAL FOR MONTH: 6.16 1 = FOG OR MIST
DPTR FM NORMAL: 0.6 DPTR FM NORMAL: 1.06 2 = FOG REDUCING VISIBILITY
HIGHEST: 93 ON 12 GRTST 24HR 3.15 ON 31-31 TO 1/4 MILE OR LESS
LOWEST: 45 ON 22 3 = THUNDER
SNOW, ICE PELLETS, HAIL 4 = ICE PELLETS
TOTAL MONTH: M 5 = HAIL
GRTST 24HR M ON M 6 = FREEZING RAIN OR DRIZZLE
GRTST DEPTH: M ON M 7 = DUSTSTORM OR SANDSTORM:
VSBY 1/2 MILE OR LESS
8 = SMOKE OR HAZE
[NO. OF DAYS WITH] [WEATHER - DAYS WITH] 9 = BLOWING SNOW
X = TORNADO
MAX 32 OR BELOW: 0 0.01 INCH OR MORE: 10
MAX 90 OR ABOVE: 4 0.10 INCH OR MORE: 7
MIN 32 OR BELOW: 0 0.50 INCH OR MORE: 4
MIN 0 OR BELOW: 0 1.00 INCH OR MORE: 1
[HDD (BASE 65) ]
TOTAL THIS MO. 94 CLEAR (SCALE 0-3) 16
DPTR FM NORMAL 13 PTCLDY (SCALE 4-7) 7
TOTAL FM JUL 1 4315 CLOUDY (SCALE 8-10) 8
DPTR FM NORMAL -295
[CDD (BASE 65) ]
TOTAL THIS MO. 173
DPTR FM NORMAL 39 [PRESSURE DATA]
TOTAL FM JAN 1 193 HIGHEST SLP M ON M
DPTR FM NORMAL 26 LOWEST SLP 29.25 ON 20
[REMARKS]
#FINAL-05-22#