000
CXHW52 PHFO 011250
CF6MKK
PRELIMINARY LOCAL CLIMATOLOGICAL DATA (WS FORM: F-6)
STATION: MOLOKAI HI
MONTH: MAY
YEAR: 2022
LATITUDE: 21 8 N
LONGITUDE: 157 6 W
TEMPERATURE IN F: :PCPN: SNOW: WIND :SUNSHINE: SKY :PK WND
================================================================================
1 2 3 4 5 6A 6B 7 8 9 10 11 12 13 14 15 16 17 18
12Z AVG MX 2MIN
DY MAX MIN AVG DEP HDD CDD WTR SNW DPTH SPD SPD DIR MIN PSBL S-S WX SPD DR
================================================================================
1 81 70 76 1 0 11 T M M 15.5 31 50 M M 6 43 50
2 81 71 76 1 0 11 T M M 15.7 25 50 M M 3 37 40
3 81 71 76 1 0 11 0.01 M M 14.1 26 60 M M 3 35 40
4 81 70 76 1 0 11 T M M 15.8 28 50 M M 4 1 38 60
5 82 70 76 1 0 11 0.01 M M 14.0 26 50 M M 6 18 36 50
6 82 72 77 2 0 12 0.00 M M 15.3 28 50 M M 2 39 50
7 84 71 78 3 0 13 0.01 M M 10.9 24 60 M M 3 34 50
8 85 69 77 2 0 12 0.00 M M 10.7 21 50 M M 2 31 50
9 84 68 76 1 0 11 T M M 12.4 24 50 M M 2 33 30
10 84 71 78 3 0 13 T M M 13.9 23 50 M M 1 32 50
11 83 69 76 1 0 11 0.00 M M 12.6 26 50 M M 1 37 50
12 83 71 77 2 0 12 0.00 M M 13.2 28 50 M M 0 36 50
13 85 69 77 2 0 12 0.00 M M 11.3 23 50 M M 1 30 40
14 83 69 76 0 0 11 0.00 M M 12.1 25 50 M M 1 34 50
15 85 65 75 -1 0 10 0.00 M M 5.2 16 220 M M 3 20 210
16 84 62 73 -3 0 8 0.00 M M 4.2 15 170 M M 2 21 150
17 84 63 74 -2 0 9 T M M 8.1 16 140 M M 3 22 170
18 80 74 77 1 0 12 T M M 13.5 21 150 M M 6 26 140
19 83 75 79 3 0 14 T M M 12.7 24 150 M M 6 1 30 130
20 83 72 78 2 0 13 0.82 M M 5.5 15 360 M M 7 1 22 10
21 85 71 78 2 0 13 0.00 M M 7.8 18 30 M M 2 29 30
22 85 71 78 2 0 13 0.00 M M 10.0 20 50 M M 0 29 40
23 82 70 76 0 0 11 T M M 8.2 17 50 M M 3 23 50
24 83 69 76 0 0 11 0.00 M M 10.7 20 30 M M 1 30 30
25 81 63 72 -4 0 7 0.00 M M 10.7 21 30 M M 0 30 40
26 83 68 76 0 0 11 T M M 11.8 22 50 M M 3 30 30
27 82 72 77 0 0 12 T M M 9.9 23 50 M M 6 27 50
28 82 71 77 0 0 12 0.00 M M 8.4 22 50 M M 7 28 50
29 83 68 76 -1 0 11 T M M 4.9 13 180 M M 5 17 40
30 84 63 74 -3 0 9 T M M 8.4 20 30 M M 1 27 30
31 83 71 77 0 0 12 T M M 11.7 22 30 M M 1 32 40
================================================================================
SM 2571 2149 0 350 0.85 M 339.2 M 91
================================================================================
AV 82.9 69.3 10.9 FASTST M M 3 MAX(MPH)
MISC ----> 31 50 43 50
================================================================================
NOTES:
# LAST OF SEVERAL OCCURRENCES
COLUMN 17 PEAK WIND IN M.P.H.
PRELIMINARY LOCAL CLIMATOLOGICAL DATA (WS FORM: F-6) , PAGE 2
STATION: MOLOKAI HI
MONTH: MAY
YEAR: 2022
LATITUDE: 21 8 N
LONGITUDE: 157 6 W
[TEMPERATURE DATA] [PRECIPITATION DATA] SYMBOLS USED IN COLUMN 16
AVERAGE MONTHLY: 76.1 TOTAL FOR MONTH: 0.85 1 = FOG OR MIST
DPTR FM NORMAL: 0.4 DPTR FM NORMAL: -0.30 2 = FOG REDUCING VISIBILITY
HIGHEST: 85 ON 22,21 GRTST 24HR 0.82 ON 20-20 TO 1/4 MILE OR LESS
LOWEST: 62 ON 16 3 = THUNDER
SNOW, ICE PELLETS, HAIL 4 = ICE PELLETS
TOTAL MONTH: M 5 = HAIL
GRTST 24HR M ON M 6 = FREEZING RAIN OR DRIZZLE
GRTST DEPTH: M ON M 7 = DUSTSTORM OR SANDSTORM:
VSBY 1/2 MILE OR LESS
8 = SMOKE OR HAZE
[NO. OF DAYS WITH] [WEATHER - DAYS WITH] 9 = BLOWING SNOW
X = TORNADO
MAX 32 OR BELOW: 0 0.01 INCH OR MORE: 4
MAX 90 OR ABOVE: 0 0.10 INCH OR MORE: 1
MIN 32 OR BELOW: 0 0.50 INCH OR MORE: 1
MIN 0 OR BELOW: 0 1.00 INCH OR MORE: 0
[HDD (BASE 65) ]
TOTAL THIS MO. 0 CLEAR (SCALE 0-3) 21
DPTR FM NORMAL 0 PTCLDY (SCALE 4-7) 10
TOTAL FM JUL 1 0 CLOUDY (SCALE 8-10) 0
DPTR FM NORMAL 0
[CDD (BASE 65) ]
TOTAL THIS MO. 350
DPTR FM NORMAL 18 [PRESSURE DATA]
TOTAL FM JAN 1 1340 HIGHEST SLP 30.19 ON 7
DPTR FM NORMAL 112 LOWEST SLP 29.94 ON 26
[REMARKS]
#FINAL-05-22#