000
CXHW52 PHFO 011250
CF6MKK
PRELIMINARY LOCAL CLIMATOLOGICAL DATA (WS FORM: F-6)
STATION: MOLOKAI HI
MONTH: SEPTEMBER
YEAR: 2021
LATITUDE: 21 8 N
LONGITUDE: 157 6 W
TEMPERATURE IN F: :PCPN: SNOW: WIND :SUNSHINE: SKY :PK WND
================================================================================
1 2 3 4 5 6A 6B 7 8 9 10 11 12 13 14 15 16 17 18
12Z AVG MX 2MIN
DY MAX MIN AVG DEP HDD CDD WTR SNW DPTH SPD SPD DIR MIN PSBL S-S WX SPD DR
================================================================================
1 88 65 77 -3 0 12 0.00 M M 6.2 16 360 M M 4 21 360
2 85 74 80 0 0 15 T M M 13.2 24 50 M M 3 37 40
3 85 73 79 -1 0 14 T M M 14.1 28 60 M M 4 39 50
4 85 73 79 -1 0 14 0.01 M M 13.3 23 60 M M 4 31 60
5 85 72 79 -1 0 14 T M M 10.8 24 50 M M 3 31 60
6 86 68 77 -3 0 12 0.00 M M 9.9 22 30 M M 2 28 40
7 85 74 80 0 0 15 0.00 M M 12.2 21 40 M M 2 31 40
8 86 74 80 0 0 15 0.00 M M 12.9 25 50 M M 1 8 35 40
9 85 73 79 -1 0 14 0.00 M M 10.3 21 70 M M 2 28 360
10 84 70 77 -3 0 12 T M M 8.8 18 30 M M 3 25 10
11 86 72 79 -1 0 14 0.00 M M 10.2 20 50 M M 4 30 10
12 86 72 79 -1 0 14 T M M 12.8 24 60 M M 4 33 60
13 85 73 79 -1 0 14 0.01 M M 11.5 21 50 M M 4 8 29 50
14 84 69 77 -3 0 12 0.03 M M 9.7 21 60 M M 7 27 60
15 84 69 77 -3 0 12 T M M 8.5 17 30 M M 3 25 10
16 90 70 80 0 0 15 0.00 M M 9.8 21 50 M M 3 28 50
17 83 73 78 -2 0 13 T M M 14.0 25 60 M M 5 35 40
18 84 73 79 -1 0 14 0.02 M M 13.8 26 50 M M 5 36 70
19 86 72 79 -1 0 14 0.01 M M 12.1 25 50 M M 4 34 40
20 86 72 79 -1 0 14 0.00 M M 12.5 23 50 M M 2 34 50
21 88 68 78 -2 0 13 0.00 M M 13.2 29 60 M M 3 36 50
22 86 68 77 -3 0 12 0.00 M M 14.4 26 60 M M 2 37 60
23 85 69 77 -3 0 12 T M M 11.3 24 60 M M 3 36 60
24 83 66 75 -5 0 10 0.01 M M 10.2 21 40 M M 6 1 30 50
25 84 64 74 -6 0 9 0.00 M M 9.4 22 50 M M 3 31 30
26 86 69 78 -2 0 13 T M M 12.3 24 50 M M 3 34 60
27 85 74 80 0 0 15 0.00 M M 13.3 22 40 M M 2 35 40
28 87 72 80 1 0 15 0.00 M M 12.3 24 50 M M 2 35 50
29 87 71 79 0 0 14 T M M 11.2 21 30 M M 2 27 40
30 84 74 79 0 0 14 0.00 M M 10.8 21 30 M M 4 29 40
================================================================================
SM 2563 2126 0 400 0.09 M 345.0 M 99
================================================================================
AV 85.4 70.9 11.5 FASTST M M 3 MAX(MPH)
MISC ----> 29 60 39 50
================================================================================
NOTES:
# LAST OF SEVERAL OCCURRENCES
COLUMN 17 PEAK WIND IN M.P.H.
PRELIMINARY LOCAL CLIMATOLOGICAL DATA (WS FORM: F-6) , PAGE 2
STATION: MOLOKAI HI
MONTH: SEPTEMBER
YEAR: 2021
LATITUDE: 21 8 N
LONGITUDE: 157 6 W
[TEMPERATURE DATA] [PRECIPITATION DATA] SYMBOLS USED IN COLUMN 16
AVERAGE MONTHLY: 78.2 TOTAL FOR MONTH: 0.09 1 = FOG OR MIST
DPTR FM NORMAL: -1.5 DPTR FM NORMAL: -0.90 2 = FOG REDUCING VISIBILITY
HIGHEST: 90 ON 16 GRTST 24HR 0.03 ON 13-14 TO 1/4 MILE OR LESS
LOWEST: 64 ON 25 3 = THUNDER
SNOW, ICE PELLETS, HAIL 4 = ICE PELLETS
TOTAL MONTH: M 5 = HAIL
GRTST 24HR M ON M 6 = FREEZING RAIN OR DRIZZLE
GRTST DEPTH: M ON M 7 = DUSTSTORM OR SANDSTORM:
VSBY 1/2 MILE OR LESS
8 = SMOKE OR HAZE
[NO. OF DAYS WITH] [WEATHER - DAYS WITH] 9 = BLOWING SNOW
X = TORNADO
MAX 32 OR BELOW: 0 0.01 INCH OR MORE: 6
MAX 90 OR ABOVE: 1 0.10 INCH OR MORE: 0
MIN 32 OR BELOW: 0 0.50 INCH OR MORE: 0
MIN 0 OR BELOW: 0 1.00 INCH OR MORE: 0
[HDD (BASE 65) ]
TOTAL THIS MO. 0 CLEAR (SCALE 0-3) 16
DPTR FM NORMAL 0 PTCLDY (SCALE 4-7) 14
TOTAL FM JUL 1 0 CLOUDY (SCALE 8-10) 0
DPTR FM NORMAL 0
[CDD (BASE 65) ]
TOTAL THIS MO. 400
DPTR FM NORMAL -42 [PRESSURE DATA]
TOTAL FM JAN 1 3001 HIGHEST SLP 30.14 ON 26
DPTR FM NORMAL 38 LOWEST SLP 29.92 ON 24
[REMARKS]
#FINAL-09-21#