000
CXUS54 KMEG 012353
CF6MKL
PRELIMINARY LOCAL CLIMATOLOGICAL DATA (WS FORM: F-6)
STATION: JACKSON
MONTH: APRIL
YEAR: 2021
LATITUDE: 35 35 N
LONGITUDE: 88 55 W
TEMPERATURE IN F: :PCPN: SNOW: WIND :SUNSHINE: SKY :PK WND
================================================================================
1 2 3 4 5 6A 6B 7 8 9 10 11 12 13 14 15 16 17 18
12Z AVG MX 2MIN
DY MAX MIN AVG DEP HDD CDD WTR SNW DPTH SPD SPD DIR MIN PSBL S-S WX SPD DR
================================================================================
1 50 33 42 -14 23 0 0.00 M M 10.5 23 10 M M 0 32 350
2 56 31 44 -12 21 0 0.00 M M 3.4 13 110 M M 0 16 110
3 67 29 48 -8 17 0 0.00 M M 3.5 13 190 M M 0 16 210
4 74 35 55 -2 10 0 0.00 M M 3.6 14 280 M M 0 17 270
5 78 40 59 2 6 0 0.00 M M 4.5 16 250 M M 3 20 240
6 80 48 64 7 1 0 0.00 M M 6.9 18 200 M M 2 23 230
7 81 61 71 13 0 6 0.58 M M 10.8 35 250 M M 4 13 44 240
8 72 50 61 3 4 0 0.00 M M 11.4 30 240 M M 1 39 260
9 84 51 68 10 0 3 0.93 M M 8.4 28 270 M M 2 13 40 270
10 71 50 61 3 4 0 0.03 M M 10.9 21 240 M M 6 28 270
11 72 49 61 2 4 0 0.00 M M 11.7 24 270 M M 0 34 270
12 80 53 67 8 0 2 0.00 M M 4.0 12 350 M M 1 16 230
13 75 56 66 7 0 1 0.00 M M 7.3 14 60 M M 2 17 10
14 64 50 57 -3 8 0 0.03 M M 7.8 17 20 M M 6 21 350
15 63 49 56 -4 9 0 0.00 M M 7.4 20 20 M M 2 25 30
16 64 44 54 -6 11 0 0.00 M M 3.0 12 70 M M 4 15 90
17 62 43 53 -7 12 0 0.05 M M 6.2 15 330 M M 9 20 340
18 61 38 50 -11 15 0 0.00 M M 5.1 18 320 M M 4 1 21 310
19 69 37 53 -8 12 0 0.00 M M 3.0 13 280 M M 2 12 17 270
20 74 37 56 -5 9 0 0.03 M M 9.8 30 340 M M 3 1 37 330
21 55 33 44 -18 21 0 T M M 7.1 18 350 M M 4 23 340
22 62 31 47 -15 18 0 0.00 M M 4.0 15 310 M M 0 20 280
23 68 45 57 -5 8 0 0.02 M M 3.9 15 190 M M 7 19 200
24 64 52 58 -4 7 0 0.62 M M 8.8 20 340 M M 10 1 26 320
25 71 41 56 -7 9 0 0.00 M M 2.3 10 360 M M 3 12 14 50
26 79 44 62 -1 3 0 0.00 M M 6.8 16 180 M M 0 1 26 200
27 83 60 72 9 0 7 0.00 M M 10.1 20 200 M M 1 27 200
28 81 69 75 11 0 10 T M M 8.0 16 180 M M 3 24 180
29 73 59 66 2 0 1 0.86 M M 8.3 23 200 M M 7 123 30 210
30 77 50 64 0 1 0 0.00 M M 3.5 14 350 M M 3 12 19 350
================================================================================
SM 2110 1368 233 30 3.15 M 202.0 M 89
================================================================================
AV 70.3 45.6 6.7 FASTST M M 3 MAX(MPH)
MISC ----> 35 250 44 240
================================================================================
NOTES:
# LAST OF SEVERAL OCCURRENCES
COLUMN 17 PEAK WIND IN M.P.H.
PRELIMINARY LOCAL CLIMATOLOGICAL DATA (WS FORM: F-6) , PAGE 2
STATION: JACKSON
MONTH: APRIL
YEAR: 2021
LATITUDE: 35 35 N
LONGITUDE: 88 55 W
[TEMPERATURE DATA] [PRECIPITATION DATA] SYMBOLS USED IN COLUMN 16
AVERAGE MONTHLY: 58.0 TOTAL FOR MONTH: 3.15 1 = FOG OR MIST
DPTR FM NORMAL: -2.0 DPTR FM NORMAL: -1.71 2 = FOG REDUCING VISIBILITY
HIGHEST: 84 ON 9 GRTST 24HR 0.96 ON 9-10 TO 1/4 MILE OR LESS
LOWEST: 29 ON 3 3 = THUNDER
SNOW, ICE PELLETS, HAIL 4 = ICE PELLETS
TOTAL MONTH: M 5 = HAIL
GRTST 24HR M ON M 6 = FREEZING RAIN OR DRIZZLE
GRTST DEPTH: M ON M 7 = DUSTSTORM OR SANDSTORM:
VSBY 1/2 MILE OR LESS
8 = SMOKE OR HAZE
[NO. OF DAYS WITH] [WEATHER - DAYS WITH] 9 = BLOWING SNOW
X = TORNADO
MAX 32 OR BELOW: 0 0.01 INCH OR MORE: 9
MAX 90 OR ABOVE: 0 0.10 INCH OR MORE: 4
MIN 32 OR BELOW: 3 0.50 INCH OR MORE: 4
MIN 0 OR BELOW: 0 1.00 INCH OR MORE: 0
[HDD (BASE 65) ]
TOTAL THIS MO. 233 CLEAR (SCALE 0-3) 20
DPTR FM NORMAL 35 PTCLDY (SCALE 4-7) 8
TOTAL FM JUL 1 3489 CLOUDY (SCALE 8-10) 2
DPTR FM NORMAL -36
[CDD (BASE 65) ]
TOTAL THIS MO. 30
DPTR FM NORMAL -18 [PRESSURE DATA]
TOTAL FM JAN 1 34 HIGHEST SLP 30.57 ON 2
DPTR FM NORMAL -25 LOWEST SLP 29.56 ON 10
[REMARKS]
#FINAL-04-21#