000
CXUS53 KMPX 012135
CF6MKT
PRELIMINARY LOCAL CLIMATOLOGICAL DATA (WS FORM: F-6)
STATION: MANKATO MN
MONTH: APRIL
YEAR: 2023
LATITUDE: 44 13 N
LONGITUDE: 93 55 W
TEMPERATURE IN F: :PCPN: SNOW: WIND :SUNSHINE: SKY :PK WND
================================================================================
1 2 3 4 5 6A 6B 7 8 9 10 11 12 13 14 15 16 17 18
12Z AVG MX 2MIN
DY MAX MIN AVG DEP HDD CDD WTR SNW DPTH SPD SPD DIR MIN PSBL S-S WX SPD DR
================================================================================
1 35 25 30 -9 35 0 1.14 M M 14.6 31 350 M M 3 1 40 350
2 54 28 41 1 24 0 T M M 15.6 25 270 M M 2 38 270
3 39 32 36 -4 29 0 0.00 M M 9.4 17 320 M M 6 M M
4 38 33 36 -5 29 0 0.00 M M 14.0 22 80 M M 10 1 31 80
5 36 25 31 -10 34 0 0.09 M M 21.1 31 270 M M 10 1 43 270
6 39 22 31 -11 34 0 0.00 M M 12.6 20 270 M M 1 24 290
7 54 28 41 -1 24 0 0.00 M M 11.1 16 120 M M 3 21 120
8 68 36 52 9 13 0 0.00 M M 12.5 20 160 M M 1 28 160
9 68 45 57 14 8 0 T M M 10.3 17 210 M M 5 23 190
10 71 43 57 13 8 0 0.00 M M 5.5 8 170 M M 0 M M
11 81 47 64 20 1 0 0.00 M M 12.5 25 230 M M 0 29 230
12 90 58 74 29 0 9 0.00 M M 18.1 29 220 M M 0 35 220
13 87 56 72 27 0 7 0.00 M M 16.8 29 180 M M 0 45 220
14 85 45 65 19 0 0 0.02 M M 14.5 23 200 M M 3 33 190
15 45 32 39 -7 26 0 0.06 M M 15.9 22 320 M M 10 1 30 310
16 35 30 33 -14 32 0 0.28 M M 18.7 28 330 M M 10 1 39 320
17 49 32 41 -6 24 0 0.00 M M 18.2 25 310 M M 0 38 300
18 57 30 44 -4 21 0 0.00 M M 10.0 18 110 M M 0 1 18 100
19 51 39 45 -3 20 0 0.61 M M 17.9 28 120 M M 8 1 36 120
20 41 35 38 -10 27 0 0.30 M M 13.5 41 90 M M 9 1 48 80
21 39 31 35 -14 30 0 0.35 M M 15.8 21 250 M M 10 18 30 260
22 36 30 33 -16 32 0 0.00 M M 15.0 21 330 M M 10 1 30 320
23 43 28 36 -14 29 0 0.00 M M 8.9 17 290 M M 6 22 290
24 49 31 40 -10 25 0 0.00 M M 7.1 10 30 M M 6 M M
25 50 33 42 -9 23 0 0.00 M M 9.1 16 60 M M 0 21 60
26 58 33 46 -5 19 0 T M M 10.4 18 180 M M 3 24 180
27 71 49 60 8 5 0 T M M 12.5 21 180 M M 8 31 190
28 52 40 46 -6 19 0 0.05 M M 9.9 20 360 M M 8 1 M M
29 54 37 46 -6 19 0 0.02 M M 12.9 22 310 M M 6 1 32 330
30 54 37 46 -7 19 0 0.00 M M 23.1 33 320 M M 7 46 330
================================================================================
SM 1629 1070 609 16 2.92 M 407.5 M 145
================================================================================
AV 54.3 35.7 13.6 FASTST M M 5 MAX(MPH)
MISC ----> 41 90 48 80
================================================================================
NOTES:
# LAST OF SEVERAL OCCURRENCES
COLUMN 17 PEAK WIND IN M.P.H.
PRELIMINARY LOCAL CLIMATOLOGICAL DATA (WS FORM: F-6) , PAGE 2
STATION: MANKATO MN
MONTH: APRIL
YEAR: 2023
LATITUDE: 44 13 N
LONGITUDE: 93 55 W
[TEMPERATURE DATA] [PRECIPITATION DATA] SYMBOLS USED IN COLUMN 16
AVERAGE MONTHLY: 45.0 TOTAL FOR MONTH: 2.92 1 = FOG OR MIST
DPTR FM NORMAL: -1.2 DPTR FM NORMAL: -0.14 2 = FOG REDUCING VISIBILITY
HIGHEST: 90 ON 12 GRTST 24HR 1.14 ON 1- 1 TO 1/4 MILE OR LESS
LOWEST: 22 ON 6 3 = THUNDER
SNOW, ICE PELLETS, HAIL 4 = ICE PELLETS
TOTAL MONTH: M 5 = HAIL
GRTST 24HR M ON M 6 = FREEZING RAIN OR DRIZZLE
GRTST DEPTH: M ON M 7 = DUSTSTORM OR SANDSTORM:
VSBY 1/2 MILE OR LESS
8 = SMOKE OR HAZE
[NO. OF DAYS WITH] [WEATHER - DAYS WITH] 9 = BLOWING SNOW
X = TORNADO
MAX 32 OR BELOW: 0 0.01 INCH OR MORE: 10
MAX 90 OR ABOVE: 1 0.10 INCH OR MORE: 5
MIN 32 OR BELOW: 14 0.50 INCH OR MORE: 2
MIN 0 OR BELOW: 0 1.00 INCH OR MORE: 1
[HDD (BASE 65) ]
TOTAL THIS MO. 609 CLEAR (SCALE 0-3) 14
DPTR FM NORMAL 42 PTCLDY (SCALE 4-7) 9
TOTAL FM JUL 1 7520 CLOUDY (SCALE 8-10) 7
DPTR FM NORMAL -1
[CDD (BASE 65) ]
TOTAL THIS MO. 16
DPTR FM NORMAL 11 [PRESSURE DATA]
TOTAL FM JAN 1 16 HIGHEST SLP M ON M
DPTR FM NORMAL 11 LOWEST SLP M ON M
[REMARKS]
#FINAL-04-23#
THE PRECIPITATION VALUES ON APRIL 1ST THROUGH 5TH...
16TH...AND 19TH THROUGH 21ST ARE FROM COCORAHS
STATION MN-BU-23 WITH AN OBSERVATION TIME OF 7 AM.