000
CXUS56 KPQR 011612
CF6MMV
PRELIMINARY LOCAL CLIMATOLOGICAL DATA (WS FORM: F-6)
STATION: MCMINNVILLE OR
MONTH: MARCH
YEAR: 2022
LATITUDE: 45 11 N
LONGITUDE: 123 8 W
TEMPERATURE IN F: :PCPN: SNOW: WIND :SUNSHINE: SKY :PK WND
================================================================================
1 2 3 4 5 6A 6B 7 8 9 10 11 12 13 14 15 16 17 18
12Z AVG MX 2MIN
DY MAX MIN AVG DEP HDD CDD WTR SNW DPTH SPD SPD DIR MIN PSBL S-S WX SPD DR
================================================================================
1 58 51 55 10 10 0 0.43 M M 4.5 14 200 M M 10 1 18 200
2 53 47 50 5 15 0 0.34 M M 4.2 9 240 M M 10 12 11 240
3 53 37 45 0 20 0 0.06 M M 4.1 13 300 M M 6 1 17 300
4 52 34 43 -2 22 0 0.01 M M 5.2 16 340 M M 5 21 340
5 57 30 44 -1 21 0 0.00 M M 3.3 16 360 M M 1 1 20 10
6 52 29 41 -4 24 0 0.00 M M 1.9 7 110 M M 4 128 9 90
7 54 31 43 -2 22 0 0.00 M M 2.6 9 340 M M 4 128 12 340
8 55 36 46 0 19 0 0.00 M M 9.4 17 260 M M 8 22 260
9 52 32 42 -4 23 0 0.11 M M 8.0 16 40 M M 6 18 20 40
10 50 27 39 -7 26 0 0.00 M M 3.1 8 80 M M 2 12 90
11 61 28 45 -1 20 0 0.00 M M 2.5 10 250 M M 0 12 230
12 56 29 43 -3 22 0 0.28 M M 7.2 22 210 M M 4 1 28 200
13 52 42 47 1 18 0 0.60 M M 13.5 24 170 M M 10 1 31 180
14 53 44 49 3 16 0 0.35 M M 3.3 12 190 M M 10 1 15 190
15 57 40 49 3 16 0 0.13 M M 9.2 22 240 M M 6 1 29 230
16 56 37 47 1 18 0 0.00 M M 2.8 10 160 M M 4 13 160
17 52 36 44 -3 21 0 T M M 4.5 16 190 M M 6 1 20 210
18 55 45 50 3 15 0 T M M 5.4 16 200 M M 8 23 200
19 54 36 45 -2 20 0 0.09 M M 8.3 22 300 M M 6 1 27 310
20 49 35 42 -5 23 0 0.04 M M 5.2 15 200 M M 9 1 19 190
21 51 43 47 0 18 0 0.29 M M 6.2 15 170 M M 10 1 19 170
22 67 50 59 12 6 0 0.01 M M 3.5 10 330 M M 7 1 12 330
23 60 39 50 3 15 0 0.01 M M 6.3 18 250 M M 6 12 22 250
24 62 33 48 1 17 0 0.00 M M 4.4 12 340 M M 0 1 14 340
25 62 40 51 4 14 0 0.00 M M 3.6 12 200 M M 2 14 220
26 64 47 56 9 9 0 T M M 3.5 10 340 M M 5 14 340
27 67 45 56 8 9 0 0.00 M M 2.5 13 220 M M 2 12 19 10
28 58 43 51 3 14 0 0.16 M M 4.8 10 240 M M 8 1 13 230
29 61 41 51 3 14 0 0.00 M M 5.8 20 240 M M 6 26 240
30 57 39 48 0 17 0 T M M 7.3 17 260 M M 6 21 260
31 55 37 46 -2 19 0 T M M 2.9 13 320 M M 7 16 310
================================================================================
SM 1745 1183 543 0 2.91 M 159.0 M 178
================================================================================
AV 56.3 38.2 5.1 FASTST M M 6 MAX(MPH)
MISC ----> 24 170 31 180
================================================================================
NOTES:
# LAST OF SEVERAL OCCURRENCES
COLUMN 17 PEAK WIND IN M.P.H.
PRELIMINARY LOCAL CLIMATOLOGICAL DATA (WS FORM: F-6) , PAGE 2
STATION: MCMINNVILLE OR
MONTH: MARCH
YEAR: 2022
LATITUDE: 45 11 N
LONGITUDE: 123 8 W
[TEMPERATURE DATA] [PRECIPITATION DATA] SYMBOLS USED IN COLUMN 16
AVERAGE MONTHLY: 47.2 TOTAL FOR MONTH: 2.91 1 = FOG OR MIST
DPTR FM NORMAL: 0.8 DPTR FM NORMAL: -1.26 2 = FOG REDUCING VISIBILITY
HIGHEST: 67 ON 27,22 GRTST 24HR 0.84 ON 12-13 TO 1/4 MILE OR LESS
LOWEST: 27 ON 10 3 = THUNDER
SNOW, ICE PELLETS, HAIL 4 = ICE PELLETS
TOTAL MONTH: M 5 = HAIL
GRTST 24HR M ON M 6 = FREEZING RAIN OR DRIZZLE
GRTST DEPTH: M ON M 7 = DUSTSTORM OR SANDSTORM:
VSBY 1/2 MILE OR LESS
8 = SMOKE OR HAZE
[NO. OF DAYS WITH] [WEATHER - DAYS WITH] 9 = BLOWING SNOW
X = TORNADO
MAX 32 OR BELOW: 0 0.01 INCH OR MORE: 15
MAX 90 OR ABOVE: 0 0.10 INCH OR MORE: 9
MIN 32 OR BELOW: 7 0.50 INCH OR MORE: 1
MIN 0 OR BELOW: 0 1.00 INCH OR MORE: 0
[HDD (BASE 65) ]
TOTAL THIS MO. 543 CLEAR (SCALE 0-3) 6
DPTR FM NORMAL -34 PTCLDY (SCALE 4-7) 17
TOTAL FM JUL 1 3587 CLOUDY (SCALE 8-10) 8
DPTR FM NORMAL -230
[CDD (BASE 65) ]
TOTAL THIS MO. 0
DPTR FM NORMAL 0 [PRESSURE DATA]
TOTAL FM JAN 1 0 HIGHEST SLP 30.58 ON 7
DPTR FM NORMAL 0 LOWEST SLP 29.59 ON 27
[REMARKS]
#FINAL-03-22#