000
CXUS56 KPQR 011155
CF6MMV
PRELIMINARY LOCAL CLIMATOLOGICAL DATA (WS FORM: F-6)
STATION: MCMINNVILLE OR
MONTH: NOVEMBER
YEAR: 2021
LATITUDE: 45 11 N
LONGITUDE: 123 8 W
TEMPERATURE IN F: :PCPN: SNOW: WIND :SUNSHINE: SKY :PK WND
================================================================================
1 2 3 4 5 6A 6B 7 8 9 10 11 12 13 14 15 16 17 18
12Z AVG MX 2MIN
DY MAX MIN AVG DEP HDD CDD WTR SNW DPTH SPD SPD DIR MIN PSBL S-S WX SPD DR
================================================================================
1 51 46 49 1 16 0 0.19 M M 5.7 12 340 M M 9 1 15 350
2 53 48 51 3 14 0 0.09 M M 3.3 10 350 M M 10 1 12 350
3 57 45 51 3 14 0 0.57 M M 4.0 13 250 M M 10 128 18 330
4 60 50 55 7 10 0 0.38 M M 11.7 28 170 M M 10 1 39 190
5 57 44 51 3 14 0 0.12 M M 7.4 24 210 M M 6 1 31 210
6 51 39 45 -2 20 0 0.73 M M 9.8 24 210 M M 7 1 36 220
7 51 38 45 -2 20 0 0.50 M M 7.2 22 180 M M 8 1 29 190
8 53 35 44 -3 21 0 0.13 M M 3.4 12 230 M M 7 12 13 240
9 54 43 49 2 16 0 0.20 M M 10.5 26 240 M M 8 1 34 170
10 55 42 49 3 16 0 0.45 M M 2.0 10 140 M M 8 1 13 140
11 63 50 57 11 8 0 1.48 M M 7.2 21 190 M M 10 1 28 180
12 62 50 56 10 9 0 1.61 M M 6.9 16 190 M M 9 1 22 200
13 61 44 53 7 12 0 0.00 M M 3.5 16 200 M M 8 12 20 200
14 65 59 62 16 3 0 0.01 M M 11.8 22 180 M M 8 25 200
15 61 37 49 4 16 0 0.27 M M 11.3 24 260 M M 4 1 31 190
16 51 34 43 -2 22 0 0.01 M M 3.2 9 350 M M 4 18 11 350
17 54 35 45 0 20 0 0.00 M M 8.9 13 350 M M 0 17 350
18 51 41 46 1 19 0 0.23 M M 2.3 10 350 M M 10 1 11 350
19 56 38 47 3 18 0 0.12 M M 9.2 23 190 M M 7 1 31 190
20 53 31 42 -2 23 0 0.00 M M 2.3 10 360 M M 6 1 13 340
21 42 28 35 -9 30 0 0.00 M M 1.7 6 120 M M 8 12 9 140
22 41 34 38 -6 27 0 0.20 M M 0.9 8 110 M M 10 12 9 170
23 53 33 43 -1 22 0 0.07 M M 6.4 21 220 M M 6 1 24 240
24 43 32 38 -5 27 0 0.00 M M 1.4 6 120 M M 9 12 11 290
25 52 38 45 2 20 0 0.07 M M 4.3 17 160 M M 7 12 23 150
26 54 47 51 8 14 0 0.07 M M 4.8 16 170 M M 10 1 20 170
27 61 50 56 13 9 0 0.27 M M 3.4 18 190 M M 10 12 22 190
28 62 48 55 12 10 0 0.00 M M 5.5 16 210 M M 6 1 19 210
29 60 47 54 12 11 0 0.19 M M 3.2 12 140 M M 10 12 13 150
30 60 49 55 13 10 0 T M M 6.8 14 190 M M 5 12 18 200
================================================================================
SM 1647 1255 491 0 7.96 M 170.0 M 230
================================================================================
AV 54.9 41.8 5.7 FASTST M M 8 MAX(MPH)
MISC ----> 28 170 39 190
================================================================================
NOTES:
# LAST OF SEVERAL OCCURRENCES
COLUMN 17 PEAK WIND IN M.P.H.
PRELIMINARY LOCAL CLIMATOLOGICAL DATA (WS FORM: F-6) , PAGE 2
STATION: MCMINNVILLE OR
MONTH: NOVEMBER
YEAR: 2021
LATITUDE: 45 11 N
LONGITUDE: 123 8 W
[TEMPERATURE DATA] [PRECIPITATION DATA] SYMBOLS USED IN COLUMN 16
AVERAGE MONTHLY: 48.4 TOTAL FOR MONTH: 7.96 1 = FOG OR MIST
DPTR FM NORMAL: 3.1 DPTR FM NORMAL: 2.22 2 = FOG REDUCING VISIBILITY
HIGHEST: 65 ON 14 GRTST 24HR 2.31 ON 11-12 TO 1/4 MILE OR LESS
LOWEST: 28 ON 21 3 = THUNDER
SNOW, ICE PELLETS, HAIL 4 = ICE PELLETS
TOTAL MONTH: M 5 = HAIL
GRTST 24HR M ON M 6 = FREEZING RAIN OR DRIZZLE
GRTST DEPTH: M ON M 7 = DUSTSTORM OR SANDSTORM:
VSBY 1/2 MILE OR LESS
8 = SMOKE OR HAZE
[NO. OF DAYS WITH] [WEATHER - DAYS WITH] 9 = BLOWING SNOW
X = TORNADO
MAX 32 OR BELOW: 0 0.01 INCH OR MORE: 23
MAX 90 OR ABOVE: 0 0.10 INCH OR MORE: 17
MIN 32 OR BELOW: 3 0.50 INCH OR MORE: 5
MIN 0 OR BELOW: 0 1.00 INCH OR MORE: 2
[HDD (BASE 65) ]
TOTAL THIS MO. 491 CLEAR (SCALE 0-3) 1
DPTR FM NORMAL -101 PTCLDY (SCALE 4-7) 15
TOTAL FM JUL 1 968 CLOUDY (SCALE 8-10) 14
DPTR FM NORMAL -165
[CDD (BASE 65) ]
TOTAL THIS MO. 0
DPTR FM NORMAL 0 [PRESSURE DATA]
TOTAL FM JAN 1 564 HIGHEST SLP 30.51 ON 20
DPTR FM NORMAL 280 LOWEST SLP 29.48 ON 9
[REMARKS]
#FINAL-11-21#